{"id":967,"date":"2016-04-22T13:34:50","date_gmt":"2016-04-22T13:34:50","guid":{"rendered":"http:\/\/wegetcreative.co.uk\/crf\/?page_id=967&#038;lang=fr"},"modified":"2016-04-22T13:34:50","modified_gmt":"2016-04-22T13:34:50","slug":"trevelez","status":"publish","type":"page","link":"https:\/\/www.cortijosreyfini.com\/fr\/things-to-do\/local-villages\/trevelez\/","title":{"rendered":"Trevelez"},"content":{"rendered":"<div class=\"par_con\">\n<figure id=\"attachment_398\" aria-describedby=\"caption-attachment-398\" style=\"width: 437px\" class=\"wp-caption alignnone\"><img loading=\"lazy\" class=\"size-medium wp-image-398\" src=\"http:\/\/www.cortijosreyfini.com\/wp-content\/uploads\/2016\/04\/8-Winter-view-of-Trevelez-437x437.jpg\" alt=\"Winter view of Trevelez\" width=\"437\" height=\"437\" srcset=\"https:\/\/www.cortijosreyfini.com\/wp-content\/uploads\/2016\/04\/8-Winter-view-of-Trevelez-437x437.jpg 437w, https:\/\/www.cortijosreyfini.com\/wp-content\/uploads\/2016\/04\/8-Winter-view-of-Trevelez-150x150.jpg 150w\" sizes=\"( max-width: 768px ) 100vw, ( min-width: 768px ) and ( max-width: 992px ) 50vw, 437px\" \/><figcaption id=\"caption-attachment-398\" class=\"wp-caption-text\">Winter view of Trevelez<\/figcaption><\/figure>\n<p>Trevelez, \u00e0 4km des gites en tournant \u00e0 gauche au sortir du chemin, passe pour \u00eatre le plus haut village d&rsquo;Espagne (1486m).\u00a0C\u2019est le centre Espagnol d\u2019affinage du <em>Jamon,&#8230; <\/em>que vous<em>\u00a0<\/em>sentirez partout dans le village ! Un jambon ici co\u00fbte environ 50\u20ac.\u00a0La vall\u00e9e, similaire \u00e0 celle de Poqueira, est travers\u00e9e par le Rio Trevelez.<\/p>\n<figure id=\"attachment_396\" aria-describedby=\"caption-attachment-396\" style=\"width: 437px\" class=\"wp-caption alignnone\"><img loading=\"lazy\" class=\"size-medium wp-image-396\" src=\"http:\/\/www.cortijosreyfini.com\/wp-content\/uploads\/2016\/04\/6-Cutting-Jamon-in-Trevelez-437x437.jpg\" alt=\"Cutting Jamon in Trevelez\" width=\"437\" height=\"437\" srcset=\"https:\/\/www.cortijosreyfini.com\/wp-content\/uploads\/2016\/04\/6-Cutting-Jamon-in-Trevelez-437x437.jpg 437w, https:\/\/www.cortijosreyfini.com\/wp-content\/uploads\/2016\/04\/6-Cutting-Jamon-in-Trevelez-150x150.jpg 150w\" sizes=\"( max-width: 768px ) 100vw, ( min-width: 768px ) and ( max-width: 992px ) 50vw, 437px\" \/><figcaption id=\"caption-attachment-396\" class=\"wp-caption-text\">Cutting Jamon in Trevelez<\/figcaption><\/figure>\n<p>En plus du fameux jambon Serrano, vous pouvez acheter des truites de rivi\u00e8res et une grande vari\u00e9t\u00e9 de fruits et l\u00e9gumes locaux.\u00a0En \u00e9t\u00e9, toute la r\u00e9gion cultive des tomates cerises, qui, souvent, se retrouvent sur les supermarch\u00e9s d\u2019Europe.<\/p>\n<figure id=\"attachment_397\" aria-describedby=\"caption-attachment-397\" style=\"width: 437px\" class=\"wp-caption alignnone\"><img loading=\"lazy\" class=\"size-medium wp-image-397\" src=\"http:\/\/www.cortijosreyfini.com\/wp-content\/uploads\/2016\/04\/7-Tienda-Maruja-one-of-the-main-Jamon-stores-which-also-has-an-exhibition-and-video-about-history-of-Jamon-in-Trevelez-437x437.jpg\" alt=\"Tienda Maruja one of the main Jamon stores which also has an exhibition and video about history of Jamon in Trevelez\" width=\"437\" height=\"437\" srcset=\"https:\/\/www.cortijosreyfini.com\/wp-content\/uploads\/2016\/04\/7-Tienda-Maruja-one-of-the-main-Jamon-stores-which-also-has-an-exhibition-and-video-about-history-of-Jamon-in-Trevelez-437x437.jpg 437w, https:\/\/www.cortijosreyfini.com\/wp-content\/uploads\/2016\/04\/7-Tienda-Maruja-one-of-the-main-Jamon-stores-which-also-has-an-exhibition-and-video-about-history-of-Jamon-in-Trevelez-150x150.jpg 150w\" sizes=\"( max-width: 768px ) 100vw, ( min-width: 768px ) and ( max-width: 992px ) 50vw, 437px\" \/><figcaption id=\"caption-attachment-397\" class=\"wp-caption-text\">Tienda Maruja one of the main Jamon stores which also has an exhibition and video about history of Jamon in Trevelez<\/figcaption><\/figure>\n<p>Trevelez est divis\u00e9 en trois sections: basse, moyenne et haute.\u00a0Les touristes vont principalement \u00e0 la partie inf\u00e9rieure, mais il y a de bons restaurants proposant des menus bon march\u00e9 et une bonne pizzeria dans les parties moyennes et hautes.\u00a0Plus vous montez plus le caract\u00e8re traditionnel du village retrouve sa place.<\/p>\n<figure id=\"attachment_394\" aria-describedby=\"caption-attachment-394\" style=\"width: 437px\" class=\"wp-caption alignnone\"><img loading=\"lazy\" class=\"size-medium wp-image-394\" src=\"http:\/\/www.cortijosreyfini.com\/wp-content\/uploads\/2016\/04\/4-The-highest-bar-at-Barrio-Alto-in-Trevelez-437x437.jpg\" alt=\"The highest bar at Barrio Alto in Trevelez\" width=\"437\" height=\"437\" srcset=\"https:\/\/www.cortijosreyfini.com\/wp-content\/uploads\/2016\/04\/4-The-highest-bar-at-Barrio-Alto-in-Trevelez-437x437.jpg 437w, https:\/\/www.cortijosreyfini.com\/wp-content\/uploads\/2016\/04\/4-The-highest-bar-at-Barrio-Alto-in-Trevelez-150x150.jpg 150w\" sizes=\"( max-width: 768px ) 100vw, ( min-width: 768px ) and ( max-width: 992px ) 50vw, 437px\" \/><figcaption id=\"caption-attachment-394\" class=\"wp-caption-text\">The highest bar at Barrio Alto in Trevelez<\/figcaption><\/figure>\n<div class=\"par_con\">\n<p>Pour vous rendre \u00e0 la partie haute, soit vous garez votre voiture dans la partie basse et vous marchez jusqu\u2019en haut, ou, avant d&rsquo;atteindre Trevelez, vous prenez \u00e0 gauche \u00e0 l\u2019intersection qui vous emm\u00e8ne \u00e0 la partie m\u00e9diane.\u00a0Il y a une superette, plusieurs bouchers et vous pouvez acheter du pain dans un des caf\u00e9s ou\u00a0<em>panaderia.<\/em>\u00a0Si vous voulez acheter un jambon, c\u2019est ici !\u00a0Le meilleur est souvent le plus cher, comme le whisky.<\/p>\n<\/div>\n<div class=\"par_con\">\n<p>Trevelez est \u00e9galement l&rsquo;un des principaux points de d\u00e9part pour des promenades \u00e0 Siete Lagunas et Mulhacen.\u00a0(Pour plus de d\u00e9tails consultez la section \u201cbalades randonn\u00e9es\u201d).<\/p>\n<\/div>\n<\/div>\n","protected":false},"excerpt":{"rendered":"<p>Trevelez, \u00e0 4km des gites en tournant \u00e0 gauche au sortir du chemin, passe pour \u00eatre le plus haut village d&rsquo;Espagne (1486m).\u00a0C\u2019est le centre Espagnol d\u2019affinage du Jamon,&#8230; que vous\u00a0sentirez partout dans le village ! Un jambon ici co\u00fbte environ 50\u20ac.\u00a0La vall\u00e9e, similaire \u00e0 celle de Poqueira, est travers\u00e9e par le Rio Trevelez. En plus &hellip; <a href=\"https:\/\/www.cortijosreyfini.com\/fr\/things-to-do\/local-villages\/trevelez\/\" class=\"more-link\">Continue reading <span class=\"screen-reader-text\">Trevelez<\/span><\/a><\/p>\n","protected":false},"author":1,"featured_media":0,"parent":852,"menu_order":0,"comment_status":"closed","ping_status":"closed","template":"","meta":{"om_disable_all_campaigns":false,"_monsterinsights_skip_tracking":false,"_monsterinsights_sitenote_active":false,"_monsterinsights_sitenote_note":"","_monsterinsights_sitenote_category":0},"acf":[],"aioseo_notices":[],"_links":{"self":[{"href":"https:\/\/www.cortijosreyfini.com\/fr\/wp-json\/wp\/v2\/pages\/967"}],"collection":[{"href":"https:\/\/www.cortijosreyfini.com\/fr\/wp-json\/wp\/v2\/pages"}],"about":[{"href":"https:\/\/www.cortijosreyfini.com\/fr\/wp-json\/wp\/v2\/types\/page"}],"author":[{"embeddable":true,"href":"https:\/\/www.cortijosreyfini.com\/fr\/wp-json\/wp\/v2\/users\/1"}],"replies":[{"embeddable":true,"href":"https:\/\/www.cortijosreyfini.com\/fr\/wp-json\/wp\/v2\/comments?post=967"}],"version-history":[{"count":1,"href":"https:\/\/www.cortijosreyfini.com\/fr\/wp-json\/wp\/v2\/pages\/967\/revisions"}],"predecessor-version":[{"id":968,"href":"https:\/\/www.cortijosreyfini.com\/fr\/wp-json\/wp\/v2\/pages\/967\/revisions\/968"}],"up":[{"embeddable":true,"href":"https:\/\/www.cortijosreyfini.com\/fr\/wp-json\/wp\/v2\/pages\/852"}],"wp:attachment":[{"href":"https:\/\/www.cortijosreyfini.com\/fr\/wp-json\/wp\/v2\/media?parent=967"}],"curies":[{"name":"wp","href":"https:\/\/api.w.org\/{rel}","templated":true}]}}

<div class="par_con">
<figure id="attachment_398" aria-describedby="caption-attachment-398" style="width: 437px" class="wp-caption alignnone"><img loading="lazy" class="size-medium wp-image-398" src="http://www.cortijosreyfini.com/wp-content/uploads/2016/04/8-Winter-view-of-Trevelez-437x437.jpg" alt="Winter view of Trevelez" width="437" height="437" srcset="https://www.cortijosreyfini.com/wp-content/uploads/2016/04/8-Winter-view-of-Trevelez-437x437.jpg 437w, https://www.cortijosreyfini.com/wp-content/uploads/2016/04/8-Winter-view-of-Trevelez-150x150.jpg 150w" sizes="( max-width: 768px ) 100vw, ( min-width: 768px ) and ( max-width: 992px ) 50vw, 437px" /><figcaption id="caption-attachment-398" class="wp-caption-text">Winter view of Trevelez</figcaption></figure>
<p>Trevelez, à 4km des gites en tournant à gauche au sortir du chemin, passe pour être le plus haut village d&rsquo;Espagne (1486m). C’est le centre Espagnol d’affinage du <em>Jamon,&#8230; </em>que vous<em> </em>sentirez partout dans le village ! Un jambon ici coûte environ 50€. La vallée, similaire à celle de Poqueira, est traversée par le Rio Trevelez.</p>
<figure id="attachment_396" aria-describedby="caption-attachment-396" style="width: 437px" class="wp-caption alignnone"><img loading="lazy" class="size-medium wp-image-396" src="http://www.cortijosreyfini.com/wp-content/uploads/2016/04/6-Cutting-Jamon-in-Trevelez-437x437.jpg" alt="Cutting Jamon in Trevelez" width="437" height="437" srcset="https://www.cortijosreyfini.com/wp-content/uploads/2016/04/6-Cutting-Jamon-in-Trevelez-437x437.jpg 437w, https://www.cortijosreyfini.com/wp-content/uploads/2016/04/6-Cutting-Jamon-in-Trevelez-150x150.jpg 150w" sizes="( max-width: 768px ) 100vw, ( min-width: 768px ) and ( max-width: 992px ) 50vw, 437px" /><figcaption id="caption-attachment-396" class="wp-caption-text">Cutting Jamon in Trevelez</figcaption></figure>
<p>En plus du fameux jambon Serrano, vous pouvez acheter des truites de rivières et une grande variété de fruits et légumes locaux. En été, toute la région cultive des tomates cerises, qui, souvent, se retrouvent sur les supermarchés d’Europe.</p>
<figure id="attachment_397" aria-describedby="caption-attachment-397" style="width: 437px" class="wp-caption alignnone"><img loading="lazy" class="size-medium wp-image-397" src="http://www.cortijosreyfini.com/wp-content/uploads/2016/04/7-Tienda-Maruja-one-of-the-main-Jamon-stores-which-also-has-an-exhibition-and-video-about-history-of-Jamon-in-Trevelez-437x437.jpg" alt="Tienda Maruja one of the main Jamon stores which also has an exhibition and video about history of Jamon in Trevelez" width="437" height="437" srcset="https://www.cortijosreyfini.com/wp-content/uploads/2016/04/7-Tienda-Maruja-one-of-the-main-Jamon-stores-which-also-has-an-exhibition-and-video-about-history-of-Jamon-in-Trevelez-437x437.jpg 437w, https://www.cortijosreyfini.com/wp-content/uploads/2016/04/7-Tienda-Maruja-one-of-the-main-Jamon-stores-which-also-has-an-exhibition-and-video-about-history-of-Jamon-in-Trevelez-150x150.jpg 150w" sizes="( max-width: 768px ) 100vw, ( min-width: 768px ) and ( max-width: 992px ) 50vw, 437px" /><figcaption id="caption-attachment-397" class="wp-caption-text">Tienda Maruja one of the main Jamon stores which also has an exhibition and video about history of Jamon in Trevelez</figcaption></figure>
<p>Trevelez est divisé en trois sections: basse, moyenne et haute. Les touristes vont principalement à la partie inférieure, mais il y a de bons restaurants proposant des menus bon marché et une bonne pizzeria dans les parties moyennes et hautes. Plus vous montez plus le caractère traditionnel du village retrouve sa place.</p>
<figure id="attachment_394" aria-describedby="caption-attachment-394" style="width: 437px" class="wp-caption alignnone"><img loading="lazy" class="size-medium wp-image-394" src="http://www.cortijosreyfini.com/wp-content/uploads/2016/04/4-The-highest-bar-at-Barrio-Alto-in-Trevelez-437x437.jpg" alt="The highest bar at Barrio Alto in Trevelez" width="437" height="437" srcset="https://www.cortijosreyfini.com/wp-content/uploads/2016/04/4-The-highest-bar-at-Barrio-Alto-in-Trevelez-437x437.jpg 437w, https://www.cortijosreyfini.com/wp-content/uploads/2016/04/4-The-highest-bar-at-Barrio-Alto-in-Trevelez-150x150.jpg 150w" sizes="( max-width: 768px ) 100vw, ( min-width: 768px ) and ( max-width: 992px ) 50vw, 437px" /><figcaption id="caption-attachment-394" class="wp-caption-text">The highest bar at Barrio Alto in Trevelez</figcaption></figure>
<div class="par_con">
<p>Pour vous rendre à la partie haute, soit vous garez votre voiture dans la partie basse et vous marchez jusqu’en haut, ou, avant d&rsquo;atteindre Trevelez, vous prenez à gauche à l’intersection qui vous emmène à la partie médiane. Il y a une superette, plusieurs bouchers et vous pouvez acheter du pain dans un des cafés ou <em>panaderia.</em> Si vous voulez acheter un jambon, c’est ici ! Le meilleur est souvent le plus cher, comme le whisky.</p>
</div>
<div class="par_con">
<p>Trevelez est également l&rsquo;un des principaux points de départ pour des promenades à Siete Lagunas et Mulhacen. (Pour plus de détails consultez la section “balades randonnées”).</p>
</div>
</div>

<p>Trevelez, à 4km des gites en tournant à gauche au sortir du chemin, passe pour être le plus haut village d&rsquo;Espagne (1486m). C’est le centre Espagnol d’affinage du Jamon,&#8230; que vous sentirez partout dans le village ! Un jambon ici coûte environ 50€. La vallée, similaire à celle de Poqueira, est traversée par le Rio Trevelez. En plus &hellip; <a href="https://www.cortijosreyfini.com/fr/things-to-do/local-villages/trevelez/" class="more-link">Continue reading <span class="screen-reader-text">Trevelez</span></a></p>
