{"id":946,"date":"2016-04-22T13:07:58","date_gmt":"2016-04-22T13:07:58","guid":{"rendered":"http:\/\/wegetcreative.co.uk\/crf\/?page_id=946&#038;lang=fr"},"modified":"2016-04-22T13:07:58","modified_gmt":"2016-04-22T13:07:58","slug":"pitres","status":"publish","type":"page","link":"https:\/\/www.cortijosreyfini.com\/fr\/things-to-do\/local-villages\/pitres\/","title":{"rendered":"Pitres"},"content":{"rendered":"<div class=\"par_con\">\n<figure id=\"attachment_381\" aria-describedby=\"caption-attachment-381\" style=\"width: 201px\" class=\"wp-caption alignnone\"><img loading=\"lazy\" class=\"size-medium wp-image-381\" src=\"http:\/\/www.cortijosreyfini.com\/wp-content\/uploads\/2016\/04\/3-The-Church-in-Pitres-201x300.jpg\" alt=\"The main church in Pitres\" width=\"201\" height=\"300\" srcset=\"https:\/\/www.cortijosreyfini.com\/wp-content\/uploads\/2016\/04\/3-The-Church-in-Pitres-201x300.jpg 201w, https:\/\/www.cortijosreyfini.com\/wp-content\/uploads\/2016\/04\/3-The-Church-in-Pitres-768x1147.jpg 768w, https:\/\/www.cortijosreyfini.com\/wp-content\/uploads\/2016\/04\/3-The-Church-in-Pitres-685x1024.jpg 685w, https:\/\/www.cortijosreyfini.com\/wp-content\/uploads\/2016\/04\/3-The-Church-in-Pitres.jpg 907w\" sizes=\"( max-width: 768px ) 100vw, ( min-width: 768px ) and ( max-width: 992px ) 50vw, 201px\" \/><figcaption id=\"caption-attachment-381\" class=\"wp-caption-text\">The main church in Pitres<\/figcaption><\/figure>\n<div class=\"par_con\">\n<p><strong>Pitres<\/strong> est le plus grand village de la\u00a0<em>Taha<\/em>\u00a0(<em>Taha <\/em>signifie \u201cdistrict administratif\u201den arabe), \u00e0 10-15 minutes en voiture des cortijos apr\u00e8s <strong>Portugos<\/strong>.<\/p>\n<\/div>\n<div class=\"par_con\">\n<p>Vous y trouverez plusieurs h\u00f4tels, un terrain de camping et une petite \u00e9picerie bien approvisionn\u00e9e.\u00a0Il y a aussi un magasin de bricolage, surtout pour les outils de jardinage. La place du village est tr\u00e8s agr\u00e9able les soirs d&rsquo;\u00e9t\u00e9.<\/p>\n<\/div>\n<div class=\"par_con\">\n<p><strong>A savoir<\/strong> : la clinique est au coin de la place principale.<\/p>\n<\/div>\n<div class=\"par_con\">\n<p>La f\u00eate de\u00a0<em>San Roque<\/em>\u00a0est c\u00e9l\u00e9br\u00e9e chaque ann\u00e9e \u00e0 <strong>Pitres<\/strong> les 15, 16 et 17 Ao\u00fbt.\u00a0Comme souvent, il s&rsquo;agit d&rsquo;une procession autour du village se terminant par des feux d&rsquo;artifice, et, bien s\u00fbr, il y a \u00e0 boire et \u00e0 manger.<\/p>\n<\/div>\n<\/div>\n<div class=\"par_con\">\n<figure id=\"attachment_380\" aria-describedby=\"caption-attachment-380\" style=\"width: 300px\" class=\"wp-caption alignnone\"><img loading=\"lazy\" class=\"size-medium wp-image-380\" src=\"http:\/\/www.cortijosreyfini.com\/wp-content\/uploads\/2016\/04\/2-Fruit-and-veg-market-at-Pitres-300x201.jpg\" alt=\"Fruit and veg market at Pitres\" width=\"300\" height=\"201\" srcset=\"https:\/\/www.cortijosreyfini.com\/wp-content\/uploads\/2016\/04\/2-Fruit-and-veg-market-at-Pitres-300x201.jpg 300w, https:\/\/www.cortijosreyfini.com\/wp-content\/uploads\/2016\/04\/2-Fruit-and-veg-market-at-Pitres-768x514.jpg 768w, https:\/\/www.cortijosreyfini.com\/wp-content\/uploads\/2016\/04\/2-Fruit-and-veg-market-at-Pitres-1024x685.jpg 1024w, https:\/\/www.cortijosreyfini.com\/wp-content\/uploads\/2016\/04\/2-Fruit-and-veg-market-at-Pitres-1200x803.jpg 1200w, https:\/\/www.cortijosreyfini.com\/wp-content\/uploads\/2016\/04\/2-Fruit-and-veg-market-at-Pitres-437x293.jpg 437w, https:\/\/www.cortijosreyfini.com\/wp-content\/uploads\/2016\/04\/2-Fruit-and-veg-market-at-Pitres.jpg 1355w\" sizes=\"( max-width: 768px ) 100vw, ( min-width: 768px ) and ( max-width: 992px ) 50vw, 300px\" \/><figcaption id=\"caption-attachment-380\" class=\"wp-caption-text\">Fruit and veg market at Pitres<\/figcaption><\/figure>\n<p>Le march\u00e9 hebdomadaire a lieu le vendredi matin, o\u00f9 commer\u00e7ants et artisans proposent des fruits et l\u00e9gumes frais, chaussures, objets marocains ou encore du pain frais.\u00a0Beaucoup de locaux font le march\u00e9 puis profitent des bars et restaurants de la place pour agr\u00e9menter leurs courses de la semaine.<\/p>\n<figure id=\"attachment_383\" aria-describedby=\"caption-attachment-383\" style=\"width: 300px\" class=\"wp-caption alignnone\"><img loading=\"lazy\" class=\"size-medium wp-image-383\" src=\"http:\/\/www.cortijosreyfini.com\/wp-content\/uploads\/2016\/04\/5-North-African-crafts-at-Pitres-Friday-market-300x201.jpg\" alt=\"North African crafts at Pitres Friday market\" width=\"300\" height=\"201\" srcset=\"https:\/\/www.cortijosreyfini.com\/wp-content\/uploads\/2016\/04\/5-North-African-crafts-at-Pitres-Friday-market-300x201.jpg 300w, https:\/\/www.cortijosreyfini.com\/wp-content\/uploads\/2016\/04\/5-North-African-crafts-at-Pitres-Friday-market-768x514.jpg 768w, https:\/\/www.cortijosreyfini.com\/wp-content\/uploads\/2016\/04\/5-North-African-crafts-at-Pitres-Friday-market-1024x685.jpg 1024w, https:\/\/www.cortijosreyfini.com\/wp-content\/uploads\/2016\/04\/5-North-African-crafts-at-Pitres-Friday-market-1200x803.jpg 1200w, https:\/\/www.cortijosreyfini.com\/wp-content\/uploads\/2016\/04\/5-North-African-crafts-at-Pitres-Friday-market-437x293.jpg 437w, https:\/\/www.cortijosreyfini.com\/wp-content\/uploads\/2016\/04\/5-North-African-crafts-at-Pitres-Friday-market.jpg 1355w\" sizes=\"( max-width: 768px ) 100vw, ( min-width: 768px ) and ( max-width: 992px ) 50vw, 300px\" \/><figcaption id=\"caption-attachment-383\" class=\"wp-caption-text\">North African crafts at Pitres Friday market<\/figcaption><\/figure>\n<p>Les m\u00eames producteurs vont de village en village, perp\u00e9tuant ainsi l\u2019activit\u00e9 des march\u00e9s itin\u00e9rants. Le march\u00e9 d\u2019Orgiva le Samedi est cependant le plus grand.<\/p>\n<\/div>\n<div class=\"par_con\"><\/div>\n","protected":false},"excerpt":{"rendered":"<p>Pitres est le plus grand village de la\u00a0Taha\u00a0(Taha signifie \u201cdistrict administratif\u201den arabe), \u00e0 10-15 minutes en voiture des cortijos apr\u00e8s Portugos. Vous y trouverez plusieurs h\u00f4tels, un terrain de camping et une petite \u00e9picerie bien approvisionn\u00e9e.\u00a0Il y a aussi un magasin de bricolage, surtout pour les outils de jardinage. La place du village est tr\u00e8s &hellip; <a href=\"https:\/\/www.cortijosreyfini.com\/fr\/things-to-do\/local-villages\/pitres\/\" class=\"more-link\">Continue reading <span class=\"screen-reader-text\">Pitres<\/span><\/a><\/p>\n","protected":false},"author":1,"featured_media":0,"parent":852,"menu_order":0,"comment_status":"closed","ping_status":"closed","template":"","meta":{"om_disable_all_campaigns":false,"_monsterinsights_skip_tracking":false,"_monsterinsights_sitenote_active":false,"_monsterinsights_sitenote_note":"","_monsterinsights_sitenote_category":0},"acf":[],"aioseo_notices":[],"_links":{"self":[{"href":"https:\/\/www.cortijosreyfini.com\/fr\/wp-json\/wp\/v2\/pages\/946"}],"collection":[{"href":"https:\/\/www.cortijosreyfini.com\/fr\/wp-json\/wp\/v2\/pages"}],"about":[{"href":"https:\/\/www.cortijosreyfini.com\/fr\/wp-json\/wp\/v2\/types\/page"}],"author":[{"embeddable":true,"href":"https:\/\/www.cortijosreyfini.com\/fr\/wp-json\/wp\/v2\/users\/1"}],"replies":[{"embeddable":true,"href":"https:\/\/www.cortijosreyfini.com\/fr\/wp-json\/wp\/v2\/comments?post=946"}],"version-history":[{"count":1,"href":"https:\/\/www.cortijosreyfini.com\/fr\/wp-json\/wp\/v2\/pages\/946\/revisions"}],"predecessor-version":[{"id":947,"href":"https:\/\/www.cortijosreyfini.com\/fr\/wp-json\/wp\/v2\/pages\/946\/revisions\/947"}],"up":[{"embeddable":true,"href":"https:\/\/www.cortijosreyfini.com\/fr\/wp-json\/wp\/v2\/pages\/852"}],"wp:attachment":[{"href":"https:\/\/www.cortijosreyfini.com\/fr\/wp-json\/wp\/v2\/media?parent=946"}],"curies":[{"name":"wp","href":"https:\/\/api.w.org\/{rel}","templated":true}]}}

<div class="par_con">
<figure id="attachment_381" aria-describedby="caption-attachment-381" style="width: 201px" class="wp-caption alignnone"><img loading="lazy" class="size-medium wp-image-381" src="http://www.cortijosreyfini.com/wp-content/uploads/2016/04/3-The-Church-in-Pitres-201x300.jpg" alt="The main church in Pitres" width="201" height="300" srcset="https://www.cortijosreyfini.com/wp-content/uploads/2016/04/3-The-Church-in-Pitres-201x300.jpg 201w, https://www.cortijosreyfini.com/wp-content/uploads/2016/04/3-The-Church-in-Pitres-768x1147.jpg 768w, https://www.cortijosreyfini.com/wp-content/uploads/2016/04/3-The-Church-in-Pitres-685x1024.jpg 685w, https://www.cortijosreyfini.com/wp-content/uploads/2016/04/3-The-Church-in-Pitres.jpg 907w" sizes="( max-width: 768px ) 100vw, ( min-width: 768px ) and ( max-width: 992px ) 50vw, 201px" /><figcaption id="caption-attachment-381" class="wp-caption-text">The main church in Pitres</figcaption></figure>
<div class="par_con">
<p><strong>Pitres</strong> est le plus grand village de la <em>Taha</em> (<em>Taha </em>signifie “district administratif”en arabe), à 10-15 minutes en voiture des cortijos après <strong>Portugos</strong>.</p>
</div>
<div class="par_con">
<p>Vous y trouverez plusieurs hôtels, un terrain de camping et une petite épicerie bien approvisionnée. Il y a aussi un magasin de bricolage, surtout pour les outils de jardinage. La place du village est très agréable les soirs d&rsquo;été.</p>
</div>
<div class="par_con">
<p><strong>A savoir</strong> : la clinique est au coin de la place principale.</p>
</div>
<div class="par_con">
<p>La fête de <em>San Roque</em> est célébrée chaque année à <strong>Pitres</strong> les 15, 16 et 17 Août. Comme souvent, il s&rsquo;agit d&rsquo;une procession autour du village se terminant par des feux d&rsquo;artifice, et, bien sûr, il y a à boire et à manger.</p>
</div>
</div>
<div class="par_con">
<figure id="attachment_380" aria-describedby="caption-attachment-380" style="width: 300px" class="wp-caption alignnone"><img loading="lazy" class="size-medium wp-image-380" src="http://www.cortijosreyfini.com/wp-content/uploads/2016/04/2-Fruit-and-veg-market-at-Pitres-300x201.jpg" alt="Fruit and veg market at Pitres" width="300" height="201" srcset="https://www.cortijosreyfini.com/wp-content/uploads/2016/04/2-Fruit-and-veg-market-at-Pitres-300x201.jpg 300w, https://www.cortijosreyfini.com/wp-content/uploads/2016/04/2-Fruit-and-veg-market-at-Pitres-768x514.jpg 768w, https://www.cortijosreyfini.com/wp-content/uploads/2016/04/2-Fruit-and-veg-market-at-Pitres-1024x685.jpg 1024w, https://www.cortijosreyfini.com/wp-content/uploads/2016/04/2-Fruit-and-veg-market-at-Pitres-1200x803.jpg 1200w, https://www.cortijosreyfini.com/wp-content/uploads/2016/04/2-Fruit-and-veg-market-at-Pitres-437x293.jpg 437w, https://www.cortijosreyfini.com/wp-content/uploads/2016/04/2-Fruit-and-veg-market-at-Pitres.jpg 1355w" sizes="( max-width: 768px ) 100vw, ( min-width: 768px ) and ( max-width: 992px ) 50vw, 300px" /><figcaption id="caption-attachment-380" class="wp-caption-text">Fruit and veg market at Pitres</figcaption></figure>
<p>Le marché hebdomadaire a lieu le vendredi matin, où commerçants et artisans proposent des fruits et légumes frais, chaussures, objets marocains ou encore du pain frais. Beaucoup de locaux font le marché puis profitent des bars et restaurants de la place pour agrémenter leurs courses de la semaine.</p>
<figure id="attachment_383" aria-describedby="caption-attachment-383" style="width: 300px" class="wp-caption alignnone"><img loading="lazy" class="size-medium wp-image-383" src="http://www.cortijosreyfini.com/wp-content/uploads/2016/04/5-North-African-crafts-at-Pitres-Friday-market-300x201.jpg" alt="North African crafts at Pitres Friday market" width="300" height="201" srcset="https://www.cortijosreyfini.com/wp-content/uploads/2016/04/5-North-African-crafts-at-Pitres-Friday-market-300x201.jpg 300w, https://www.cortijosreyfini.com/wp-content/uploads/2016/04/5-North-African-crafts-at-Pitres-Friday-market-768x514.jpg 768w, https://www.cortijosreyfini.com/wp-content/uploads/2016/04/5-North-African-crafts-at-Pitres-Friday-market-1024x685.jpg 1024w, https://www.cortijosreyfini.com/wp-content/uploads/2016/04/5-North-African-crafts-at-Pitres-Friday-market-1200x803.jpg 1200w, https://www.cortijosreyfini.com/wp-content/uploads/2016/04/5-North-African-crafts-at-Pitres-Friday-market-437x293.jpg 437w, https://www.cortijosreyfini.com/wp-content/uploads/2016/04/5-North-African-crafts-at-Pitres-Friday-market.jpg 1355w" sizes="( max-width: 768px ) 100vw, ( min-width: 768px ) and ( max-width: 992px ) 50vw, 300px" /><figcaption id="caption-attachment-383" class="wp-caption-text">North African crafts at Pitres Friday market</figcaption></figure>
<p>Les mêmes producteurs vont de village en village, perpétuant ainsi l’activité des marchés itinérants. Le marché d’Orgiva le Samedi est cependant le plus grand.</p>
</div>
<div class="par_con"></div>

<p>Pitres est le plus grand village de la Taha (Taha signifie “district administratif”en arabe), à 10-15 minutes en voiture des cortijos après Portugos. Vous y trouverez plusieurs hôtels, un terrain de camping et une petite épicerie bien approvisionnée. Il y a aussi un magasin de bricolage, surtout pour les outils de jardinage. La place du village est très &hellip; <a href="https://www.cortijosreyfini.com/fr/things-to-do/local-villages/pitres/" class="more-link">Continue reading <span class="screen-reader-text">Pitres</span></a></p>
