{"id":936,"date":"2016-04-22T12:57:47","date_gmt":"2016-04-22T12:57:47","guid":{"rendered":"http:\/\/wegetcreative.co.uk\/crf\/?page_id=936&#038;lang=fr"},"modified":"2016-04-22T12:57:47","modified_gmt":"2016-04-22T12:57:47","slug":"pampaneira","status":"publish","type":"page","link":"https:\/\/www.cortijosreyfini.com\/fr\/things-to-do\/local-villages\/pampaneira\/","title":{"rendered":"Pampaneira"},"content":{"rendered":"<div class=\"par_con\">\n<figure id=\"attachment_377\" aria-describedby=\"caption-attachment-377\" style=\"width: 300px\" class=\"wp-caption alignnone\"><img loading=\"lazy\" class=\"size-medium wp-image-377\" src=\"http:\/\/www.cortijosreyfini.com\/wp-content\/uploads\/2016\/04\/10-The-GR7-footpath-signposted-from-Pampaneira-towards-Bubion-300x201.jpg\" alt=\"The GR7 footpath signposted from Pampaneira towards Bubion\" width=\"300\" height=\"201\" srcset=\"https:\/\/www.cortijosreyfini.com\/wp-content\/uploads\/2016\/04\/10-The-GR7-footpath-signposted-from-Pampaneira-towards-Bubion-300x201.jpg 300w, https:\/\/www.cortijosreyfini.com\/wp-content\/uploads\/2016\/04\/10-The-GR7-footpath-signposted-from-Pampaneira-towards-Bubion-768x514.jpg 768w, https:\/\/www.cortijosreyfini.com\/wp-content\/uploads\/2016\/04\/10-The-GR7-footpath-signposted-from-Pampaneira-towards-Bubion-1024x685.jpg 1024w, https:\/\/www.cortijosreyfini.com\/wp-content\/uploads\/2016\/04\/10-The-GR7-footpath-signposted-from-Pampaneira-towards-Bubion-1200x803.jpg 1200w, https:\/\/www.cortijosreyfini.com\/wp-content\/uploads\/2016\/04\/10-The-GR7-footpath-signposted-from-Pampaneira-towards-Bubion-437x293.jpg 437w, https:\/\/www.cortijosreyfini.com\/wp-content\/uploads\/2016\/04\/10-The-GR7-footpath-signposted-from-Pampaneira-towards-Bubion.jpg 1355w\" sizes=\"( max-width: 768px ) 100vw, ( min-width: 768px ) and ( max-width: 992px ) 50vw, 300px\" \/><figcaption id=\"caption-attachment-377\" class=\"wp-caption-text\">The GR7 footpath signposted from Pampaneira towards Bubion<\/figcaption><\/figure>\n<div class=\"par_con\">\n<p><strong>Pampaneira<\/strong> est l\u2019un des 3 villages blancs populaires et pittoresques de la r\u00e9gion. Le village &#8211; comme ses voisins<strong>\u00a0<a href=\"https:\/\/translate.google.com\/translate?hl=en&amp;prev=_t&amp;sl=auto&amp;tl=fr&amp;u=http:\/\/www.andalucia.com\/province\/granada\/bubion\/home.htm\">Bubi\u00f3n<\/a>\u00a0<\/strong>et <strong>Capileira<\/strong> &#8211; longe les pentes raides d&rsquo;une gorge luxuriante &#8211; 1000m plus bas &#8211; le\u00a0<em>Barranco de Poqueira.\u00a0<\/em><strong>Pampaneira<\/strong> est le plus bas des trois.<\/p>\n<\/div>\n<div class=\"par_con\">\n<p>Ce petit village de 300 habitants a une tr\u00e8s jolie place domin\u00e9e par une \u00e9glise mud\u00e9jar du 16\u00e8me si\u00e8cle,\u00a0<em>l&rsquo;\u00e9glise de Santa Cruz,<\/em>\u00a0avec un plafond \u00e0 caissons en bois et quelques retables dor\u00e9s datant du 17\u00e8me et 18\u00e8me si\u00e8cles. Autour de l&rsquo;\u00e9glise, plusieurs bars, restaurants et boutiques d&rsquo;artisanats dans lesquels les touristes aiment s&rsquo;attarder.<\/p>\n<\/div>\n<\/div>\n<div class=\"par_con\">\n<figure id=\"attachment_371\" aria-describedby=\"caption-attachment-371\" style=\"width: 300px\" class=\"wp-caption alignnone\"><img loading=\"lazy\" class=\"size-medium wp-image-371\" src=\"http:\/\/www.cortijosreyfini.com\/wp-content\/uploads\/2016\/04\/4-People-enjoying-drinks-tapas-and-food-outside-in-the-main-square-Pampaneira-300x201.jpg\" alt=\"People enjoying drinks tapas and food outside in the main square Pampaneira\" width=\"300\" height=\"201\" srcset=\"https:\/\/www.cortijosreyfini.com\/wp-content\/uploads\/2016\/04\/4-People-enjoying-drinks-tapas-and-food-outside-in-the-main-square-Pampaneira-300x201.jpg 300w, https:\/\/www.cortijosreyfini.com\/wp-content\/uploads\/2016\/04\/4-People-enjoying-drinks-tapas-and-food-outside-in-the-main-square-Pampaneira-768x514.jpg 768w, https:\/\/www.cortijosreyfini.com\/wp-content\/uploads\/2016\/04\/4-People-enjoying-drinks-tapas-and-food-outside-in-the-main-square-Pampaneira-1024x685.jpg 1024w, https:\/\/www.cortijosreyfini.com\/wp-content\/uploads\/2016\/04\/4-People-enjoying-drinks-tapas-and-food-outside-in-the-main-square-Pampaneira-1200x803.jpg 1200w, https:\/\/www.cortijosreyfini.com\/wp-content\/uploads\/2016\/04\/4-People-enjoying-drinks-tapas-and-food-outside-in-the-main-square-Pampaneira-437x293.jpg 437w, https:\/\/www.cortijosreyfini.com\/wp-content\/uploads\/2016\/04\/4-People-enjoying-drinks-tapas-and-food-outside-in-the-main-square-Pampaneira.jpg 1355w\" sizes=\"( max-width: 768px ) 100vw, ( min-width: 768px ) and ( max-width: 992px ) 50vw, 300px\" \/><figcaption id=\"caption-attachment-371\" class=\"wp-caption-text\">People enjoying drinks tapas and food outside in the main square Pampaneira<\/figcaption><\/figure>\n<p>Vous y trouverez une vaste gamme de c\u00e9ramiques, produits du cuir et v\u00eatements, ainsi que des fromages et jambons locaux et du chocolat fabriqu\u00e9 sur place dans une usine que vous pourrez visiter.<\/p>\n<figure id=\"attachment_372\" aria-describedby=\"caption-attachment-372\" style=\"width: 300px\" class=\"wp-caption alignnone\"><img loading=\"lazy\" class=\"size-medium wp-image-372\" src=\"http:\/\/www.cortijosreyfini.com\/wp-content\/uploads\/2016\/04\/5-Shopping-in-Pampaneira-300x201.jpg\" alt=\"Shopping in Pampaneira\" width=\"300\" height=\"201\" srcset=\"https:\/\/www.cortijosreyfini.com\/wp-content\/uploads\/2016\/04\/5-Shopping-in-Pampaneira-300x201.jpg 300w, https:\/\/www.cortijosreyfini.com\/wp-content\/uploads\/2016\/04\/5-Shopping-in-Pampaneira-768x515.jpg 768w, https:\/\/www.cortijosreyfini.com\/wp-content\/uploads\/2016\/04\/5-Shopping-in-Pampaneira-437x293.jpg 437w, https:\/\/www.cortijosreyfini.com\/wp-content\/uploads\/2016\/04\/5-Shopping-in-Pampaneira.jpg 1014w\" sizes=\"( max-width: 768px ) 100vw, ( min-width: 768px ) and ( max-width: 992px ) 50vw, 300px\" \/><figcaption id=\"caption-attachment-372\" class=\"wp-caption-text\">Shopping in Pampaneira<\/figcaption><\/figure>\n<p>Pendant l&rsquo;hiver, la Sierra Nevada et les montagnes Alpujarra se couvrent de neige, mais les villages sont rarement inaccessibles.<\/p>\n<figure id=\"attachment_374\" aria-describedby=\"caption-attachment-374\" style=\"width: 199px\" class=\"wp-caption alignnone\"><img loading=\"lazy\" class=\"size-medium wp-image-374\" src=\"http:\/\/www.cortijosreyfini.com\/wp-content\/uploads\/2016\/04\/7-Summer-flowers-in-Pampaneira-199x300.jpg\" alt=\"Flowers in Pampaneira\" width=\"199\" height=\"300\" srcset=\"https:\/\/www.cortijosreyfini.com\/wp-content\/uploads\/2016\/04\/7-Summer-flowers-in-Pampaneira-199x300.jpg 199w, https:\/\/www.cortijosreyfini.com\/wp-content\/uploads\/2016\/04\/7-Summer-flowers-in-Pampaneira-681x1024.jpg 681w, https:\/\/www.cortijosreyfini.com\/wp-content\/uploads\/2016\/04\/7-Summer-flowers-in-Pampaneira.jpg 700w\" sizes=\"( max-width: 768px ) 100vw, ( min-width: 768px ) and ( max-width: 992px ) 50vw, 199px\" \/><figcaption id=\"caption-attachment-374\" class=\"wp-caption-text\">Flowers in Pampaneira<\/figcaption><\/figure>\n<p>De l\u00e0, vous pouvez marcher jusqu&rsquo;\u00e0 <strong>Bubion<\/strong> et <strong>Capileira<\/strong>.\u00a0La promenade est tr\u00e8s agr\u00e9able mais assez raide.\u00a0L\u2019aller vers Bubion peut prendre une heure si vous marchez lentement.\u00a0Le retour sera plus rapide et offre une \u00a0autre vue sur la vall\u00e9e <em>Poqueira<\/em>.<\/p>\n<\/div>\n<div class=\"par_con\"><\/div>\n","protected":false},"excerpt":{"rendered":"<p>Pampaneira est l\u2019un des 3 villages blancs populaires et pittoresques de la r\u00e9gion. Le village &#8211; comme ses voisins\u00a0Bubi\u00f3n\u00a0et Capileira &#8211; longe les pentes raides d&rsquo;une gorge luxuriante &#8211; 1000m plus bas &#8211; le\u00a0Barranco de Poqueira.\u00a0Pampaneira est le plus bas des trois. Ce petit village de 300 habitants a une tr\u00e8s jolie place domin\u00e9e par &hellip; <a href=\"https:\/\/www.cortijosreyfini.com\/fr\/things-to-do\/local-villages\/pampaneira\/\" class=\"more-link\">Continue reading <span class=\"screen-reader-text\">Pampaneira<\/span><\/a><\/p>\n","protected":false},"author":1,"featured_media":0,"parent":852,"menu_order":0,"comment_status":"closed","ping_status":"closed","template":"","meta":{"om_disable_all_campaigns":false,"_monsterinsights_skip_tracking":false,"_monsterinsights_sitenote_active":false,"_monsterinsights_sitenote_note":"","_monsterinsights_sitenote_category":0},"acf":[],"aioseo_notices":[],"_links":{"self":[{"href":"https:\/\/www.cortijosreyfini.com\/fr\/wp-json\/wp\/v2\/pages\/936"}],"collection":[{"href":"https:\/\/www.cortijosreyfini.com\/fr\/wp-json\/wp\/v2\/pages"}],"about":[{"href":"https:\/\/www.cortijosreyfini.com\/fr\/wp-json\/wp\/v2\/types\/page"}],"author":[{"embeddable":true,"href":"https:\/\/www.cortijosreyfini.com\/fr\/wp-json\/wp\/v2\/users\/1"}],"replies":[{"embeddable":true,"href":"https:\/\/www.cortijosreyfini.com\/fr\/wp-json\/wp\/v2\/comments?post=936"}],"version-history":[{"count":1,"href":"https:\/\/www.cortijosreyfini.com\/fr\/wp-json\/wp\/v2\/pages\/936\/revisions"}],"predecessor-version":[{"id":937,"href":"https:\/\/www.cortijosreyfini.com\/fr\/wp-json\/wp\/v2\/pages\/936\/revisions\/937"}],"up":[{"embeddable":true,"href":"https:\/\/www.cortijosreyfini.com\/fr\/wp-json\/wp\/v2\/pages\/852"}],"wp:attachment":[{"href":"https:\/\/www.cortijosreyfini.com\/fr\/wp-json\/wp\/v2\/media?parent=936"}],"curies":[{"name":"wp","href":"https:\/\/api.w.org\/{rel}","templated":true}]}}

<div class="par_con">
<figure id="attachment_377" aria-describedby="caption-attachment-377" style="width: 300px" class="wp-caption alignnone"><img loading="lazy" class="size-medium wp-image-377" src="http://www.cortijosreyfini.com/wp-content/uploads/2016/04/10-The-GR7-footpath-signposted-from-Pampaneira-towards-Bubion-300x201.jpg" alt="The GR7 footpath signposted from Pampaneira towards Bubion" width="300" height="201" srcset="https://www.cortijosreyfini.com/wp-content/uploads/2016/04/10-The-GR7-footpath-signposted-from-Pampaneira-towards-Bubion-300x201.jpg 300w, https://www.cortijosreyfini.com/wp-content/uploads/2016/04/10-The-GR7-footpath-signposted-from-Pampaneira-towards-Bubion-768x514.jpg 768w, https://www.cortijosreyfini.com/wp-content/uploads/2016/04/10-The-GR7-footpath-signposted-from-Pampaneira-towards-Bubion-1024x685.jpg 1024w, https://www.cortijosreyfini.com/wp-content/uploads/2016/04/10-The-GR7-footpath-signposted-from-Pampaneira-towards-Bubion-1200x803.jpg 1200w, https://www.cortijosreyfini.com/wp-content/uploads/2016/04/10-The-GR7-footpath-signposted-from-Pampaneira-towards-Bubion-437x293.jpg 437w, https://www.cortijosreyfini.com/wp-content/uploads/2016/04/10-The-GR7-footpath-signposted-from-Pampaneira-towards-Bubion.jpg 1355w" sizes="( max-width: 768px ) 100vw, ( min-width: 768px ) and ( max-width: 992px ) 50vw, 300px" /><figcaption id="caption-attachment-377" class="wp-caption-text">The GR7 footpath signposted from Pampaneira towards Bubion</figcaption></figure>
<div class="par_con">
<p><strong>Pampaneira</strong> est l’un des 3 villages blancs populaires et pittoresques de la région. Le village &#8211; comme ses voisins<strong> <a href="https://translate.google.com/translate?hl=en&amp;prev=_t&amp;sl=auto&amp;tl=fr&amp;u=http://www.andalucia.com/province/granada/bubion/home.htm">Bubión</a> </strong>et <strong>Capileira</strong> &#8211; longe les pentes raides d&rsquo;une gorge luxuriante &#8211; 1000m plus bas &#8211; le <em>Barranco de Poqueira. </em><strong>Pampaneira</strong> est le plus bas des trois.</p>
</div>
<div class="par_con">
<p>Ce petit village de 300 habitants a une très jolie place dominée par une église mudéjar du 16ème siècle, <em>l&rsquo;église de Santa Cruz,</em> avec un plafond à caissons en bois et quelques retables dorés datant du 17ème et 18ème siècles. Autour de l&rsquo;église, plusieurs bars, restaurants et boutiques d&rsquo;artisanats dans lesquels les touristes aiment s&rsquo;attarder.</p>
</div>
</div>
<div class="par_con">
<figure id="attachment_371" aria-describedby="caption-attachment-371" style="width: 300px" class="wp-caption alignnone"><img loading="lazy" class="size-medium wp-image-371" src="http://www.cortijosreyfini.com/wp-content/uploads/2016/04/4-People-enjoying-drinks-tapas-and-food-outside-in-the-main-square-Pampaneira-300x201.jpg" alt="People enjoying drinks tapas and food outside in the main square Pampaneira" width="300" height="201" srcset="https://www.cortijosreyfini.com/wp-content/uploads/2016/04/4-People-enjoying-drinks-tapas-and-food-outside-in-the-main-square-Pampaneira-300x201.jpg 300w, https://www.cortijosreyfini.com/wp-content/uploads/2016/04/4-People-enjoying-drinks-tapas-and-food-outside-in-the-main-square-Pampaneira-768x514.jpg 768w, https://www.cortijosreyfini.com/wp-content/uploads/2016/04/4-People-enjoying-drinks-tapas-and-food-outside-in-the-main-square-Pampaneira-1024x685.jpg 1024w, https://www.cortijosreyfini.com/wp-content/uploads/2016/04/4-People-enjoying-drinks-tapas-and-food-outside-in-the-main-square-Pampaneira-1200x803.jpg 1200w, https://www.cortijosreyfini.com/wp-content/uploads/2016/04/4-People-enjoying-drinks-tapas-and-food-outside-in-the-main-square-Pampaneira-437x293.jpg 437w, https://www.cortijosreyfini.com/wp-content/uploads/2016/04/4-People-enjoying-drinks-tapas-and-food-outside-in-the-main-square-Pampaneira.jpg 1355w" sizes="( max-width: 768px ) 100vw, ( min-width: 768px ) and ( max-width: 992px ) 50vw, 300px" /><figcaption id="caption-attachment-371" class="wp-caption-text">People enjoying drinks tapas and food outside in the main square Pampaneira</figcaption></figure>
<p>Vous y trouverez une vaste gamme de céramiques, produits du cuir et vêtements, ainsi que des fromages et jambons locaux et du chocolat fabriqué sur place dans une usine que vous pourrez visiter.</p>
<figure id="attachment_372" aria-describedby="caption-attachment-372" style="width: 300px" class="wp-caption alignnone"><img loading="lazy" class="size-medium wp-image-372" src="http://www.cortijosreyfini.com/wp-content/uploads/2016/04/5-Shopping-in-Pampaneira-300x201.jpg" alt="Shopping in Pampaneira" width="300" height="201" srcset="https://www.cortijosreyfini.com/wp-content/uploads/2016/04/5-Shopping-in-Pampaneira-300x201.jpg 300w, https://www.cortijosreyfini.com/wp-content/uploads/2016/04/5-Shopping-in-Pampaneira-768x515.jpg 768w, https://www.cortijosreyfini.com/wp-content/uploads/2016/04/5-Shopping-in-Pampaneira-437x293.jpg 437w, https://www.cortijosreyfini.com/wp-content/uploads/2016/04/5-Shopping-in-Pampaneira.jpg 1014w" sizes="( max-width: 768px ) 100vw, ( min-width: 768px ) and ( max-width: 992px ) 50vw, 300px" /><figcaption id="caption-attachment-372" class="wp-caption-text">Shopping in Pampaneira</figcaption></figure>
<p>Pendant l&rsquo;hiver, la Sierra Nevada et les montagnes Alpujarra se couvrent de neige, mais les villages sont rarement inaccessibles.</p>
<figure id="attachment_374" aria-describedby="caption-attachment-374" style="width: 199px" class="wp-caption alignnone"><img loading="lazy" class="size-medium wp-image-374" src="http://www.cortijosreyfini.com/wp-content/uploads/2016/04/7-Summer-flowers-in-Pampaneira-199x300.jpg" alt="Flowers in Pampaneira" width="199" height="300" srcset="https://www.cortijosreyfini.com/wp-content/uploads/2016/04/7-Summer-flowers-in-Pampaneira-199x300.jpg 199w, https://www.cortijosreyfini.com/wp-content/uploads/2016/04/7-Summer-flowers-in-Pampaneira-681x1024.jpg 681w, https://www.cortijosreyfini.com/wp-content/uploads/2016/04/7-Summer-flowers-in-Pampaneira.jpg 700w" sizes="( max-width: 768px ) 100vw, ( min-width: 768px ) and ( max-width: 992px ) 50vw, 199px" /><figcaption id="caption-attachment-374" class="wp-caption-text">Flowers in Pampaneira</figcaption></figure>
<p>De là, vous pouvez marcher jusqu&rsquo;à <strong>Bubion</strong> et <strong>Capileira</strong>. La promenade est très agréable mais assez raide. L’aller vers Bubion peut prendre une heure si vous marchez lentement. Le retour sera plus rapide et offre une  autre vue sur la vallée <em>Poqueira</em>.</p>
</div>
<div class="par_con"></div>

<p>Pampaneira est l’un des 3 villages blancs populaires et pittoresques de la région. Le village &#8211; comme ses voisins Bubión et Capileira &#8211; longe les pentes raides d&rsquo;une gorge luxuriante &#8211; 1000m plus bas &#8211; le Barranco de Poqueira. Pampaneira est le plus bas des trois. Ce petit village de 300 habitants a une très jolie place dominée par &hellip; <a href="https://www.cortijosreyfini.com/fr/things-to-do/local-villages/pampaneira/" class="more-link">Continue reading <span class="screen-reader-text">Pampaneira</span></a></p>
