{"id":854,"date":"2016-04-22T10:52:18","date_gmt":"2016-04-22T10:52:18","guid":{"rendered":"http:\/\/wegetcreative.co.uk\/crf\/?page_id=854&#038;lang=fr"},"modified":"2016-04-22T10:56:52","modified_gmt":"2016-04-22T10:56:52","slug":"bubion","status":"publish","type":"page","link":"https:\/\/www.cortijosreyfini.com\/fr\/things-to-do\/local-villages\/bubion\/","title":{"rendered":"Bubion"},"content":{"rendered":"<div class=\"par_con\">\n<figure id=\"attachment_347\" aria-describedby=\"caption-attachment-347\" style=\"width: 437px\" class=\"wp-caption alignnone\"><img loading=\"lazy\" class=\"size-medium wp-image-437\" src=\"http:\/\/www.cortijosreyfini.com\/wp-content\/uploads\/2016\/04\/11-The-view-of-Bubion-and-Capiliera-437x437.jpg\" alt=\"View of Bubion\" width=\"437\" height=\"437\" \/><figcaption id=\"caption-attachment-347\" class=\"wp-caption-text\">View of Bubion<\/figcaption><\/figure>\n<\/div>\n<div class=\"par_con\"><\/div>\n<div class=\"par_con\">Bubion est l&rsquo;un des trois villages de montagne de la\u00a0<em>Poqueira Barranco<\/em>\u00a0(les deux autres \u00e9tant Pampanera et Capileira. C\u2019est le plus tranquille des trois, et peut-\u00eatre le plus beau. Vous y trouverez des boutiques d&rsquo;artisanats &#8211; vendant, entre autres, des tapis fabriqu\u00e9s localement &#8211; ainsi que de nombreux bars et restaurants. Garez-vous dans un des parkings et promenez-vous dans ses ruelles enchantresses, sinueuses, aux maisons lov\u00e9es, ses places offrant des vues imprenables sur la vall\u00e9e.\u00a0C\u2019est un village assez calme, sauf vers la fin Ao\u00fbt lors de la f\u00eate annuelle.<\/div>\n<div class=\"par_con\"><\/div>\n<div class=\"par_con\">\n<figure id=\"attachment_340\" aria-describedby=\"caption-attachment-340\" style=\"width: 437px\" class=\"wp-caption alignnone\"><img loading=\"lazy\" class=\"size-medium wp-image-437\" src=\"http:\/\/www.cortijosreyfini.com\/wp-content\/uploads\/2016\/04\/4-Autumn-in-Bubion-1-437x437.jpg\" alt=\"Bubion in Autmn\" width=\"437\" height=\"437\" \/><figcaption id=\"caption-attachment-340\" class=\"wp-caption-text\">Bubion in Autmn<\/figcaption><\/figure>\n<\/div>\n<div class=\"par_con\"><\/div>\n<div class=\"par_con\">Si vous vous en sentez l&rsquo;envie, faites la balade de Bubion \u00e0 Pampaneira &#8211; l&rsquo;une des plus belles de la r\u00e9gion &#8211; en empruntant une ancienne voie romaine. Il vous faudra 30 minutes, la plupart du temps en descente. L\u2019acc\u00e8s se situe \u00e0 c\u00f4t\u00e9 de l&rsquo;\u00e9glise, o\u00f9 vous verrez le panneau\u00a0<em>Camino Pampaneira.<\/em><\/div>\n<div class=\"par_con\"><\/div>\n<div class=\"par_con\">\n<figure id=\"attachment_344\" aria-describedby=\"caption-attachment-344\" style=\"width: 437px\" class=\"wp-caption alignnone\"><img loading=\"lazy\" class=\"size-medium wp-image-344\" src=\"http:\/\/www.cortijosreyfini.com\/wp-content\/uploads\/2016\/04\/8-The-Roman-route-from-Bubion-to-Pampeniera-437x437.jpg\" alt=\"Roman Road\" width=\"437\" height=\"437\" srcset=\"https:\/\/www.cortijosreyfini.com\/wp-content\/uploads\/2016\/04\/8-The-Roman-route-from-Bubion-to-Pampeniera-437x437.jpg 437w, https:\/\/www.cortijosreyfini.com\/wp-content\/uploads\/2016\/04\/8-The-Roman-route-from-Bubion-to-Pampeniera-150x150.jpg 150w\" sizes=\"( max-width: 768px ) 100vw, ( min-width: 768px ) and ( max-width: 992px ) 50vw, 437px\" \/><figcaption id=\"caption-attachment-344\" class=\"wp-caption-text\">Roman Road<\/figcaption><\/figure>\n<\/div>\n<div class=\"par_con\"><\/div>\n<div class=\"par_con\">\n<div class=\"par_con\">\n<p>Vous pouvez aussi monter \u00e0 Capileira, mais ce tron\u00e7on n\u2019est pas aussi agr\u00e9able.<\/p>\n<\/div>\n<div class=\"par_con\">\n<p>Bubion, Pampaneira et Capileira sont sur le sentier PR-70 connu sous le nom\u00a0<em>de Sandero Pueblo Poqueira.<\/em><\/p>\n<\/div>\n<\/div>\n<div class=\"par_con\"><\/div>\n","protected":false},"excerpt":{"rendered":"<p>Bubion est l&rsquo;un des trois villages de montagne de la\u00a0Poqueira Barranco\u00a0(les deux autres \u00e9tant Pampanera et Capileira. C\u2019est le plus tranquille des trois, et peut-\u00eatre le plus beau. Vous y trouverez des boutiques d&rsquo;artisanats &#8211; vendant, entre autres, des tapis fabriqu\u00e9s localement &#8211; ainsi que de nombreux bars et restaurants. Garez-vous dans un des parkings &hellip; <a href=\"https:\/\/www.cortijosreyfini.com\/fr\/things-to-do\/local-villages\/bubion\/\" class=\"more-link\">Continue reading <span class=\"screen-reader-text\">Bubion<\/span><\/a><\/p>\n","protected":false},"author":1,"featured_media":0,"parent":852,"menu_order":0,"comment_status":"closed","ping_status":"closed","template":"","meta":{"om_disable_all_campaigns":false,"_monsterinsights_skip_tracking":false,"_monsterinsights_sitenote_active":false,"_monsterinsights_sitenote_note":"","_monsterinsights_sitenote_category":0},"acf":[],"aioseo_notices":[],"_links":{"self":[{"href":"https:\/\/www.cortijosreyfini.com\/fr\/wp-json\/wp\/v2\/pages\/854"}],"collection":[{"href":"https:\/\/www.cortijosreyfini.com\/fr\/wp-json\/wp\/v2\/pages"}],"about":[{"href":"https:\/\/www.cortijosreyfini.com\/fr\/wp-json\/wp\/v2\/types\/page"}],"author":[{"embeddable":true,"href":"https:\/\/www.cortijosreyfini.com\/fr\/wp-json\/wp\/v2\/users\/1"}],"replies":[{"embeddable":true,"href":"https:\/\/www.cortijosreyfini.com\/fr\/wp-json\/wp\/v2\/comments?post=854"}],"version-history":[{"count":2,"href":"https:\/\/www.cortijosreyfini.com\/fr\/wp-json\/wp\/v2\/pages\/854\/revisions"}],"predecessor-version":[{"id":861,"href":"https:\/\/www.cortijosreyfini.com\/fr\/wp-json\/wp\/v2\/pages\/854\/revisions\/861"}],"up":[{"embeddable":true,"href":"https:\/\/www.cortijosreyfini.com\/fr\/wp-json\/wp\/v2\/pages\/852"}],"wp:attachment":[{"href":"https:\/\/www.cortijosreyfini.com\/fr\/wp-json\/wp\/v2\/media?parent=854"}],"curies":[{"name":"wp","href":"https:\/\/api.w.org\/{rel}","templated":true}]}}

<div class="par_con">
<figure id="attachment_347" aria-describedby="caption-attachment-347" style="width: 437px" class="wp-caption alignnone"><img loading="lazy" class="size-medium wp-image-437" src="http://www.cortijosreyfini.com/wp-content/uploads/2016/04/11-The-view-of-Bubion-and-Capiliera-437x437.jpg" alt="View of Bubion" width="437" height="437" /><figcaption id="caption-attachment-347" class="wp-caption-text">View of Bubion</figcaption></figure>
</div>
<div class="par_con"></div>
<div class="par_con">Bubion est l&rsquo;un des trois villages de montagne de la <em>Poqueira Barranco</em> (les deux autres étant Pampanera et Capileira. C’est le plus tranquille des trois, et peut-être le plus beau. Vous y trouverez des boutiques d&rsquo;artisanats &#8211; vendant, entre autres, des tapis fabriqués localement &#8211; ainsi que de nombreux bars et restaurants. Garez-vous dans un des parkings et promenez-vous dans ses ruelles enchantresses, sinueuses, aux maisons lovées, ses places offrant des vues imprenables sur la vallée. C’est un village assez calme, sauf vers la fin Août lors de la fête annuelle.</div>
<div class="par_con"></div>
<div class="par_con">
<figure id="attachment_340" aria-describedby="caption-attachment-340" style="width: 437px" class="wp-caption alignnone"><img loading="lazy" class="size-medium wp-image-437" src="http://www.cortijosreyfini.com/wp-content/uploads/2016/04/4-Autumn-in-Bubion-1-437x437.jpg" alt="Bubion in Autmn" width="437" height="437" /><figcaption id="caption-attachment-340" class="wp-caption-text">Bubion in Autmn</figcaption></figure>
</div>
<div class="par_con"></div>
<div class="par_con">Si vous vous en sentez l&rsquo;envie, faites la balade de Bubion à Pampaneira &#8211; l&rsquo;une des plus belles de la région &#8211; en empruntant une ancienne voie romaine. Il vous faudra 30 minutes, la plupart du temps en descente. L’accès se situe à côté de l&rsquo;église, où vous verrez le panneau <em>Camino Pampaneira.</em></div>
<div class="par_con"></div>
<div class="par_con">
<figure id="attachment_344" aria-describedby="caption-attachment-344" style="width: 437px" class="wp-caption alignnone"><img loading="lazy" class="size-medium wp-image-344" src="http://www.cortijosreyfini.com/wp-content/uploads/2016/04/8-The-Roman-route-from-Bubion-to-Pampeniera-437x437.jpg" alt="Roman Road" width="437" height="437" srcset="https://www.cortijosreyfini.com/wp-content/uploads/2016/04/8-The-Roman-route-from-Bubion-to-Pampeniera-437x437.jpg 437w, https://www.cortijosreyfini.com/wp-content/uploads/2016/04/8-The-Roman-route-from-Bubion-to-Pampeniera-150x150.jpg 150w" sizes="( max-width: 768px ) 100vw, ( min-width: 768px ) and ( max-width: 992px ) 50vw, 437px" /><figcaption id="caption-attachment-344" class="wp-caption-text">Roman Road</figcaption></figure>
</div>
<div class="par_con"></div>
<div class="par_con">
<div class="par_con">
<p>Vous pouvez aussi monter à Capileira, mais ce tronçon n’est pas aussi agréable.</p>
</div>
<div class="par_con">
<p>Bubion, Pampaneira et Capileira sont sur le sentier PR-70 connu sous le nom <em>de Sandero Pueblo Poqueira.</em></p>
</div>
</div>
<div class="par_con"></div>

<p>Bubion est l&rsquo;un des trois villages de montagne de la Poqueira Barranco (les deux autres étant Pampanera et Capileira. C’est le plus tranquille des trois, et peut-être le plus beau. Vous y trouverez des boutiques d&rsquo;artisanats &#8211; vendant, entre autres, des tapis fabriqués localement &#8211; ainsi que de nombreux bars et restaurants. Garez-vous dans un des parkings &hellip; <a href="https://www.cortijosreyfini.com/fr/things-to-do/local-villages/bubion/" class="more-link">Continue reading <span class="screen-reader-text">Bubion</span></a></p>
