{"id":758,"date":"2016-04-14T13:41:01","date_gmt":"2016-04-14T13:41:01","guid":{"rendered":"http:\/\/wegetcreative.co.uk\/crf\/?page_id=758&#038;lang=fr"},"modified":"2016-04-14T13:41:01","modified_gmt":"2016-04-14T13:41:01","slug":"la-alpujarra","status":"publish","type":"page","link":"https:\/\/www.cortijosreyfini.com\/fr\/things-to-do\/la-alpujarra\/","title":{"rendered":"La Alpujarra"},"content":{"rendered":"<figure id=\"attachment_408\" aria-describedby=\"caption-attachment-408\" style=\"width: 840px\" class=\"wp-caption aligncenter\"><img loading=\"lazy\" class=\"size-post-thumbnail wp-image-408\" src=\"http:\/\/www.cortijosreyfini.com\/wp-content\/uploads\/2016\/04\/8-The-view-from-above-cortijos.jpg.jpg\" alt=\"The view from above cortijos\" width=\"840\" height=\"558\" srcset=\"https:\/\/www.cortijosreyfini.com\/wp-content\/uploads\/2016\/04\/8-The-view-from-above-cortijos.jpg.jpg 1053w, https:\/\/www.cortijosreyfini.com\/wp-content\/uploads\/2016\/04\/8-The-view-from-above-cortijos.jpg-300x199.jpg 300w, https:\/\/www.cortijosreyfini.com\/wp-content\/uploads\/2016\/04\/8-The-view-from-above-cortijos.jpg-768x511.jpg 768w, https:\/\/www.cortijosreyfini.com\/wp-content\/uploads\/2016\/04\/8-The-view-from-above-cortijos.jpg-1024x681.jpg 1024w\" sizes=\"( max-width: 768px ) 100vw, ( min-width: 768px ) and ( max-width: 992px ) 50vw, 840px\" \/><figcaption id=\"caption-attachment-408\" class=\"wp-caption-text\">The view from above cortijos<\/figcaption><\/figure>\n<div class=\"par_con\">\n<p>La Alpujarra est une cha\u00eene de montagnes et de vall\u00e9es d&rsquo;une beaut\u00e9 naturelle exceptionnelle, h\u00e9bergeant une grande diversit\u00e9 \u00e9cologique et ayant un long pass\u00e9, (le plus influent \u00e9tant l&rsquo;occupation par les Maures il y a environ 700 ans).<\/p>\n<\/div>\n<div class=\"par_con\">\n<p>Domin\u00e9es par la cha\u00eene de montagnes\u00a0<strong>de la Sierra Nevada<\/strong>\u00a0avec son plus haut sommet\u00a0<strong>(Mulhacen)<\/strong>\u00a0atteignant 3,482m d&rsquo;altitude, les Alpujarras s\u2019\u00e9tendent vers le sud sur les cha\u00eenes c\u00f4ti\u00e8res de la Sierra de Lujar, la Sierra de Contraviesa, touchent la Sierra de Gador \u00e0 l&rsquo;Est et terminent sur le littoral m\u00e9diterran\u00e9en.\u00a0La r\u00e9gion est c\u00e9l\u00e8bre pour sa faune et sa flore tr\u00e8s diversifi\u00e9e (en particulier un grand nombre de papillons)<\/p>\n<\/div>\n<div class=\"par_con\">\n<figure id=\"attachment_317\" aria-describedby=\"caption-attachment-317\" style=\"width: 840px\" class=\"wp-caption aligncenter\"><img loading=\"lazy\" class=\"size-post-thumbnail wp-image-317\" src=\"http:\/\/www.cortijosreyfini.com\/wp-content\/uploads\/2016\/04\/6-The-remains-of-a-roman-bridge-below-Busquistar.jpg\" alt=\"Remains of Roman Bridge\" width=\"840\" height=\"563\" srcset=\"https:\/\/www.cortijosreyfini.com\/wp-content\/uploads\/2016\/04\/6-The-remains-of-a-roman-bridge-below-Busquistar.jpg 1014w, https:\/\/www.cortijosreyfini.com\/wp-content\/uploads\/2016\/04\/6-The-remains-of-a-roman-bridge-below-Busquistar-300x201.jpg 300w, https:\/\/www.cortijosreyfini.com\/wp-content\/uploads\/2016\/04\/6-The-remains-of-a-roman-bridge-below-Busquistar-768x515.jpg 768w, https:\/\/www.cortijosreyfini.com\/wp-content\/uploads\/2016\/04\/6-The-remains-of-a-roman-bridge-below-Busquistar-437x293.jpg 437w\" sizes=\"( max-width: 768px ) 100vw, ( min-width: 768px ) and ( max-width: 992px ) 50vw, 840px\" \/><figcaption id=\"caption-attachment-317\" class=\"wp-caption-text\">Remains of Roman Bridge<\/figcaption><\/figure>\n<p>La r\u00e9gion des Alpujarras a \u00e9t\u00e9 occup\u00e9e par les Romains et plus tard par les Maures jusqu\u2019\u00e0 ce que les chr\u00e9tiens conqui\u00e8rent Grenade, for\u00e7ant les Maures \u00e0 fuir la r\u00e9gion.\u00a0\u00c0 leur arriv\u00e9e, les Maures avaient creus\u00e9 des terrasses sur les flancs des montagnes laissant ainsi leur empreinte sur le paysage.\u00a0L&rsquo;architecture locale est tr\u00e8s particuli\u00e8re.\u00a0Les toits sont plats et constitu\u00e9s de blocs de pierres locales recouvertes d&rsquo;une couche de plusieurs centim\u00e8tres d&rsquo;\u00e9clats d&rsquo;ardoise.\u00a0Les poutres \u00e0 l&rsquo;int\u00e9rieur sont traditionnellement en ch\u00e2taigniers.\u00a0Apr\u00e8s l\u2019exode des Maures, la r\u00e9gion s\u2019est appauvrie.\u00a0Ce n\u2019est qu\u2019apr\u00e8s la seconde moiti\u00e9 du XXe si\u00e8cle que l\u2019\u00e9conomie de la Alpujarra a commenc\u00e9 \u00e0 se redresser.\u00a0La popularit\u00e9 du best seller de Chris Stewart\u00a0\u201cDriving over lemons\u201d\u00a0a contribu\u00e9 \u00e0 la popularit\u00e9 de la r\u00e9gion.<\/p>\n<figure id=\"attachment_413\" aria-describedby=\"caption-attachment-413\" style=\"width: 840px\" class=\"wp-caption aligncenter\"><img loading=\"lazy\" class=\"size-post-thumbnail wp-image-413\" src=\"http:\/\/www.cortijosreyfini.com\/wp-content\/uploads\/2016\/04\/13-wild-goat-above-cortijos.jpg.jpg\" alt=\"Wild goat above cortijos\" width=\"840\" height=\"563\" srcset=\"https:\/\/www.cortijosreyfini.com\/wp-content\/uploads\/2016\/04\/13-wild-goat-above-cortijos.jpg.jpg 1014w, https:\/\/www.cortijosreyfini.com\/wp-content\/uploads\/2016\/04\/13-wild-goat-above-cortijos.jpg-300x201.jpg 300w, https:\/\/www.cortijosreyfini.com\/wp-content\/uploads\/2016\/04\/13-wild-goat-above-cortijos.jpg-768x515.jpg 768w, https:\/\/www.cortijosreyfini.com\/wp-content\/uploads\/2016\/04\/13-wild-goat-above-cortijos.jpg-437x293.jpg 437w\" sizes=\"( max-width: 768px ) 100vw, ( min-width: 768px ) and ( max-width: 992px ) 50vw, 840px\" \/><figcaption id=\"caption-attachment-413\" class=\"wp-caption-text\">Wild goat above cortijos<\/figcaption><\/figure>\n<div class=\"par_con\">\n<p>La qualit\u00e9 de l\u2019air dans les montagne est la plus propre d\u2019Europe et, en raison de l&rsquo;altitude, la chaleur \u00e0 la mi-\u00e9t\u00e9 n\u2019est pas aussi oppressante que sur la c\u00f4te. On y trouve aussi le village de Trevelez, qui, \u00e0 1476 m\u00e8tres est le plus haut village habit\u00e9 en Espagne. Trevelez est aussi c\u00e9l\u00e8bre pour son serrano de jamon (de jambon).<\/p>\n<\/div>\n<div class=\"par_con\">\n<p>Cette r\u00e9gion est \u00e9galement un paradis pour la marche et la randonn\u00e9e avec une myriade de sentiers qui serpentent \u00e0 travers la Sierra Nevada.\u00a0Des \u00e9tapes nocturnes sont possibles gr\u00e2ce aux refuges qui jalonnent le chemin des randonneurs.<\/p>\n<\/div>\n<\/div>\n<div class=\"par_con\">\n<figure id=\"attachment_316\" aria-describedby=\"caption-attachment-316\" style=\"width: 840px\" class=\"wp-caption aligncenter\"><img loading=\"lazy\" class=\"size-post-thumbnail wp-image-316\" src=\"http:\/\/www.cortijosreyfini.com\/wp-content\/uploads\/2016\/04\/5-view-from-top-of-Mulhacen.jpg\" alt=\"View from top of Mulhacen\" width=\"840\" height=\"563\" srcset=\"https:\/\/www.cortijosreyfini.com\/wp-content\/uploads\/2016\/04\/5-view-from-top-of-Mulhacen.jpg 1014w, https:\/\/www.cortijosreyfini.com\/wp-content\/uploads\/2016\/04\/5-view-from-top-of-Mulhacen-300x201.jpg 300w, https:\/\/www.cortijosreyfini.com\/wp-content\/uploads\/2016\/04\/5-view-from-top-of-Mulhacen-768x515.jpg 768w, https:\/\/www.cortijosreyfini.com\/wp-content\/uploads\/2016\/04\/5-view-from-top-of-Mulhacen-437x293.jpg 437w\" sizes=\"( max-width: 768px ) 100vw, ( min-width: 768px ) and ( max-width: 992px ) 50vw, 840px\" \/><figcaption id=\"caption-attachment-316\" class=\"wp-caption-text\">View from top of Mulhacen<\/figcaption><\/figure>\n<div class=\"par_con\">\n<p>Nos cortijos offrent de formidables opportunit\u00e9s pour marcher dans les montagnes Alpujarra ainsi que pour le VTT, l&rsquo;observation des oiseaux, la peinture et pour explorer les villages traditionnels tels que Capileira, Bubion et Pampaneira.\u00a0C\u2019est l&rsquo;endroit id\u00e9al pour se d\u00e9tendre, passer du temps \u00e0 la piscine, profiter de la belle nature et d\u00e9guster les vins locaux, la cuisine locale dans les bars et restaurants \u00e0 proximit\u00e9, acheter les fromages de ch\u00e8vres et une \u00e9tonnante gamme de fruits et l\u00e9gumes frais pendant les mois d&rsquo;\u00e9t\u00e9.<\/p>\n<\/div>\n<div class=\"par_con\">\n<p>Pour ceux qui souhaitent rayonner plus largement, Grenade et son c\u00e9l\u00e8bre palais, les jardins de l&rsquo;Alhambra, ainsi que la station de ski de Sierra Nevada sont accessibles. Les cortijos sont \u00e9galement \u00e0 une heure de route des plus belles plages de la M\u00e9diterran\u00e9e.<\/p>\n<\/div>\n<div class=\"par_con\">\n<p>En fait, il serait possible de skier le matin et nager dans la mer quelques heures plus tard.<\/p>\n<\/div>\n<div class=\"par_con\">\n<p>On dit souvent qu&rsquo;il n\u2019existent que deux endroits sur terre o\u00f9 vous pouvez skier et nager dans les eaux chaudes au sein d&rsquo;une heure;\u00a0Sierra Nevada en Espagne et la Sierra Nevada en Californie!<\/p>\n<\/div>\n<\/div>\n","protected":false},"excerpt":{"rendered":"<p>La Alpujarra est une cha\u00eene de montagnes et de vall\u00e9es d&rsquo;une beaut\u00e9 naturelle exceptionnelle, h\u00e9bergeant une grande diversit\u00e9 \u00e9cologique et ayant un long pass\u00e9, (le plus influent \u00e9tant l&rsquo;occupation par les Maures il y a environ 700 ans). Domin\u00e9es par la cha\u00eene de montagnes\u00a0de la Sierra Nevada\u00a0avec son plus haut sommet\u00a0(Mulhacen)\u00a0atteignant 3,482m d&rsquo;altitude, les Alpujarras &hellip; <a href=\"https:\/\/www.cortijosreyfini.com\/fr\/things-to-do\/la-alpujarra\/\" class=\"more-link\">Continue reading <span class=\"screen-reader-text\">La Alpujarra<\/span><\/a><\/p>\n","protected":false},"author":1,"featured_media":0,"parent":616,"menu_order":0,"comment_status":"closed","ping_status":"closed","template":"","meta":{"om_disable_all_campaigns":false,"_monsterinsights_skip_tracking":false,"_monsterinsights_sitenote_active":false,"_monsterinsights_sitenote_note":"","_monsterinsights_sitenote_category":0},"acf":[],"aioseo_notices":[],"_links":{"self":[{"href":"https:\/\/www.cortijosreyfini.com\/fr\/wp-json\/wp\/v2\/pages\/758"}],"collection":[{"href":"https:\/\/www.cortijosreyfini.com\/fr\/wp-json\/wp\/v2\/pages"}],"about":[{"href":"https:\/\/www.cortijosreyfini.com\/fr\/wp-json\/wp\/v2\/types\/page"}],"author":[{"embeddable":true,"href":"https:\/\/www.cortijosreyfini.com\/fr\/wp-json\/wp\/v2\/users\/1"}],"replies":[{"embeddable":true,"href":"https:\/\/www.cortijosreyfini.com\/fr\/wp-json\/wp\/v2\/comments?post=758"}],"version-history":[{"count":1,"href":"https:\/\/www.cortijosreyfini.com\/fr\/wp-json\/wp\/v2\/pages\/758\/revisions"}],"predecessor-version":[{"id":759,"href":"https:\/\/www.cortijosreyfini.com\/fr\/wp-json\/wp\/v2\/pages\/758\/revisions\/759"}],"up":[{"embeddable":true,"href":"https:\/\/www.cortijosreyfini.com\/fr\/wp-json\/wp\/v2\/pages\/616"}],"wp:attachment":[{"href":"https:\/\/www.cortijosreyfini.com\/fr\/wp-json\/wp\/v2\/media?parent=758"}],"curies":[{"name":"wp","href":"https:\/\/api.w.org\/{rel}","templated":true}]}}

<figure id="attachment_408" aria-describedby="caption-attachment-408" style="width: 840px" class="wp-caption aligncenter"><img loading="lazy" class="size-post-thumbnail wp-image-408" src="http://www.cortijosreyfini.com/wp-content/uploads/2016/04/8-The-view-from-above-cortijos.jpg.jpg" alt="The view from above cortijos" width="840" height="558" srcset="https://www.cortijosreyfini.com/wp-content/uploads/2016/04/8-The-view-from-above-cortijos.jpg.jpg 1053w, https://www.cortijosreyfini.com/wp-content/uploads/2016/04/8-The-view-from-above-cortijos.jpg-300x199.jpg 300w, https://www.cortijosreyfini.com/wp-content/uploads/2016/04/8-The-view-from-above-cortijos.jpg-768x511.jpg 768w, https://www.cortijosreyfini.com/wp-content/uploads/2016/04/8-The-view-from-above-cortijos.jpg-1024x681.jpg 1024w" sizes="( max-width: 768px ) 100vw, ( min-width: 768px ) and ( max-width: 992px ) 50vw, 840px" /><figcaption id="caption-attachment-408" class="wp-caption-text">The view from above cortijos</figcaption></figure>
<div class="par_con">
<p>La Alpujarra est une chaîne de montagnes et de vallées d&rsquo;une beauté naturelle exceptionnelle, hébergeant une grande diversité écologique et ayant un long passé, (le plus influent étant l&rsquo;occupation par les Maures il y a environ 700 ans).</p>
</div>
<div class="par_con">
<p>Dominées par la chaîne de montagnes <strong>de la Sierra Nevada</strong> avec son plus haut sommet <strong>(Mulhacen)</strong> atteignant 3,482m d&rsquo;altitude, les Alpujarras s’étendent vers le sud sur les chaînes côtières de la Sierra de Lujar, la Sierra de Contraviesa, touchent la Sierra de Gador à l&rsquo;Est et terminent sur le littoral méditerranéen. La région est célèbre pour sa faune et sa flore très diversifiée (en particulier un grand nombre de papillons)</p>
</div>
<div class="par_con">
<figure id="attachment_317" aria-describedby="caption-attachment-317" style="width: 840px" class="wp-caption aligncenter"><img loading="lazy" class="size-post-thumbnail wp-image-317" src="http://www.cortijosreyfini.com/wp-content/uploads/2016/04/6-The-remains-of-a-roman-bridge-below-Busquistar.jpg" alt="Remains of Roman Bridge" width="840" height="563" srcset="https://www.cortijosreyfini.com/wp-content/uploads/2016/04/6-The-remains-of-a-roman-bridge-below-Busquistar.jpg 1014w, https://www.cortijosreyfini.com/wp-content/uploads/2016/04/6-The-remains-of-a-roman-bridge-below-Busquistar-300x201.jpg 300w, https://www.cortijosreyfini.com/wp-content/uploads/2016/04/6-The-remains-of-a-roman-bridge-below-Busquistar-768x515.jpg 768w, https://www.cortijosreyfini.com/wp-content/uploads/2016/04/6-The-remains-of-a-roman-bridge-below-Busquistar-437x293.jpg 437w" sizes="( max-width: 768px ) 100vw, ( min-width: 768px ) and ( max-width: 992px ) 50vw, 840px" /><figcaption id="caption-attachment-317" class="wp-caption-text">Remains of Roman Bridge</figcaption></figure>
<p>La région des Alpujarras a été occupée par les Romains et plus tard par les Maures jusqu’à ce que les chrétiens conquièrent Grenade, forçant les Maures à fuir la région. À leur arrivée, les Maures avaient creusé des terrasses sur les flancs des montagnes laissant ainsi leur empreinte sur le paysage. L&rsquo;architecture locale est très particulière. Les toits sont plats et constitués de blocs de pierres locales recouvertes d&rsquo;une couche de plusieurs centimètres d&rsquo;éclats d&rsquo;ardoise. Les poutres à l&rsquo;intérieur sont traditionnellement en châtaigniers. Après l’exode des Maures, la région s’est appauvrie. Ce n’est qu’après la seconde moitié du XXe siècle que l’économie de la Alpujarra a commencé à se redresser. La popularité du best seller de Chris Stewart “Driving over lemons” a contribué à la popularité de la région.</p>
<figure id="attachment_413" aria-describedby="caption-attachment-413" style="width: 840px" class="wp-caption aligncenter"><img loading="lazy" class="size-post-thumbnail wp-image-413" src="http://www.cortijosreyfini.com/wp-content/uploads/2016/04/13-wild-goat-above-cortijos.jpg.jpg" alt="Wild goat above cortijos" width="840" height="563" srcset="https://www.cortijosreyfini.com/wp-content/uploads/2016/04/13-wild-goat-above-cortijos.jpg.jpg 1014w, https://www.cortijosreyfini.com/wp-content/uploads/2016/04/13-wild-goat-above-cortijos.jpg-300x201.jpg 300w, https://www.cortijosreyfini.com/wp-content/uploads/2016/04/13-wild-goat-above-cortijos.jpg-768x515.jpg 768w, https://www.cortijosreyfini.com/wp-content/uploads/2016/04/13-wild-goat-above-cortijos.jpg-437x293.jpg 437w" sizes="( max-width: 768px ) 100vw, ( min-width: 768px ) and ( max-width: 992px ) 50vw, 840px" /><figcaption id="caption-attachment-413" class="wp-caption-text">Wild goat above cortijos</figcaption></figure>
<div class="par_con">
<p>La qualité de l’air dans les montagne est la plus propre d’Europe et, en raison de l&rsquo;altitude, la chaleur à la mi-été n’est pas aussi oppressante que sur la côte. On y trouve aussi le village de Trevelez, qui, à 1476 mètres est le plus haut village habité en Espagne. Trevelez est aussi célèbre pour son serrano de jamon (de jambon).</p>
</div>
<div class="par_con">
<p>Cette région est également un paradis pour la marche et la randonnée avec une myriade de sentiers qui serpentent à travers la Sierra Nevada. Des étapes nocturnes sont possibles grâce aux refuges qui jalonnent le chemin des randonneurs.</p>
</div>
</div>
<div class="par_con">
<figure id="attachment_316" aria-describedby="caption-attachment-316" style="width: 840px" class="wp-caption aligncenter"><img loading="lazy" class="size-post-thumbnail wp-image-316" src="http://www.cortijosreyfini.com/wp-content/uploads/2016/04/5-view-from-top-of-Mulhacen.jpg" alt="View from top of Mulhacen" width="840" height="563" srcset="https://www.cortijosreyfini.com/wp-content/uploads/2016/04/5-view-from-top-of-Mulhacen.jpg 1014w, https://www.cortijosreyfini.com/wp-content/uploads/2016/04/5-view-from-top-of-Mulhacen-300x201.jpg 300w, https://www.cortijosreyfini.com/wp-content/uploads/2016/04/5-view-from-top-of-Mulhacen-768x515.jpg 768w, https://www.cortijosreyfini.com/wp-content/uploads/2016/04/5-view-from-top-of-Mulhacen-437x293.jpg 437w" sizes="( max-width: 768px ) 100vw, ( min-width: 768px ) and ( max-width: 992px ) 50vw, 840px" /><figcaption id="caption-attachment-316" class="wp-caption-text">View from top of Mulhacen</figcaption></figure>
<div class="par_con">
<p>Nos cortijos offrent de formidables opportunités pour marcher dans les montagnes Alpujarra ainsi que pour le VTT, l&rsquo;observation des oiseaux, la peinture et pour explorer les villages traditionnels tels que Capileira, Bubion et Pampaneira. C’est l&rsquo;endroit idéal pour se détendre, passer du temps à la piscine, profiter de la belle nature et déguster les vins locaux, la cuisine locale dans les bars et restaurants à proximité, acheter les fromages de chèvres et une étonnante gamme de fruits et légumes frais pendant les mois d&rsquo;été.</p>
</div>
<div class="par_con">
<p>Pour ceux qui souhaitent rayonner plus largement, Grenade et son célèbre palais, les jardins de l&rsquo;Alhambra, ainsi que la station de ski de Sierra Nevada sont accessibles. Les cortijos sont également à une heure de route des plus belles plages de la Méditerranée.</p>
</div>
<div class="par_con">
<p>En fait, il serait possible de skier le matin et nager dans la mer quelques heures plus tard.</p>
</div>
<div class="par_con">
<p>On dit souvent qu&rsquo;il n’existent que deux endroits sur terre où vous pouvez skier et nager dans les eaux chaudes au sein d&rsquo;une heure; Sierra Nevada en Espagne et la Sierra Nevada en Californie!</p>
</div>
</div>

<p>La Alpujarra est une chaîne de montagnes et de vallées d&rsquo;une beauté naturelle exceptionnelle, hébergeant une grande diversité écologique et ayant un long passé, (le plus influent étant l&rsquo;occupation par les Maures il y a environ 700 ans). Dominées par la chaîne de montagnes de la Sierra Nevada avec son plus haut sommet (Mulhacen) atteignant 3,482m d&rsquo;altitude, les Alpujarras &hellip; <a href="https://www.cortijosreyfini.com/fr/things-to-do/la-alpujarra/" class="more-link">Continue reading <span class="screen-reader-text">La Alpujarra</span></a></p>
