{"id":673,"date":"2016-04-13T13:03:55","date_gmt":"2016-04-13T13:03:55","guid":{"rendered":"http:\/\/wegetcreative.co.uk\/crf\/?page_id=673&#038;lang=fr"},"modified":"2016-04-13T13:03:55","modified_gmt":"2016-04-13T13:03:55","slug":"cortijos-salsa","status":"publish","type":"page","link":"https:\/\/www.cortijosreyfini.com\/fr\/gastronomy\/cortijos-salsa\/","title":{"rendered":"Cortijos Salsa"},"content":{"rendered":"<div class=\"par_con\">\n<figure id=\"attachment_324\" aria-describedby=\"caption-attachment-324\" style=\"width: 840px\" class=\"wp-caption aligncenter\"><img loading=\"lazy\" class=\"wp-image-324 size-post-thumbnail\" src=\"http:\/\/www.cortijosreyfini.com\/wp-content\/uploads\/2016\/04\/5-finished-sauce-1200x803.jpg\" alt=\"Sauce\" width=\"840\" height=\"562\" srcset=\"https:\/\/www.cortijosreyfini.com\/wp-content\/uploads\/2016\/04\/5-finished-sauce-1200x803.jpg 1200w, https:\/\/www.cortijosreyfini.com\/wp-content\/uploads\/2016\/04\/5-finished-sauce-300x201.jpg 300w, https:\/\/www.cortijosreyfini.com\/wp-content\/uploads\/2016\/04\/5-finished-sauce-768x514.jpg 768w, https:\/\/www.cortijosreyfini.com\/wp-content\/uploads\/2016\/04\/5-finished-sauce-1024x685.jpg 1024w, https:\/\/www.cortijosreyfini.com\/wp-content\/uploads\/2016\/04\/5-finished-sauce-437x293.jpg 437w, https:\/\/www.cortijosreyfini.com\/wp-content\/uploads\/2016\/04\/5-finished-sauce.jpg 1355w\" sizes=\"( max-width: 768px ) 100vw, ( min-width: 768px ) and ( max-width: 992px ) 50vw, 840px\" \/><figcaption id=\"caption-attachment-324\" class=\"wp-caption-text\">Sauce<\/figcaption><\/figure>\n<div class=\"par_con\">\n<div class=\"par_con\">\n<p>Un produit maison du coeur de Las Alpujarras, Sierra Nevada, en Andalousie, Espagne.<\/p>\n<\/div>\n<div class=\"par_con\">\n<p>Bio et \u00e9cologique, la sauce est pr\u00e9par\u00e9e dans un four d&rsquo;argile en utilisant des produits locaux cultiv\u00e9s dans les Cortijos Rey Fini.<\/p>\n<\/div>\n<div class=\"par_con\">\n<p>Ingr\u00e9dients: Chilli, tomates, poivrons, aubergines, ail, sel, thym sauvage et huile d&rsquo;olive<\/p>\n<\/div>\n<\/div>\n<\/div>\n<div class=\"par_con\">\n<figure id=\"attachment_322\" aria-describedby=\"caption-attachment-322\" style=\"width: 840px\" class=\"wp-caption aligncenter\"><img loading=\"lazy\" class=\"wp-image-322 size-post-thumbnail\" src=\"http:\/\/www.cortijosreyfini.com\/wp-content\/uploads\/2016\/04\/3-chillis-and-vegetables-to-go-into-the-clay-oven-for-some-24-hours.jpg\" alt=\"Chilli\" width=\"840\" height=\"563\" srcset=\"https:\/\/www.cortijosreyfini.com\/wp-content\/uploads\/2016\/04\/3-chillis-and-vegetables-to-go-into-the-clay-oven-for-some-24-hours.jpg 1014w, https:\/\/www.cortijosreyfini.com\/wp-content\/uploads\/2016\/04\/3-chillis-and-vegetables-to-go-into-the-clay-oven-for-some-24-hours-300x201.jpg 300w, https:\/\/www.cortijosreyfini.com\/wp-content\/uploads\/2016\/04\/3-chillis-and-vegetables-to-go-into-the-clay-oven-for-some-24-hours-768x515.jpg 768w, https:\/\/www.cortijosreyfini.com\/wp-content\/uploads\/2016\/04\/3-chillis-and-vegetables-to-go-into-the-clay-oven-for-some-24-hours-437x293.jpg 437w\" sizes=\"( max-width: 768px ) 100vw, ( min-width: 768px ) and ( max-width: 992px ) 50vw, 840px\" \/><figcaption id=\"caption-attachment-322\" class=\"wp-caption-text\">Chilli<\/figcaption><\/figure>\n<\/div>\n<div class=\"par_con\">\n<div class=\"par_con\">\n<div class=\"par_con\">\n<p><strong>L&rsquo;histoire de la sauce\u00a0<\/strong>:<\/p>\n<\/div>\n<div class=\"par_con\">\n<p>Mo Fini, le fondateur de Tumi Crafts au Royaume-Uni a pass\u00e9 pr\u00e8s de 35 ans en Am\u00e9rique latine, en particulier au Mexique o\u00f9 il a une petite maison \u00e0 Guadalajara qu\u2019il partage avec de vieux amis mexicains.<\/p>\n<\/div>\n<div class=\"par_con\">\n<p>Il aime passer du temps avec les artisans, mais aussi dans la cuisine avec ses amis mexicains pour pr\u00e9parer les repas, souvent tr\u00e8s \u00e9pic\u00e9s, le piment \u00e9tant l&rsquo;ingr\u00e9dient principal.<\/p>\n<\/div>\n<div class=\"par_con\">\n<p>Rendez-vous compte: il existe plus de 20 types de piments diff\u00e9rents dont les Mexicains se servent pour leurs plats typiques tels que le c\u00e9l\u00e8bre\u00a0<em>Mole<\/em>\u00a0qui en int\u00e8gre 16 sortes.<\/p>\n<\/div>\n<div class=\"par_con\">\n<p>Pour le petit d\u00e9jeuner, la sauce chili est vers\u00e9e sur les oeufs frits, sur la <em>torta<\/em>\u00a0(Sandwich).<\/p>\n<\/div>\n<div class=\"par_con\">\n<p>A la mi-journ\u00e9e vous mangerez au moins une demi-douzaine de piments et, le soir, la table est color\u00e9e de sauces \u00e0 base de piment, rouge ou vert.<\/p>\n<\/div>\n<div class=\"par_con\">\n<p>Mo est tellement accro \u00e0 la sauce Chilli que sa maison du Royaume-Uni, tout comme au Mexique, ressemble \u00e0 un champ de piments, qu\u2019il cultive en pots tout autour de ses maisons et, bien s\u00fbr, il y a toujours de la sauce Chilli sur la table.<\/p>\n<\/div>\n<\/div>\n<\/div>\n<div class=\"par_con\">\n<figure id=\"attachment_326\" aria-describedby=\"caption-attachment-326\" style=\"width: 840px\" class=\"wp-caption aligncenter\"><img loading=\"lazy\" class=\"wp-image-326 size-post-thumbnail\" src=\"http:\/\/www.cortijosreyfini.com\/wp-content\/uploads\/2016\/04\/7-Freshly-grown-chillis-and-vegtables.jpg\" alt=\"Fresh\" width=\"840\" height=\"563\" srcset=\"https:\/\/www.cortijosreyfini.com\/wp-content\/uploads\/2016\/04\/7-Freshly-grown-chillis-and-vegtables.jpg 1014w, https:\/\/www.cortijosreyfini.com\/wp-content\/uploads\/2016\/04\/7-Freshly-grown-chillis-and-vegtables-300x201.jpg 300w, https:\/\/www.cortijosreyfini.com\/wp-content\/uploads\/2016\/04\/7-Freshly-grown-chillis-and-vegtables-768x515.jpg 768w, https:\/\/www.cortijosreyfini.com\/wp-content\/uploads\/2016\/04\/7-Freshly-grown-chillis-and-vegtables-437x293.jpg 437w\" sizes=\"( max-width: 768px ) 100vw, ( min-width: 768px ) and ( max-width: 992px ) 50vw, 840px\" \/><figcaption id=\"caption-attachment-326\" class=\"wp-caption-text\">Fresh<\/figcaption><\/figure>\n<\/div>\n<div class=\"par_con\">\n<p>Lorsque Mo et sa femme Lucy ont achet\u00e9 leurs Cortijos \u00e0 Las Alpujarras en Andalousie, la premi\u00e8re chose qu\u2019ils ont cultiv\u00e9 \u00e9tait le piment mexicain, les tomates mexicaines et les l\u00e9gumes bios.\u00a0Ils ont appel\u00e9 leur ferme \u00ab\u00a0Cortijos Rey Fini\u00a0\u00bb, Cortijo \u00e9tant \u00a0un mot maure\u00a0 signifiant \u201cferme\u201d ou \u201cchalet\u201d.\u00a0Ils louent leurs trois cortijos pendant l&rsquo;\u00e9t\u00e9 et les clients peuvent se servir des produits cultiv\u00e9s sur les terres.\u00a0Pendant l&rsquo;\u00e9t\u00e9 2013, Mo a s\u00e9ch\u00e9 et fum\u00e9 tous les piments, les tomates et les l\u00e9gumes dans le grand four d&rsquo;argile construit sur le site.<\/p>\n<figure id=\"attachment_323\" aria-describedby=\"caption-attachment-323\" style=\"width: 840px\" class=\"wp-caption aligncenter\"><img loading=\"lazy\" class=\"wp-image-323 size-post-thumbnail\" src=\"http:\/\/www.cortijosreyfini.com\/wp-content\/uploads\/2016\/04\/4-crop-of-chillis-grown-on-our-farm.jpg\" alt=\"Crop\" width=\"840\" height=\"563\" srcset=\"https:\/\/www.cortijosreyfini.com\/wp-content\/uploads\/2016\/04\/4-crop-of-chillis-grown-on-our-farm.jpg 1014w, https:\/\/www.cortijosreyfini.com\/wp-content\/uploads\/2016\/04\/4-crop-of-chillis-grown-on-our-farm-300x201.jpg 300w, https:\/\/www.cortijosreyfini.com\/wp-content\/uploads\/2016\/04\/4-crop-of-chillis-grown-on-our-farm-768x515.jpg 768w, https:\/\/www.cortijosreyfini.com\/wp-content\/uploads\/2016\/04\/4-crop-of-chillis-grown-on-our-farm-437x293.jpg 437w\" sizes=\"( max-width: 768px ) 100vw, ( min-width: 768px ) and ( max-width: 992px ) 50vw, 840px\" \/><figcaption id=\"caption-attachment-323\" class=\"wp-caption-text\">Crop<\/figcaption><\/figure>\n<div class=\"par_con\">\n<div class=\"par_con\">\n<p>\u00ab\u00a0Au cours des 35 derni\u00e8res ann\u00e9es je ne me suis pas content\u00e9 de manger quotidiennement la sauce de piment fort, mais j\u2019ai aussi appris \u00e0 la pr\u00e9parer. Bien s\u00fbr, les ingr\u00e9dients sont importants, tout comme l\u2019art de la pr\u00e9paration. \u00bb, dit Mo.<\/p>\n<\/div>\n<div class=\"par_con\">\n<p>Les bases du piment ou de la salsa doivent avoir plusieurs qualit\u00e9s: un go\u00fbt amer de br\u00fbl\u00e9 fum\u00e9 et surtout, pas d\u2019ajout de sucre ou d\u2019autres ingr\u00e9dients artificiels ou conservateurs.<\/p>\n<\/div>\n<div class=\"par_con\">\n<p>Leur go\u00fbt sera bien meilleur si les ingr\u00e9dients sont bios et cultiv\u00e9s en plein air plut\u00f4t que sous serres avec des additifs artificiels.<\/p>\n<\/div>\n<div class=\"par_con\">\n<p>Ainsi, Mo a commenc\u00e9 \u00e0 propager sa recette.\u00a0Piments, tomates, aubergines et ail se rejoignent dans le grand four d&rsquo;argile autour de minuit, dans de gros pots, et mijotent pendant 24 heures sur feu de bois d\u2019olivier.<\/p>\n<\/div>\n<\/div>\n<\/div>\n<div class=\"par_con\">\n<figure id=\"attachment_329\" aria-describedby=\"caption-attachment-329\" style=\"width: 840px\" class=\"wp-caption aligncenter\"><img loading=\"lazy\" class=\"wp-image-329 size-post-thumbnail\" src=\"http:\/\/www.cortijosreyfini.com\/wp-content\/uploads\/2016\/04\/12-Tomatoes-Chillis-and-Herbs-after-24-hours-cooking-in-the-clay-oven.jpg\" alt=\"Herb\" width=\"840\" height=\"563\" srcset=\"https:\/\/www.cortijosreyfini.com\/wp-content\/uploads\/2016\/04\/12-Tomatoes-Chillis-and-Herbs-after-24-hours-cooking-in-the-clay-oven.jpg 1014w, https:\/\/www.cortijosreyfini.com\/wp-content\/uploads\/2016\/04\/12-Tomatoes-Chillis-and-Herbs-after-24-hours-cooking-in-the-clay-oven-300x201.jpg 300w, https:\/\/www.cortijosreyfini.com\/wp-content\/uploads\/2016\/04\/12-Tomatoes-Chillis-and-Herbs-after-24-hours-cooking-in-the-clay-oven-768x515.jpg 768w, https:\/\/www.cortijosreyfini.com\/wp-content\/uploads\/2016\/04\/12-Tomatoes-Chillis-and-Herbs-after-24-hours-cooking-in-the-clay-oven-437x293.jpg 437w\" sizes=\"( max-width: 768px ) 100vw, ( min-width: 768px ) and ( max-width: 992px ) 50vw, 840px\" \/><figcaption id=\"caption-attachment-329\" class=\"wp-caption-text\">Herb<\/figcaption><\/figure>\n<\/div>\n<div class=\"par_con\">\n<div class=\"par_con\">\n<div class=\"par_con\">\n<p>Tous ces ingr\u00e9dients sont cuits pendant plus de 10 heures, et sont agr\u00e9ment\u00e9s de sel et de thym sauvage, qui poussent autour des cortijos.\u00a0Le tout est mis dans une grande casserole, puis bouilli jusqu&rsquo;\u00e0 obtenir la texture d\u00e9sir\u00e9e.<\/p>\n<\/div>\n<div class=\"par_con\">\n<p>Enfin, il est laiss\u00e9 \u00e0 refroidir avant l&rsquo;ajout d\u2019huile d&rsquo;olive vierge, sel et poivre, et la mise en bouteille.<\/p>\n<\/div>\n<div class=\"par_con\">\n<p>Ceci fait, la derni\u00e8re \u00e9tape est de faire bouillir pendant une demi-heure et le tour est jou\u00e9 !<\/p>\n<\/div>\n<div class=\"par_con\">\n<p>Le r\u00e9sultat : un d\u00e9lice!<\/p>\n<\/div>\n<\/div>\n<\/div>\n","protected":false},"excerpt":{"rendered":"<p>Un produit maison du coeur de Las Alpujarras, Sierra Nevada, en Andalousie, Espagne. Bio et \u00e9cologique, la sauce est pr\u00e9par\u00e9e dans un four d&rsquo;argile en utilisant des produits locaux cultiv\u00e9s dans les Cortijos Rey Fini. Ingr\u00e9dients: Chilli, tomates, poivrons, aubergines, ail, sel, thym sauvage et huile d&rsquo;olive L&rsquo;histoire de la sauce\u00a0: Mo Fini, le fondateur &hellip; <a href=\"https:\/\/www.cortijosreyfini.com\/fr\/gastronomy\/cortijos-salsa\/\" class=\"more-link\">Continue reading <span class=\"screen-reader-text\">Cortijos Salsa<\/span><\/a><\/p>\n","protected":false},"author":1,"featured_media":0,"parent":614,"menu_order":0,"comment_status":"closed","ping_status":"closed","template":"","meta":{"om_disable_all_campaigns":false,"_monsterinsights_skip_tracking":false,"_monsterinsights_sitenote_active":false,"_monsterinsights_sitenote_note":"","_monsterinsights_sitenote_category":0},"acf":[],"aioseo_notices":[],"_links":{"self":[{"href":"https:\/\/www.cortijosreyfini.com\/fr\/wp-json\/wp\/v2\/pages\/673"}],"collection":[{"href":"https:\/\/www.cortijosreyfini.com\/fr\/wp-json\/wp\/v2\/pages"}],"about":[{"href":"https:\/\/www.cortijosreyfini.com\/fr\/wp-json\/wp\/v2\/types\/page"}],"author":[{"embeddable":true,"href":"https:\/\/www.cortijosreyfini.com\/fr\/wp-json\/wp\/v2\/users\/1"}],"replies":[{"embeddable":true,"href":"https:\/\/www.cortijosreyfini.com\/fr\/wp-json\/wp\/v2\/comments?post=673"}],"version-history":[{"count":1,"href":"https:\/\/www.cortijosreyfini.com\/fr\/wp-json\/wp\/v2\/pages\/673\/revisions"}],"predecessor-version":[{"id":674,"href":"https:\/\/www.cortijosreyfini.com\/fr\/wp-json\/wp\/v2\/pages\/673\/revisions\/674"}],"up":[{"embeddable":true,"href":"https:\/\/www.cortijosreyfini.com\/fr\/wp-json\/wp\/v2\/pages\/614"}],"wp:attachment":[{"href":"https:\/\/www.cortijosreyfini.com\/fr\/wp-json\/wp\/v2\/media?parent=673"}],"curies":[{"name":"wp","href":"https:\/\/api.w.org\/{rel}","templated":true}]}}

<div class="par_con">
<figure id="attachment_324" aria-describedby="caption-attachment-324" style="width: 840px" class="wp-caption aligncenter"><img loading="lazy" class="wp-image-324 size-post-thumbnail" src="http://www.cortijosreyfini.com/wp-content/uploads/2016/04/5-finished-sauce-1200x803.jpg" alt="Sauce" width="840" height="562" srcset="https://www.cortijosreyfini.com/wp-content/uploads/2016/04/5-finished-sauce-1200x803.jpg 1200w, https://www.cortijosreyfini.com/wp-content/uploads/2016/04/5-finished-sauce-300x201.jpg 300w, https://www.cortijosreyfini.com/wp-content/uploads/2016/04/5-finished-sauce-768x514.jpg 768w, https://www.cortijosreyfini.com/wp-content/uploads/2016/04/5-finished-sauce-1024x685.jpg 1024w, https://www.cortijosreyfini.com/wp-content/uploads/2016/04/5-finished-sauce-437x293.jpg 437w, https://www.cortijosreyfini.com/wp-content/uploads/2016/04/5-finished-sauce.jpg 1355w" sizes="( max-width: 768px ) 100vw, ( min-width: 768px ) and ( max-width: 992px ) 50vw, 840px" /><figcaption id="caption-attachment-324" class="wp-caption-text">Sauce</figcaption></figure>
<div class="par_con">
<div class="par_con">
<p>Un produit maison du coeur de Las Alpujarras, Sierra Nevada, en Andalousie, Espagne.</p>
</div>
<div class="par_con">
<p>Bio et écologique, la sauce est préparée dans un four d&rsquo;argile en utilisant des produits locaux cultivés dans les Cortijos Rey Fini.</p>
</div>
<div class="par_con">
<p>Ingrédients: Chilli, tomates, poivrons, aubergines, ail, sel, thym sauvage et huile d&rsquo;olive</p>
</div>
</div>
</div>
<div class="par_con">
<figure id="attachment_322" aria-describedby="caption-attachment-322" style="width: 840px" class="wp-caption aligncenter"><img loading="lazy" class="wp-image-322 size-post-thumbnail" src="http://www.cortijosreyfini.com/wp-content/uploads/2016/04/3-chillis-and-vegetables-to-go-into-the-clay-oven-for-some-24-hours.jpg" alt="Chilli" width="840" height="563" srcset="https://www.cortijosreyfini.com/wp-content/uploads/2016/04/3-chillis-and-vegetables-to-go-into-the-clay-oven-for-some-24-hours.jpg 1014w, https://www.cortijosreyfini.com/wp-content/uploads/2016/04/3-chillis-and-vegetables-to-go-into-the-clay-oven-for-some-24-hours-300x201.jpg 300w, https://www.cortijosreyfini.com/wp-content/uploads/2016/04/3-chillis-and-vegetables-to-go-into-the-clay-oven-for-some-24-hours-768x515.jpg 768w, https://www.cortijosreyfini.com/wp-content/uploads/2016/04/3-chillis-and-vegetables-to-go-into-the-clay-oven-for-some-24-hours-437x293.jpg 437w" sizes="( max-width: 768px ) 100vw, ( min-width: 768px ) and ( max-width: 992px ) 50vw, 840px" /><figcaption id="caption-attachment-322" class="wp-caption-text">Chilli</figcaption></figure>
</div>
<div class="par_con">
<div class="par_con">
<div class="par_con">
<p><strong>L&rsquo;histoire de la sauce </strong>:</p>
</div>
<div class="par_con">
<p>Mo Fini, le fondateur de Tumi Crafts au Royaume-Uni a passé près de 35 ans en Amérique latine, en particulier au Mexique où il a une petite maison à Guadalajara qu’il partage avec de vieux amis mexicains.</p>
</div>
<div class="par_con">
<p>Il aime passer du temps avec les artisans, mais aussi dans la cuisine avec ses amis mexicains pour préparer les repas, souvent très épicés, le piment étant l&rsquo;ingrédient principal.</p>
</div>
<div class="par_con">
<p>Rendez-vous compte: il existe plus de 20 types de piments différents dont les Mexicains se servent pour leurs plats typiques tels que le célèbre <em>Mole</em> qui en intègre 16 sortes.</p>
</div>
<div class="par_con">
<p>Pour le petit déjeuner, la sauce chili est versée sur les oeufs frits, sur la <em>torta</em> (Sandwich).</p>
</div>
<div class="par_con">
<p>A la mi-journée vous mangerez au moins une demi-douzaine de piments et, le soir, la table est colorée de sauces à base de piment, rouge ou vert.</p>
</div>
<div class="par_con">
<p>Mo est tellement accro à la sauce Chilli que sa maison du Royaume-Uni, tout comme au Mexique, ressemble à un champ de piments, qu’il cultive en pots tout autour de ses maisons et, bien sûr, il y a toujours de la sauce Chilli sur la table.</p>
</div>
</div>
</div>
<div class="par_con">
<figure id="attachment_326" aria-describedby="caption-attachment-326" style="width: 840px" class="wp-caption aligncenter"><img loading="lazy" class="wp-image-326 size-post-thumbnail" src="http://www.cortijosreyfini.com/wp-content/uploads/2016/04/7-Freshly-grown-chillis-and-vegtables.jpg" alt="Fresh" width="840" height="563" srcset="https://www.cortijosreyfini.com/wp-content/uploads/2016/04/7-Freshly-grown-chillis-and-vegtables.jpg 1014w, https://www.cortijosreyfini.com/wp-content/uploads/2016/04/7-Freshly-grown-chillis-and-vegtables-300x201.jpg 300w, https://www.cortijosreyfini.com/wp-content/uploads/2016/04/7-Freshly-grown-chillis-and-vegtables-768x515.jpg 768w, https://www.cortijosreyfini.com/wp-content/uploads/2016/04/7-Freshly-grown-chillis-and-vegtables-437x293.jpg 437w" sizes="( max-width: 768px ) 100vw, ( min-width: 768px ) and ( max-width: 992px ) 50vw, 840px" /><figcaption id="caption-attachment-326" class="wp-caption-text">Fresh</figcaption></figure>
</div>
<div class="par_con">
<p>Lorsque Mo et sa femme Lucy ont acheté leurs Cortijos à Las Alpujarras en Andalousie, la première chose qu’ils ont cultivé était le piment mexicain, les tomates mexicaines et les légumes bios. Ils ont appelé leur ferme « Cortijos Rey Fini », Cortijo étant  un mot maure  signifiant “ferme” ou “chalet”. Ils louent leurs trois cortijos pendant l&rsquo;été et les clients peuvent se servir des produits cultivés sur les terres. Pendant l&rsquo;été 2013, Mo a séché et fumé tous les piments, les tomates et les légumes dans le grand four d&rsquo;argile construit sur le site.</p>
<figure id="attachment_323" aria-describedby="caption-attachment-323" style="width: 840px" class="wp-caption aligncenter"><img loading="lazy" class="wp-image-323 size-post-thumbnail" src="http://www.cortijosreyfini.com/wp-content/uploads/2016/04/4-crop-of-chillis-grown-on-our-farm.jpg" alt="Crop" width="840" height="563" srcset="https://www.cortijosreyfini.com/wp-content/uploads/2016/04/4-crop-of-chillis-grown-on-our-farm.jpg 1014w, https://www.cortijosreyfini.com/wp-content/uploads/2016/04/4-crop-of-chillis-grown-on-our-farm-300x201.jpg 300w, https://www.cortijosreyfini.com/wp-content/uploads/2016/04/4-crop-of-chillis-grown-on-our-farm-768x515.jpg 768w, https://www.cortijosreyfini.com/wp-content/uploads/2016/04/4-crop-of-chillis-grown-on-our-farm-437x293.jpg 437w" sizes="( max-width: 768px ) 100vw, ( min-width: 768px ) and ( max-width: 992px ) 50vw, 840px" /><figcaption id="caption-attachment-323" class="wp-caption-text">Crop</figcaption></figure>
<div class="par_con">
<div class="par_con">
<p>« Au cours des 35 dernières années je ne me suis pas contenté de manger quotidiennement la sauce de piment fort, mais j’ai aussi appris à la préparer. Bien sûr, les ingrédients sont importants, tout comme l’art de la préparation. », dit Mo.</p>
</div>
<div class="par_con">
<p>Les bases du piment ou de la salsa doivent avoir plusieurs qualités: un goût amer de brûlé fumé et surtout, pas d’ajout de sucre ou d’autres ingrédients artificiels ou conservateurs.</p>
</div>
<div class="par_con">
<p>Leur goût sera bien meilleur si les ingrédients sont bios et cultivés en plein air plutôt que sous serres avec des additifs artificiels.</p>
</div>
<div class="par_con">
<p>Ainsi, Mo a commencé à propager sa recette. Piments, tomates, aubergines et ail se rejoignent dans le grand four d&rsquo;argile autour de minuit, dans de gros pots, et mijotent pendant 24 heures sur feu de bois d’olivier.</p>
</div>
</div>
</div>
<div class="par_con">
<figure id="attachment_329" aria-describedby="caption-attachment-329" style="width: 840px" class="wp-caption aligncenter"><img loading="lazy" class="wp-image-329 size-post-thumbnail" src="http://www.cortijosreyfini.com/wp-content/uploads/2016/04/12-Tomatoes-Chillis-and-Herbs-after-24-hours-cooking-in-the-clay-oven.jpg" alt="Herb" width="840" height="563" srcset="https://www.cortijosreyfini.com/wp-content/uploads/2016/04/12-Tomatoes-Chillis-and-Herbs-after-24-hours-cooking-in-the-clay-oven.jpg 1014w, https://www.cortijosreyfini.com/wp-content/uploads/2016/04/12-Tomatoes-Chillis-and-Herbs-after-24-hours-cooking-in-the-clay-oven-300x201.jpg 300w, https://www.cortijosreyfini.com/wp-content/uploads/2016/04/12-Tomatoes-Chillis-and-Herbs-after-24-hours-cooking-in-the-clay-oven-768x515.jpg 768w, https://www.cortijosreyfini.com/wp-content/uploads/2016/04/12-Tomatoes-Chillis-and-Herbs-after-24-hours-cooking-in-the-clay-oven-437x293.jpg 437w" sizes="( max-width: 768px ) 100vw, ( min-width: 768px ) and ( max-width: 992px ) 50vw, 840px" /><figcaption id="caption-attachment-329" class="wp-caption-text">Herb</figcaption></figure>
</div>
<div class="par_con">
<div class="par_con">
<div class="par_con">
<p>Tous ces ingrédients sont cuits pendant plus de 10 heures, et sont agrémentés de sel et de thym sauvage, qui poussent autour des cortijos. Le tout est mis dans une grande casserole, puis bouilli jusqu&rsquo;à obtenir la texture désirée.</p>
</div>
<div class="par_con">
<p>Enfin, il est laissé à refroidir avant l&rsquo;ajout d’huile d&rsquo;olive vierge, sel et poivre, et la mise en bouteille.</p>
</div>
<div class="par_con">
<p>Ceci fait, la dernière étape est de faire bouillir pendant une demi-heure et le tour est joué !</p>
</div>
<div class="par_con">
<p>Le résultat : un délice!</p>
</div>
</div>
</div>

<p>Un produit maison du coeur de Las Alpujarras, Sierra Nevada, en Andalousie, Espagne. Bio et écologique, la sauce est préparée dans un four d&rsquo;argile en utilisant des produits locaux cultivés dans les Cortijos Rey Fini. Ingrédients: Chilli, tomates, poivrons, aubergines, ail, sel, thym sauvage et huile d&rsquo;olive L&rsquo;histoire de la sauce : Mo Fini, le fondateur &hellip; <a href="https://www.cortijosreyfini.com/fr/gastronomy/cortijos-salsa/" class="more-link">Continue reading <span class="screen-reader-text">Cortijos Salsa</span></a></p>
