{"id":1452,"date":"2018-01-26T12:08:05","date_gmt":"2018-01-26T12:08:05","guid":{"rendered":"http:\/\/www.cortijosreyfini.com\/?page_id=1452\/"},"modified":"2018-01-26T12:08:05","modified_gmt":"2018-01-26T12:08:05","slug":"transports-locaux-2","status":"publish","type":"page","link":"https:\/\/www.cortijosreyfini.com\/fr\/information\/transports-locaux-2\/","title":{"rendered":"Transports locaux"},"content":{"rendered":"<div class=\"par_con\">\n<p>L&rsquo;Espagne a un excellent r\u00e9seau de transport ferroviaire et bus.<\/p>\n<\/div>\n<div class=\"par_con\">\n<p>De Trevelez il y 3 bus par jour pour Orgiva et Grenade qui s\u2019arr\u00eatent aux Cortijos. Vous pouvez aussi changer de bus \u00e0 Orgiva pour Motril, Malaga ou d&rsquo;autres destinations.\u00a0Le premier bus part \u00e0 05h30 de Trevelez et passe aux cortijos \u00e0 environ 05h45.\u00a0Rendez-vous visibles, ils s\u2019arr\u00eateront. Pour plus de d\u00e9tails, voir les notes ci-dessous.\u00a0Des taxis sont aussi disponibles pour des transports locaux ou vers les a\u00e9roports.\u00a0Les r\u00e9servations se font en ligne ou par t\u00e9l\u00e9phone.\u00a0<em>Autobuses Y Taxi Marquez<\/em>\u00a0\u00e0 Pitres vous propose des taxis individuels, minibus et autobus.\u00a0Pour les tarifs et d\u00e9tails, voyez ci-dessous ou notre page de liens.<\/p>\n<\/div>\n<div class=\"par_con\">\n<p><strong>Taxis et bus<\/strong><\/p>\n<\/div>\n<div class=\"par_con\">\n<p>Il y a beaucoup de taxis, mais nous ne connaissons que ceux que nous utilisons r\u00e9guli\u00e8rement.\u00a0Les prix et horaires peuvent varier, bien s\u00fbr, merci de v\u00e9rifier.<\/p>\n<\/div>\n<div class=\"par_con\">\n<p>Concernant les bus, vous pouvez consulter les horaires au kiosque \u00e0 Trevelez, ou \u00e0 Orgiva (plus de lignes).<\/p>\n<\/div>\n<div class=\"par_con\">\n<p><strong>Taxi local et mini-bus<\/strong><\/p>\n<\/div>\n<div class=\"par_con\">\n<p>Fernando Marquez.\u00a0Ils g\u00e8rent aussi le magasin de bricolage \u00e0 Pitres, du m\u00eame nom.<\/p>\n<\/div>\n<div class=\"par_con\">\n<p>Portable: 659111745<\/p>\n<\/div>\n<div class=\"par_con\">\n<p>Autre T\u00e9l\u00e9phone: 958766196<\/p>\n<\/div>\n<div class=\"par_con\">\n<p><strong>Autobus De Trevelez \u00e0 Orgiva et Grenade<\/strong><\/p>\n<\/div>\n<div class=\"par_con\">\n<p>Ces bus peuvent \u00eatre pris au bas des Cortijos \u00e0 :<\/p>\n<\/div>\n<div class=\"par_con\">\n<p>05h45 (arriv\u00e9e 08h25), 16h00 (arriv\u00e9e 18h45), 17h30 (arriv\u00e9e 20h50)<\/p>\n<\/div>\n<div class=\"par_con\">\n<p><strong>Les bus de Grenade \u00e0 Trevelez<\/strong><\/p>\n<\/div>\n<div class=\"par_con\">\n<p>10h00 (arriv\u00e9e 13h15), 12h00 (arriv\u00e9e 15h15), 16h30 (arriv\u00e9e 19h35), 17h00 (arriv\u00e9e 20h15).<\/p>\n<\/div>\n<div class=\"par_con\">\n<p>Il y a de nombreuses correspondances d&rsquo;Orgiva vers diverses destinations telles que Motril et Almeria.<\/p>\n<\/div>\n<div class=\"par_con\">\n<p>Merci de consulter notre page de liens<\/p>\n<\/div>\n<div class=\"par_con\">\n<p>Pour les bus au d\u00e9part de Capileira vers Mulhacen, contactez Parque Nacional de Sierra Nevada, Pampaneira au 958 763 127<\/p>\n<\/div>\n<div class=\"par_con\">\n<p>Pour Mulhacen comptez \u00a0\u20ac 4,50 aller et \u20ac 7,00 aller\/retour.\u00a0Nous vous conseillons d&rsquo;acheter votre billet le jour avant votre trajet.<\/p>\n<\/div>\n<div class=\"par_con\">\n<p><strong>Location de voitures:<\/strong><\/p>\n<\/div>\n<div class=\"par_con\">\n<p>Il y a des centaines de soci\u00e9t\u00e9s de location de voiture en cherchant sur Google.<\/p>\n<\/div>\n<div class=\"par_con\">\n<p>Nous utilisons souvent <a href=\"http:\/\/www.carrentals.co.uk\/\">www.carrentals.co.uk<\/a>, \u00a0et en sommes tr\u00e8s satisfaits<\/p>\n<\/div>\n","protected":false},"excerpt":{"rendered":"<p>L&rsquo;Espagne a un excellent r\u00e9seau de transport ferroviaire et bus. De Trevelez il y 3 bus par jour pour Orgiva et Grenade qui s\u2019arr\u00eatent aux Cortijos. Vous pouvez aussi changer de bus \u00e0 Orgiva pour Motril, Malaga ou d&rsquo;autres destinations.\u00a0Le premier bus part \u00e0 05h30 de Trevelez et passe aux cortijos \u00e0 environ 05h45.\u00a0Rendez-vous visibles, &hellip; <a href=\"https:\/\/www.cortijosreyfini.com\/fr\/information\/transports-locaux-2\/\" class=\"more-link\">Continue reading <span class=\"screen-reader-text\">Transports locaux<\/span><\/a><\/p>\n","protected":false},"author":1,"featured_media":0,"parent":821,"menu_order":0,"comment_status":"closed","ping_status":"closed","template":"","meta":{"om_disable_all_campaigns":false,"_monsterinsights_skip_tracking":false,"_monsterinsights_sitenote_active":false,"_monsterinsights_sitenote_note":"","_monsterinsights_sitenote_category":0},"acf":[],"aioseo_notices":[],"_links":{"self":[{"href":"https:\/\/www.cortijosreyfini.com\/fr\/wp-json\/wp\/v2\/pages\/1452"}],"collection":[{"href":"https:\/\/www.cortijosreyfini.com\/fr\/wp-json\/wp\/v2\/pages"}],"about":[{"href":"https:\/\/www.cortijosreyfini.com\/fr\/wp-json\/wp\/v2\/types\/page"}],"author":[{"embeddable":true,"href":"https:\/\/www.cortijosreyfini.com\/fr\/wp-json\/wp\/v2\/users\/1"}],"replies":[{"embeddable":true,"href":"https:\/\/www.cortijosreyfini.com\/fr\/wp-json\/wp\/v2\/comments?post=1452"}],"version-history":[{"count":1,"href":"https:\/\/www.cortijosreyfini.com\/fr\/wp-json\/wp\/v2\/pages\/1452\/revisions"}],"predecessor-version":[{"id":1453,"href":"https:\/\/www.cortijosreyfini.com\/fr\/wp-json\/wp\/v2\/pages\/1452\/revisions\/1453"}],"up":[{"embeddable":true,"href":"https:\/\/www.cortijosreyfini.com\/fr\/wp-json\/wp\/v2\/pages\/821"}],"wp:attachment":[{"href":"https:\/\/www.cortijosreyfini.com\/fr\/wp-json\/wp\/v2\/media?parent=1452"}],"curies":[{"name":"wp","href":"https:\/\/api.w.org\/{rel}","templated":true}]}}

<div class="par_con">
<p>L&rsquo;Espagne a un excellent réseau de transport ferroviaire et bus.</p>
</div>
<div class="par_con">
<p>De Trevelez il y 3 bus par jour pour Orgiva et Grenade qui s’arrêtent aux Cortijos. Vous pouvez aussi changer de bus à Orgiva pour Motril, Malaga ou d&rsquo;autres destinations. Le premier bus part à 05h30 de Trevelez et passe aux cortijos à environ 05h45. Rendez-vous visibles, ils s’arrêteront. Pour plus de détails, voir les notes ci-dessous. Des taxis sont aussi disponibles pour des transports locaux ou vers les aéroports. Les réservations se font en ligne ou par téléphone. <em>Autobuses Y Taxi Marquez</em> à Pitres vous propose des taxis individuels, minibus et autobus. Pour les tarifs et détails, voyez ci-dessous ou notre page de liens.</p>
</div>
<div class="par_con">
<p><strong>Taxis et bus</strong></p>
</div>
<div class="par_con">
<p>Il y a beaucoup de taxis, mais nous ne connaissons que ceux que nous utilisons régulièrement. Les prix et horaires peuvent varier, bien sûr, merci de vérifier.</p>
</div>
<div class="par_con">
<p>Concernant les bus, vous pouvez consulter les horaires au kiosque à Trevelez, ou à Orgiva (plus de lignes).</p>
</div>
<div class="par_con">
<p><strong>Taxi local et mini-bus</strong></p>
</div>
<div class="par_con">
<p>Fernando Marquez. Ils gèrent aussi le magasin de bricolage à Pitres, du même nom.</p>
</div>
<div class="par_con">
<p>Portable: 659111745</p>
</div>
<div class="par_con">
<p>Autre Téléphone: 958766196</p>
</div>
<div class="par_con">
<p><strong>Autobus De Trevelez à Orgiva et Grenade</strong></p>
</div>
<div class="par_con">
<p>Ces bus peuvent être pris au bas des Cortijos à :</p>
</div>
<div class="par_con">
<p>05h45 (arrivée 08h25), 16h00 (arrivée 18h45), 17h30 (arrivée 20h50)</p>
</div>
<div class="par_con">
<p><strong>Les bus de Grenade à Trevelez</strong></p>
</div>
<div class="par_con">
<p>10h00 (arrivée 13h15), 12h00 (arrivée 15h15), 16h30 (arrivée 19h35), 17h00 (arrivée 20h15).</p>
</div>
<div class="par_con">
<p>Il y a de nombreuses correspondances d&rsquo;Orgiva vers diverses destinations telles que Motril et Almeria.</p>
</div>
<div class="par_con">
<p>Merci de consulter notre page de liens</p>
</div>
<div class="par_con">
<p>Pour les bus au départ de Capileira vers Mulhacen, contactez Parque Nacional de Sierra Nevada, Pampaneira au 958 763 127</p>
</div>
<div class="par_con">
<p>Pour Mulhacen comptez  € 4,50 aller et € 7,00 aller/retour. Nous vous conseillons d&rsquo;acheter votre billet le jour avant votre trajet.</p>
</div>
<div class="par_con">
<p><strong>Location de voitures:</strong></p>
</div>
<div class="par_con">
<p>Il y a des centaines de sociétés de location de voiture en cherchant sur Google.</p>
</div>
<div class="par_con">
<p>Nous utilisons souvent <a href="http://www.carrentals.co.uk/">www.carrentals.co.uk</a>,  et en sommes très satisfaits</p>
</div>

<p>L&rsquo;Espagne a un excellent réseau de transport ferroviaire et bus. De Trevelez il y 3 bus par jour pour Orgiva et Grenade qui s’arrêtent aux Cortijos. Vous pouvez aussi changer de bus à Orgiva pour Motril, Malaga ou d&rsquo;autres destinations. Le premier bus part à 05h30 de Trevelez et passe aux cortijos à environ 05h45. Rendez-vous visibles, &hellip; <a href="https://www.cortijosreyfini.com/fr/information/transports-locaux-2/" class="more-link">Continue reading <span class="screen-reader-text">Transports locaux</span></a></p>
