{"id":1308,"date":"2016-04-25T10:59:35","date_gmt":"2016-04-25T10:59:35","guid":{"rendered":"http:\/\/wegetcreative.co.uk\/crf\/?page_id=1308&#038;lang=fr"},"modified":"2016-04-25T10:59:35","modified_gmt":"2016-04-25T10:59:35","slug":"la-rijana","status":"publish","type":"page","link":"https:\/\/www.cortijosreyfini.com\/fr\/things-to-do\/beaches\/la-rijana\/","title":{"rendered":"La Rijana"},"content":{"rendered":"<div class=\"par_con\">\n<figure id=\"attachment_81\" aria-describedby=\"caption-attachment-81\" style=\"width: 437px\" class=\"wp-caption alignnone\"><img loading=\"lazy\" class=\"size-medium wp-image-81\" src=\"http:\/\/www.cortijosreyfini.com\/wp-content\/uploads\/2016\/04\/1-The-beach-in-la-Rijana-1-437x437.jpg\" alt=\"The beach in la Rijana\" width=\"437\" height=\"437\" srcset=\"https:\/\/www.cortijosreyfini.com\/wp-content\/uploads\/2016\/04\/1-The-beach-in-la-Rijana-1-437x437.jpg 437w, https:\/\/www.cortijosreyfini.com\/wp-content\/uploads\/2016\/04\/1-The-beach-in-la-Rijana-1-150x150.jpg 150w\" sizes=\"( max-width: 768px ) 100vw, ( min-width: 768px ) and ( max-width: 992px ) 50vw, 437px\" \/><figcaption id=\"caption-attachment-81\" class=\"wp-caption-text\">The beach in la Rijana<\/figcaption><\/figure>\n<div class=\"par_con\">\n<p>Si vous \u00eates adeptes de plong\u00e9e avec tuba, juste en haut de la colline apr\u00e8s Calahonda et quelques tunnels, vous trouverez une petite plage : La Rijana. 50 m\u00e8tres apr\u00e8s la plage vous atteindrez une aire de stationnement. En tournant autour de l&rsquo;aire vous verrez un petit parking sur votre droite.<\/p>\n<\/div>\n<div class=\"par_con\">\n<p>Evitez d\u2019y aller les week end d\u2019Aout, et m\u00eame en semaine partez t\u00f4t le matin si vous ne voulez pas vous retrouver dans les bouchons.<\/p>\n<\/div>\n<div class=\"par_con\">\n<p>Rappelez-vous qu\u2019il y a des plages tranquilles et des criques tout au long du littoral.<\/p>\n<\/div>\n<div class=\"par_con\">\n<p>D&rsquo;habitude, nous \u00e9vitons les plages trop peupl\u00e9es. Mais si la foule ne vous d\u00e9range pas vous pourrez les d\u00e9couvrir et nous faire part de vos commentaires pour que nous puissions faire passer l\u2019info.<\/p>\n<\/div>\n<\/div>\n","protected":false},"excerpt":{"rendered":"<p>Si vous \u00eates adeptes de plong\u00e9e avec tuba, juste en haut de la colline apr\u00e8s Calahonda et quelques tunnels, vous trouverez une petite plage : La Rijana. 50 m\u00e8tres apr\u00e8s la plage vous atteindrez une aire de stationnement. En tournant autour de l&rsquo;aire vous verrez un petit parking sur votre droite. Evitez d\u2019y aller les &hellip; <a href=\"https:\/\/www.cortijosreyfini.com\/fr\/things-to-do\/beaches\/la-rijana\/\" class=\"more-link\">Continue reading <span class=\"screen-reader-text\">La Rijana<\/span><\/a><\/p>\n","protected":false},"author":1,"featured_media":0,"parent":1221,"menu_order":0,"comment_status":"closed","ping_status":"closed","template":"","meta":{"om_disable_all_campaigns":false,"_monsterinsights_skip_tracking":false,"_monsterinsights_sitenote_active":false,"_monsterinsights_sitenote_note":"","_monsterinsights_sitenote_category":0},"acf":[],"aioseo_notices":[],"_links":{"self":[{"href":"https:\/\/www.cortijosreyfini.com\/fr\/wp-json\/wp\/v2\/pages\/1308"}],"collection":[{"href":"https:\/\/www.cortijosreyfini.com\/fr\/wp-json\/wp\/v2\/pages"}],"about":[{"href":"https:\/\/www.cortijosreyfini.com\/fr\/wp-json\/wp\/v2\/types\/page"}],"author":[{"embeddable":true,"href":"https:\/\/www.cortijosreyfini.com\/fr\/wp-json\/wp\/v2\/users\/1"}],"replies":[{"embeddable":true,"href":"https:\/\/www.cortijosreyfini.com\/fr\/wp-json\/wp\/v2\/comments?post=1308"}],"version-history":[{"count":1,"href":"https:\/\/www.cortijosreyfini.com\/fr\/wp-json\/wp\/v2\/pages\/1308\/revisions"}],"predecessor-version":[{"id":1309,"href":"https:\/\/www.cortijosreyfini.com\/fr\/wp-json\/wp\/v2\/pages\/1308\/revisions\/1309"}],"up":[{"embeddable":true,"href":"https:\/\/www.cortijosreyfini.com\/fr\/wp-json\/wp\/v2\/pages\/1221"}],"wp:attachment":[{"href":"https:\/\/www.cortijosreyfini.com\/fr\/wp-json\/wp\/v2\/media?parent=1308"}],"curies":[{"name":"wp","href":"https:\/\/api.w.org\/{rel}","templated":true}]}}

<div class="par_con">
<figure id="attachment_81" aria-describedby="caption-attachment-81" style="width: 437px" class="wp-caption alignnone"><img loading="lazy" class="size-medium wp-image-81" src="http://www.cortijosreyfini.com/wp-content/uploads/2016/04/1-The-beach-in-la-Rijana-1-437x437.jpg" alt="The beach in la Rijana" width="437" height="437" srcset="https://www.cortijosreyfini.com/wp-content/uploads/2016/04/1-The-beach-in-la-Rijana-1-437x437.jpg 437w, https://www.cortijosreyfini.com/wp-content/uploads/2016/04/1-The-beach-in-la-Rijana-1-150x150.jpg 150w" sizes="( max-width: 768px ) 100vw, ( min-width: 768px ) and ( max-width: 992px ) 50vw, 437px" /><figcaption id="caption-attachment-81" class="wp-caption-text">The beach in la Rijana</figcaption></figure>
<div class="par_con">
<p>Si vous êtes adeptes de plongée avec tuba, juste en haut de la colline après Calahonda et quelques tunnels, vous trouverez une petite plage : La Rijana. 50 mètres après la plage vous atteindrez une aire de stationnement. En tournant autour de l&rsquo;aire vous verrez un petit parking sur votre droite.</p>
</div>
<div class="par_con">
<p>Evitez d’y aller les week end d’Aout, et même en semaine partez tôt le matin si vous ne voulez pas vous retrouver dans les bouchons.</p>
</div>
<div class="par_con">
<p>Rappelez-vous qu’il y a des plages tranquilles et des criques tout au long du littoral.</p>
</div>
<div class="par_con">
<p>D&rsquo;habitude, nous évitons les plages trop peuplées. Mais si la foule ne vous dérange pas vous pourrez les découvrir et nous faire part de vos commentaires pour que nous puissions faire passer l’info.</p>
</div>
</div>

<p>Si vous êtes adeptes de plongée avec tuba, juste en haut de la colline après Calahonda et quelques tunnels, vous trouverez une petite plage : La Rijana. 50 mètres après la plage vous atteindrez une aire de stationnement. En tournant autour de l&rsquo;aire vous verrez un petit parking sur votre droite. Evitez d’y aller les &hellip; <a href="https://www.cortijosreyfini.com/fr/things-to-do/beaches/la-rijana/" class="more-link">Continue reading <span class="screen-reader-text">La Rijana</span></a></p>
