{"id":1158,"date":"2016-04-25T09:55:06","date_gmt":"2016-04-25T09:55:06","guid":{"rendered":"http:\/\/wegetcreative.co.uk\/crf\/?page_id=1158&#038;lang=fr"},"modified":"2016-04-25T09:55:06","modified_gmt":"2016-04-25T09:55:06","slug":"capileira-bubion-et-pampaneira","status":"publish","type":"page","link":"https:\/\/www.cortijosreyfini.com\/fr\/gastronomy\/local-restaurants\/capileira-bubion-et-pampaneira\/","title":{"rendered":"Capileira, Bubion et Pampaneira"},"content":{"rendered":"<div class=\"par_con\">\n<p><strong>Capileira<\/strong><\/p>\n<\/div>\n<div class=\"par_con\">\n<p>Voici les restaurants de Capileira que nous recommandons :<\/p>\n<\/div>\n<div class=\"par_con\"><\/div>\n<div class=\"par_con\">\n<ul>\n<li>Un bel endroit pour s\u2019asseoir et prendre un verre : les jardins de\u00a0<em>l&rsquo;H\u00f4tel Poqueira Gorge\u00a0<\/em>g\u00e9r\u00e9s par nos amis Paco et Pepe.\u00a0Vous trouverez l&rsquo;h\u00f4tel sur votre gauche dans Capileira, ses jardins sont juste en dessous. Ils proposent aussi des grillades.<\/li>\n<\/ul>\n<\/div>\n<div class=\"par_con\">\n<ul>\n<li><em>Calvario\u00a0<\/em>est une bonne pizzeria, situ\u00e9e sur la petite place <em>Plaza Calvario.<\/em><\/li>\n<\/ul>\n<\/div>\n<div class=\"par_con\">\n<ul>\n<li><em>El Asador <\/em>est un autre bon restaurant,\u00a0que vous trouverez sur la rue principale \u00e0 votre droite. Nous appricions particuli\u00e8rement ses plats de viande et de poisons.<\/li>\n<\/ul>\n<\/div>\n<div class=\"par_con\">\n<ul>\n<li><em>Casa de Pilar y Paco Lopez,\u00a0<\/em>le dernier restaurant sur la droite en haut de la colline sur la route principale, b\u00e9n\u00e9ficie d\u2019une superbe vue et son jardin et sa terrasse sont fortement appr\u00e9ci\u00e9s durant la saison chaude<\/li>\n<\/ul>\n<\/div>\n<div class=\"par_con\"><\/div>\n<div class=\"par_con\">\n<p>Il y a d\u2019autres restaurants et bars \u00e0 Capileira, un village charmant, propice \u00e0 la promenade et la d\u00e9couverte de tr\u00e9sors cach\u00e9s.<\/p>\n<\/div>\n<div class=\"par_con\">\n<p><strong>Bubion<\/strong><\/p>\n<\/div>\n<div class=\"par_con\">\n<p>Sur la route principale qui traverse le village, <em>El Teide <\/em>est un\u00a0tr\u00e8s bon endroit pour boire un verre avec des tapas ainsi que d\u00e9guster des plats traditionnels des Alpujarras.<\/p>\n<\/div>\n<div class=\"par_con\">\n<p><strong>Pampaneira<\/strong><\/p>\n<\/div>\n<div class=\"par_con\">\n<p>Nich\u00e9 dans une des ruelles, vous trouverez la\u00a0<em>Bodega Asador \u00ab\u00a0El Lagar\u00a0\u00bb<\/em>\u00a0et son four \u00e0 bois.<\/p>\n<\/div>\n","protected":false},"excerpt":{"rendered":"<p>Capileira Voici les restaurants de Capileira que nous recommandons : Un bel endroit pour s\u2019asseoir et prendre un verre : les jardins de\u00a0l&rsquo;H\u00f4tel Poqueira Gorge\u00a0g\u00e9r\u00e9s par nos amis Paco et Pepe.\u00a0Vous trouverez l&rsquo;h\u00f4tel sur votre gauche dans Capileira, ses jardins sont juste en dessous. Ils proposent aussi des grillades. Calvario\u00a0est une bonne pizzeria, situ\u00e9e sur &hellip; <a href=\"https:\/\/www.cortijosreyfini.com\/fr\/gastronomy\/local-restaurants\/capileira-bubion-et-pampaneira\/\" class=\"more-link\">Continue reading <span class=\"screen-reader-text\">Capileira, Bubion et Pampaneira<\/span><\/a><\/p>\n","protected":false},"author":1,"featured_media":0,"parent":1176,"menu_order":0,"comment_status":"closed","ping_status":"closed","template":"","meta":{"om_disable_all_campaigns":false,"_monsterinsights_skip_tracking":false,"_monsterinsights_sitenote_active":false,"_monsterinsights_sitenote_note":"","_monsterinsights_sitenote_category":0},"acf":[],"aioseo_notices":[],"_links":{"self":[{"href":"https:\/\/www.cortijosreyfini.com\/fr\/wp-json\/wp\/v2\/pages\/1158"}],"collection":[{"href":"https:\/\/www.cortijosreyfini.com\/fr\/wp-json\/wp\/v2\/pages"}],"about":[{"href":"https:\/\/www.cortijosreyfini.com\/fr\/wp-json\/wp\/v2\/types\/page"}],"author":[{"embeddable":true,"href":"https:\/\/www.cortijosreyfini.com\/fr\/wp-json\/wp\/v2\/users\/1"}],"replies":[{"embeddable":true,"href":"https:\/\/www.cortijosreyfini.com\/fr\/wp-json\/wp\/v2\/comments?post=1158"}],"version-history":[{"count":1,"href":"https:\/\/www.cortijosreyfini.com\/fr\/wp-json\/wp\/v2\/pages\/1158\/revisions"}],"predecessor-version":[{"id":1159,"href":"https:\/\/www.cortijosreyfini.com\/fr\/wp-json\/wp\/v2\/pages\/1158\/revisions\/1159"}],"up":[{"embeddable":true,"href":"https:\/\/www.cortijosreyfini.com\/fr\/wp-json\/wp\/v2\/pages\/1176"}],"wp:attachment":[{"href":"https:\/\/www.cortijosreyfini.com\/fr\/wp-json\/wp\/v2\/media?parent=1158"}],"curies":[{"name":"wp","href":"https:\/\/api.w.org\/{rel}","templated":true}]}}

<div class="par_con">
<p><strong>Capileira</strong></p>
</div>
<div class="par_con">
<p>Voici les restaurants de Capileira que nous recommandons :</p>
</div>
<div class="par_con"></div>
<div class="par_con">
<ul>
<li>Un bel endroit pour s’asseoir et prendre un verre : les jardins de <em>l&rsquo;Hôtel Poqueira Gorge </em>gérés par nos amis Paco et Pepe. Vous trouverez l&rsquo;hôtel sur votre gauche dans Capileira, ses jardins sont juste en dessous. Ils proposent aussi des grillades.</li>
</ul>
</div>
<div class="par_con">
<ul>
<li><em>Calvario </em>est une bonne pizzeria, située sur la petite place <em>Plaza Calvario.</em></li>
</ul>
</div>
<div class="par_con">
<ul>
<li><em>El Asador </em>est un autre bon restaurant, que vous trouverez sur la rue principale à votre droite. Nous appricions particulièrement ses plats de viande et de poisons.</li>
</ul>
</div>
<div class="par_con">
<ul>
<li><em>Casa de Pilar y Paco Lopez, </em>le dernier restaurant sur la droite en haut de la colline sur la route principale, bénéficie d’une superbe vue et son jardin et sa terrasse sont fortement appréciés durant la saison chaude</li>
</ul>
</div>
<div class="par_con"></div>
<div class="par_con">
<p>Il y a d’autres restaurants et bars à Capileira, un village charmant, propice à la promenade et la découverte de trésors cachés.</p>
</div>
<div class="par_con">
<p><strong>Bubion</strong></p>
</div>
<div class="par_con">
<p>Sur la route principale qui traverse le village, <em>El Teide </em>est un très bon endroit pour boire un verre avec des tapas ainsi que déguster des plats traditionnels des Alpujarras.</p>
</div>
<div class="par_con">
<p><strong>Pampaneira</strong></p>
</div>
<div class="par_con">
<p>Niché dans une des ruelles, vous trouverez la <em>Bodega Asador « El Lagar »</em> et son four à bois.</p>
</div>

<p>Capileira Voici les restaurants de Capileira que nous recommandons : Un bel endroit pour s’asseoir et prendre un verre : les jardins de l&rsquo;Hôtel Poqueira Gorge gérés par nos amis Paco et Pepe. Vous trouverez l&rsquo;hôtel sur votre gauche dans Capileira, ses jardins sont juste en dessous. Ils proposent aussi des grillades. Calvario est une bonne pizzeria, située sur &hellip; <a href="https://www.cortijosreyfini.com/fr/gastronomy/local-restaurants/capileira-bubion-et-pampaneira/" class="more-link">Continue reading <span class="screen-reader-text">Capileira, Bubion et Pampaneira</span></a></p>
