{"id":1081,"date":"2016-04-25T09:02:43","date_gmt":"2016-04-25T09:02:43","guid":{"rendered":"http:\/\/wegetcreative.co.uk\/crf\/?page_id=1081&#038;lang=fr"},"modified":"2016-04-25T09:02:43","modified_gmt":"2016-04-25T09:02:43","slug":"de-capilerilla-a-capeleira","status":"publish","type":"page","link":"https:\/\/www.cortijosreyfini.com\/fr\/things-to-do\/activities\/walks-and-hikes\/de-capilerilla-a-capeleira\/","title":{"rendered":"De Capilerilla \u00e0 Capeleira"},"content":{"rendered":"<div class=\"par_con\">\n<p><strong>De Capilerilla vers le haut de Capileira, Bubi\u00f3n et Pampaneira: (deux<\/strong>\u00a0<strong>heures)<\/strong><\/p>\n<\/div>\n<div class=\"par_con\">\n<p>Ces deux noms sont souvent confondus, Capilerilla est le premier petit village entre Busquistar et Pitres, et Capileira est un peu plus loin sur la route vers Orgiva.<\/p>\n<\/div>\n<div class=\"par_con\">\n<p>La balade est facile, id\u00e9ale pour les familles avec de jeunes enfants (pensez \u00e0 emporter une gourde).<\/p>\n<\/div>\n<div class=\"par_con\">\n<p>Rendez-vous \u00e0 Capilerilla et garez votre voiture dans le village. Un chemin balis\u00e9 vous m\u00e8ne au plus haut des trois villages de Capileira, Bubi\u00f3n et Pampaneira. Il traverse une for\u00eat et offre de superbes vues sur Capileira.\u00a0Si vous avez du mal \u00e0 trouver le chemin, demandez aux gens du village.<\/p>\n<\/div>\n<div class=\"par_con\">\n<p>Quand vous voyez les villages en dessous de vous, vous avez 2 options :<\/p>\n<\/div>\n<div class=\"par_con\">\n<p>1- Revenir par le m\u00eame chemin<\/p>\n<\/div>\n<div class=\"par_con\">\n<p>2- Continuer vers Capileira, Bubi\u00f3n et Pampaneira. Vous pourrez prendre un taxi devant l&rsquo;office de tourisme de Capileira pour rejoindre votre voiture.<\/p>\n<\/div>\n","protected":false},"excerpt":{"rendered":"<p>De Capilerilla vers le haut de Capileira, Bubi\u00f3n et Pampaneira: (deux\u00a0heures) Ces deux noms sont souvent confondus, Capilerilla est le premier petit village entre Busquistar et Pitres, et Capileira est un peu plus loin sur la route vers Orgiva. La balade est facile, id\u00e9ale pour les familles avec de jeunes enfants (pensez \u00e0 emporter une &hellip; <a href=\"https:\/\/www.cortijosreyfini.com\/fr\/things-to-do\/activities\/walks-and-hikes\/de-capilerilla-a-capeleira\/\" class=\"more-link\">Continue reading <span class=\"screen-reader-text\">De Capilerilla \u00e0 Capeleira<\/span><\/a><\/p>\n","protected":false},"author":1,"featured_media":0,"parent":1008,"menu_order":0,"comment_status":"closed","ping_status":"closed","template":"","meta":{"om_disable_all_campaigns":false,"_monsterinsights_skip_tracking":false,"_monsterinsights_sitenote_active":false,"_monsterinsights_sitenote_note":"","_monsterinsights_sitenote_category":0},"acf":[],"aioseo_notices":[],"_links":{"self":[{"href":"https:\/\/www.cortijosreyfini.com\/fr\/wp-json\/wp\/v2\/pages\/1081"}],"collection":[{"href":"https:\/\/www.cortijosreyfini.com\/fr\/wp-json\/wp\/v2\/pages"}],"about":[{"href":"https:\/\/www.cortijosreyfini.com\/fr\/wp-json\/wp\/v2\/types\/page"}],"author":[{"embeddable":true,"href":"https:\/\/www.cortijosreyfini.com\/fr\/wp-json\/wp\/v2\/users\/1"}],"replies":[{"embeddable":true,"href":"https:\/\/www.cortijosreyfini.com\/fr\/wp-json\/wp\/v2\/comments?post=1081"}],"version-history":[{"count":1,"href":"https:\/\/www.cortijosreyfini.com\/fr\/wp-json\/wp\/v2\/pages\/1081\/revisions"}],"predecessor-version":[{"id":1082,"href":"https:\/\/www.cortijosreyfini.com\/fr\/wp-json\/wp\/v2\/pages\/1081\/revisions\/1082"}],"up":[{"embeddable":true,"href":"https:\/\/www.cortijosreyfini.com\/fr\/wp-json\/wp\/v2\/pages\/1008"}],"wp:attachment":[{"href":"https:\/\/www.cortijosreyfini.com\/fr\/wp-json\/wp\/v2\/media?parent=1081"}],"curies":[{"name":"wp","href":"https:\/\/api.w.org\/{rel}","templated":true}]}}

De Capilerilla à Capeleira

<div class="par_con">
<p><strong>De Capilerilla vers le haut de Capileira, Bubión et Pampaneira: (deux</strong> <strong>heures)</strong></p>
</div>
<div class="par_con">
<p>Ces deux noms sont souvent confondus, Capilerilla est le premier petit village entre Busquistar et Pitres, et Capileira est un peu plus loin sur la route vers Orgiva.</p>
</div>
<div class="par_con">
<p>La balade est facile, idéale pour les familles avec de jeunes enfants (pensez à emporter une gourde).</p>
</div>
<div class="par_con">
<p>Rendez-vous à Capilerilla et garez votre voiture dans le village. Un chemin balisé vous mène au plus haut des trois villages de Capileira, Bubión et Pampaneira. Il traverse une forêt et offre de superbes vues sur Capileira. Si vous avez du mal à trouver le chemin, demandez aux gens du village.</p>
</div>
<div class="par_con">
<p>Quand vous voyez les villages en dessous de vous, vous avez 2 options :</p>
</div>
<div class="par_con">
<p>1- Revenir par le même chemin</p>
</div>
<div class="par_con">
<p>2- Continuer vers Capileira, Bubión et Pampaneira. Vous pourrez prendre un taxi devant l&rsquo;office de tourisme de Capileira pour rejoindre votre voiture.</p>
</div>

<p>De Capilerilla vers le haut de Capileira, Bubión et Pampaneira: (deux heures) Ces deux noms sont souvent confondus, Capilerilla est le premier petit village entre Busquistar et Pitres, et Capileira est un peu plus loin sur la route vers Orgiva. La balade est facile, idéale pour les familles avec de jeunes enfants (pensez à emporter une &hellip; <a href="https://www.cortijosreyfini.com/fr/things-to-do/activities/walks-and-hikes/de-capilerilla-a-capeleira/" class="more-link">Continue reading <span class="screen-reader-text">De Capilerilla à Capeleira</span></a></p>
