{"id":1065,"date":"2016-04-22T15:28:17","date_gmt":"2016-04-22T15:28:17","guid":{"rendered":"http:\/\/wegetcreative.co.uk\/crf\/?page_id=1065&#038;lang=fr"},"modified":"2016-04-22T15:28:17","modified_gmt":"2016-04-22T15:28:17","slug":"de-capileira-au-refugio-poquiera","status":"publish","type":"page","link":"https:\/\/www.cortijosreyfini.com\/fr\/things-to-do\/activities\/walks-and-hikes\/de-capileira-au-refugio-poquiera\/","title":{"rendered":"De Capileira au Refugio Poquiera"},"content":{"rendered":"<div class=\"par_con\">\n<p><strong>De Capileira (1436m) au refugio del Poqueira (2500m)<\/strong><\/p>\n<figure id=\"attachment_466\" aria-describedby=\"caption-attachment-466\" style=\"width: 437px\" class=\"wp-caption alignnone\"><img loading=\"lazy\" class=\"size-medium wp-image-466\" src=\"http:\/\/www.cortijosreyfini.com\/wp-content\/uploads\/2016\/04\/15-This-is-where-you-leave-your-car-and-start-to-walk-1-437x437.jpg\" alt=\"This is where you leave your car and start to walk\" width=\"437\" height=\"437\" srcset=\"https:\/\/www.cortijosreyfini.com\/wp-content\/uploads\/2016\/04\/15-This-is-where-you-leave-your-car-and-start-to-walk-1-437x437.jpg 437w, https:\/\/www.cortijosreyfini.com\/wp-content\/uploads\/2016\/04\/15-This-is-where-you-leave-your-car-and-start-to-walk-1-150x150.jpg 150w\" sizes=\"( max-width: 768px ) 100vw, ( min-width: 768px ) and ( max-width: 992px ) 50vw, 437px\" \/><figcaption id=\"caption-attachment-466\" class=\"wp-caption-text\">This is where you leave your car and start to walk<\/figcaption><\/figure>\n<\/div>\n<div class=\"par_con\">\n<div class=\"par_con\">\n<p>(A) Prenez le <em>sendero 3<\/em>\u00a0<em>del Poqueira<\/em>\u00a0jusqu&rsquo;\u00e0 l<em>&lsquo;Acequias Baja et Alta <\/em>et<em> s<\/em>uivez ce canal d&rsquo;irrigation jusqu&rsquo;en dessous du rocher <em>Pena de Juan Alonso. <\/em>Puis longez le versant droit du dernier ravin jusqu&rsquo;au<em>\u00a0<\/em>au refuge. (Dur\u00e9e 3 heures)<\/p>\n<\/div>\n<div class=\"par_con\">\n(B) Prenez n&rsquo;importe lequel des <em>Senderos del Poqueira<\/em>\u00a0jusqu&rsquo;\u00e0 <em>La Cebadilla<\/em>. Passez le pont <em>Puente Naute<\/em>\u00a0et suivez le sentier jusqu&rsquo;\u00e0<em> Hoya del Capitan<\/em>, en passant par le <em>Cortijo Blanco<\/em>. Longez le versant droit en traversant le canal d&rsquo;irrigation <em>Acequia Baja<\/em> puis <em>Acequia Alta<\/em>. Quittez le sentier et montez le versant droit du ravin jusqu&rsquo;au refuge. (Dur\u00e9e: 3 heures)<\/p>\n<\/div>\n<div class=\"par_con\">\n(C) Sortez de Capileira en voiture jusqu&rsquo;\u00e0 <em>Hoya del Portillo<\/em>, en suivant une route goudronn\u00e9e qui devient une piste. Garez votre v\u00e9hicule et continuez \u00e0 pied en laissant \u00e0 votre gauche le sentier menant au <em>Rio Bermejo<\/em>. Continuez jusqu&rsquo;au prochain tournant o\u00f9 vous verrez un coupe-feu. Prenez le chemin \u00e0 c\u00f4t\u00e9 de Acequia Alta, qui m\u00e8ne \u00e0 un autre chemin sur <em>Hoya del Leon<\/em>. Entre\u00a0<em>Acequia Alta<\/em> et <em>Baja<\/em> il y a un chemin tr\u00e8s bien balis\u00e9 que vous prendrez pour rejoindre le <em>sendero 3 del Poqueira<\/em>, jusqu&rsquo;a refuge. (Dur\u00e9e: 2 heures \u00be de <em>la Hoya del Portillo<\/em>).<\/p>\n<\/div>\n<\/div>\n","protected":false},"excerpt":{"rendered":"<p>De Capileira (1436m) au refugio del Poqueira (2500m) (A) Prenez le sendero 3\u00a0del Poqueira\u00a0jusqu&rsquo;\u00e0 l&lsquo;Acequias Baja et Alta et suivez ce canal d&rsquo;irrigation jusqu&rsquo;en dessous du rocher Pena de Juan Alonso. Puis longez le versant droit du dernier ravin jusqu&rsquo;au\u00a0au refuge. (Dur\u00e9e 3 heures) (B) Prenez n&rsquo;importe lequel des Senderos del Poqueira\u00a0jusqu&rsquo;\u00e0 La Cebadilla. Passez &hellip; <a href=\"https:\/\/www.cortijosreyfini.com\/fr\/things-to-do\/activities\/walks-and-hikes\/de-capileira-au-refugio-poquiera\/\" class=\"more-link\">Continue reading <span class=\"screen-reader-text\">De Capileira au Refugio Poquiera<\/span><\/a><\/p>\n","protected":false},"author":1,"featured_media":0,"parent":1008,"menu_order":0,"comment_status":"closed","ping_status":"closed","template":"","meta":{"om_disable_all_campaigns":false,"_monsterinsights_skip_tracking":false,"_monsterinsights_sitenote_active":false,"_monsterinsights_sitenote_note":"","_monsterinsights_sitenote_category":0},"acf":[],"aioseo_notices":[],"_links":{"self":[{"href":"https:\/\/www.cortijosreyfini.com\/fr\/wp-json\/wp\/v2\/pages\/1065"}],"collection":[{"href":"https:\/\/www.cortijosreyfini.com\/fr\/wp-json\/wp\/v2\/pages"}],"about":[{"href":"https:\/\/www.cortijosreyfini.com\/fr\/wp-json\/wp\/v2\/types\/page"}],"author":[{"embeddable":true,"href":"https:\/\/www.cortijosreyfini.com\/fr\/wp-json\/wp\/v2\/users\/1"}],"replies":[{"embeddable":true,"href":"https:\/\/www.cortijosreyfini.com\/fr\/wp-json\/wp\/v2\/comments?post=1065"}],"version-history":[{"count":1,"href":"https:\/\/www.cortijosreyfini.com\/fr\/wp-json\/wp\/v2\/pages\/1065\/revisions"}],"predecessor-version":[{"id":1066,"href":"https:\/\/www.cortijosreyfini.com\/fr\/wp-json\/wp\/v2\/pages\/1065\/revisions\/1066"}],"up":[{"embeddable":true,"href":"https:\/\/www.cortijosreyfini.com\/fr\/wp-json\/wp\/v2\/pages\/1008"}],"wp:attachment":[{"href":"https:\/\/www.cortijosreyfini.com\/fr\/wp-json\/wp\/v2\/media?parent=1065"}],"curies":[{"name":"wp","href":"https:\/\/api.w.org\/{rel}","templated":true}]}}

<div class="par_con">
<p><strong>De Capileira (1436m) au refugio del Poqueira (2500m)</strong></p>
<figure id="attachment_466" aria-describedby="caption-attachment-466" style="width: 437px" class="wp-caption alignnone"><img loading="lazy" class="size-medium wp-image-466" src="http://www.cortijosreyfini.com/wp-content/uploads/2016/04/15-This-is-where-you-leave-your-car-and-start-to-walk-1-437x437.jpg" alt="This is where you leave your car and start to walk" width="437" height="437" srcset="https://www.cortijosreyfini.com/wp-content/uploads/2016/04/15-This-is-where-you-leave-your-car-and-start-to-walk-1-437x437.jpg 437w, https://www.cortijosreyfini.com/wp-content/uploads/2016/04/15-This-is-where-you-leave-your-car-and-start-to-walk-1-150x150.jpg 150w" sizes="( max-width: 768px ) 100vw, ( min-width: 768px ) and ( max-width: 992px ) 50vw, 437px" /><figcaption id="caption-attachment-466" class="wp-caption-text">This is where you leave your car and start to walk</figcaption></figure>
</div>
<div class="par_con">
<div class="par_con">
<p>(A) Prenez le <em>sendero 3</em> <em>del Poqueira</em> jusqu&rsquo;à l<em>&lsquo;Acequias Baja et Alta </em>et<em> s</em>uivez ce canal d&rsquo;irrigation jusqu&rsquo;en dessous du rocher <em>Pena de Juan Alonso. </em>Puis longez le versant droit du dernier ravin jusqu&rsquo;au<em> </em>au refuge. (Durée 3 heures)</p>
</div>
<div class="par_con">
(B) Prenez n&rsquo;importe lequel des <em>Senderos del Poqueira</em> jusqu&rsquo;à <em>La Cebadilla</em>. Passez le pont <em>Puente Naute</em> et suivez le sentier jusqu&rsquo;à<em> Hoya del Capitan</em>, en passant par le <em>Cortijo Blanco</em>. Longez le versant droit en traversant le canal d&rsquo;irrigation <em>Acequia Baja</em> puis <em>Acequia Alta</em>. Quittez le sentier et montez le versant droit du ravin jusqu&rsquo;au refuge. (Durée: 3 heures)</p>
</div>
<div class="par_con">
(C) Sortez de Capileira en voiture jusqu&rsquo;à <em>Hoya del Portillo</em>, en suivant une route goudronnée qui devient une piste. Garez votre véhicule et continuez à pied en laissant à votre gauche le sentier menant au <em>Rio Bermejo</em>. Continuez jusqu&rsquo;au prochain tournant où vous verrez un coupe-feu. Prenez le chemin à côté de Acequia Alta, qui mène à un autre chemin sur <em>Hoya del Leon</em>. Entre <em>Acequia Alta</em> et <em>Baja</em> il y a un chemin très bien balisé que vous prendrez pour rejoindre le <em>sendero 3 del Poqueira</em>, jusqu&rsquo;a refuge. (Durée: 2 heures ¾ de <em>la Hoya del Portillo</em>).</p>
</div>
</div>

<p>De Capileira (1436m) au refugio del Poqueira (2500m) (A) Prenez le sendero 3 del Poqueira jusqu&rsquo;à l&lsquo;Acequias Baja et Alta et suivez ce canal d&rsquo;irrigation jusqu&rsquo;en dessous du rocher Pena de Juan Alonso. Puis longez le versant droit du dernier ravin jusqu&rsquo;au au refuge. (Durée 3 heures) (B) Prenez n&rsquo;importe lequel des Senderos del Poqueira jusqu&rsquo;à La Cebadilla. Passez &hellip; <a href="https://www.cortijosreyfini.com/fr/things-to-do/activities/walks-and-hikes/de-capileira-au-refugio-poquiera/" class="more-link">Continue reading <span class="screen-reader-text">De Capileira au Refugio Poquiera</span></a></p>
