{"id":1035,"date":"2016-04-22T15:01:21","date_gmt":"2016-04-22T15:01:21","guid":{"rendered":"http:\/\/wegetcreative.co.uk\/crf\/?page_id=1035&#038;lang=fr"},"modified":"2016-04-22T15:01:21","modified_gmt":"2016-04-22T15:01:21","slug":"de-busquistar-a-notaez","status":"publish","type":"page","link":"https:\/\/www.cortijosreyfini.com\/fr\/things-to-do\/activities\/walks-and-hikes\/de-busquistar-a-notaez\/","title":{"rendered":"De Busquistar \u00e0 Notaez"},"content":{"rendered":"<div class=\"par_con\">\n<figure id=\"attachment_417\" aria-describedby=\"caption-attachment-417\" style=\"width: 437px\" class=\"wp-caption alignnone\"><img loading=\"lazy\" class=\"size-medium wp-image-417\" src=\"http:\/\/www.cortijosreyfini.com\/wp-content\/uploads\/2016\/04\/1-Cooling-off-in-the-river-on-the-way-back-to-Busquistar-437x437.jpg\" alt=\"Cooling off in the river on the way back to Busquistar\" width=\"437\" height=\"437\" srcset=\"https:\/\/www.cortijosreyfini.com\/wp-content\/uploads\/2016\/04\/1-Cooling-off-in-the-river-on-the-way-back-to-Busquistar-437x437.jpg 437w, https:\/\/www.cortijosreyfini.com\/wp-content\/uploads\/2016\/04\/1-Cooling-off-in-the-river-on-the-way-back-to-Busquistar-150x150.jpg 150w\" sizes=\"( max-width: 768px ) 100vw, ( min-width: 768px ) and ( max-width: 992px ) 50vw, 437px\" \/><figcaption id=\"caption-attachment-417\" class=\"wp-caption-text\">Cooling off in the river on the way back to Busquistar<\/figcaption><\/figure>\n<p>Laissez votre voiture sur la place principale de Busquistar et descendez \u00e0 travers les ruelles \u00e9troites. A la fin la fin du village, vous verrez un panneau indiquant GR142 Notaez (1 h 30).\u00a0Continuez jusqu\u2019au pont au dessus de la rivi\u00e8re Trevelez, puis tout droit pendant environ 40 minutes jusqu&rsquo;\u00e0 la route goudronn\u00e9e en direction de Trevelez, Juviles, et tout droit pour Castares \u00e0 4 km.\u00a0Ici vous pouvez soit continuer \u00e0 marcher vers Castares et le village de Notaez ou revenir par le m\u00eame chemin.<\/p>\n<figure id=\"attachment_419\" aria-describedby=\"caption-attachment-419\" style=\"width: 437px\" class=\"wp-caption alignnone\"><img loading=\"lazy\" class=\"size-medium wp-image-419\" src=\"http:\/\/www.cortijosreyfini.com\/wp-content\/uploads\/2016\/04\/3-Old-bridge-crossing-the-Rio-Trevelez-437x437.jpg\" alt=\"Old bridge crossing the Rio Trevelez\" width=\"437\" height=\"437\" srcset=\"https:\/\/www.cortijosreyfini.com\/wp-content\/uploads\/2016\/04\/3-Old-bridge-crossing-the-Rio-Trevelez-437x437.jpg 437w, https:\/\/www.cortijosreyfini.com\/wp-content\/uploads\/2016\/04\/3-Old-bridge-crossing-the-Rio-Trevelez-150x150.jpg 150w\" sizes=\"( max-width: 768px ) 100vw, ( min-width: 768px ) and ( max-width: 992px ) 50vw, 437px\" \/><figcaption id=\"caption-attachment-419\" class=\"wp-caption-text\">Old bridge crossing the Rio Trevelez<\/figcaption><\/figure>\n<div class=\"par_con\">\n<p>Une deuxi\u00e8me option: juste apr\u00e8s avoir travers\u00e9 le pont, vous verrez un chemin \u00e9troit vers la droite qui vous m\u00e8nera \u00e0 Fondales par un pont romain menant au village.\u00a0Si dans votre groupe quelqu\u2019un pr\u00e9f\u00e8re rester \u00e0 Busquistar, il pourra vous r\u00e9cup\u00e9rer \u00e0 Mecina ou Fondales, ou vous reviendrez par le m\u00eame chemin.<\/p>\n<\/div>\n<div class=\"par_con\">\n<p>Si vous les d\u00e9sirez, vous pouvez continuer \u00e0 marcher vers Mecina et Ferreirola et de l\u00e0 jusqu\u2019\u00e0 Pitres qui est indiqu\u00e9.\u00a0C\u2019est une longue marche d\u2019une journ\u00e9e enti\u00e8re.<\/p>\n<\/div>\n<figure id=\"attachment_423\" aria-describedby=\"caption-attachment-423\" style=\"width: 437px\" class=\"wp-caption alignnone\"><img loading=\"lazy\" class=\"size-medium wp-image-423\" src=\"http:\/\/www.cortijosreyfini.com\/wp-content\/uploads\/2016\/04\/7-The-Trevelez-river-437x437.jpg\" alt=\"The Trevelez river\" width=\"437\" height=\"437\" srcset=\"https:\/\/www.cortijosreyfini.com\/wp-content\/uploads\/2016\/04\/7-The-Trevelez-river-437x437.jpg 437w, https:\/\/www.cortijosreyfini.com\/wp-content\/uploads\/2016\/04\/7-The-Trevelez-river-150x150.jpg 150w\" sizes=\"( max-width: 768px ) 100vw, ( min-width: 768px ) and ( max-width: 992px ) 50vw, 437px\" \/><figcaption id=\"caption-attachment-423\" class=\"wp-caption-text\">The Trevelez river<\/figcaption><\/figure>\n<p>Enfin, une troisi\u00e8me option (comptez 2h de marche suppl\u00e9mentaires) : vous pouvez partir des cortijos, monter vers les chalets en ruine en suivant les fl\u00e8ches rouges (o\u00f9 vous verrez des chiens), puis rejoindre le GR7 juste en face des fermes et continuer vers Busquistar. Vous pouvez ensuite continuer votre randonn\u00e9e vers la rivi\u00e8re comme d\u00e9crit ci-dessus.<\/p>\n<\/div>\n<div class=\"par_con\"><\/div>\n","protected":false},"excerpt":{"rendered":"<p>Laissez votre voiture sur la place principale de Busquistar et descendez \u00e0 travers les ruelles \u00e9troites. A la fin la fin du village, vous verrez un panneau indiquant GR142 Notaez (1 h 30).\u00a0Continuez jusqu\u2019au pont au dessus de la rivi\u00e8re Trevelez, puis tout droit pendant environ 40 minutes jusqu&rsquo;\u00e0 la route goudronn\u00e9e en direction de &hellip; <a href=\"https:\/\/www.cortijosreyfini.com\/fr\/things-to-do\/activities\/walks-and-hikes\/de-busquistar-a-notaez\/\" class=\"more-link\">Continue reading <span class=\"screen-reader-text\">De Busquistar \u00e0 Notaez<\/span><\/a><\/p>\n","protected":false},"author":1,"featured_media":0,"parent":1008,"menu_order":0,"comment_status":"closed","ping_status":"closed","template":"","meta":{"om_disable_all_campaigns":false,"_monsterinsights_skip_tracking":false,"_monsterinsights_sitenote_active":false,"_monsterinsights_sitenote_note":"","_monsterinsights_sitenote_category":0},"acf":[],"aioseo_notices":[],"_links":{"self":[{"href":"https:\/\/www.cortijosreyfini.com\/fr\/wp-json\/wp\/v2\/pages\/1035"}],"collection":[{"href":"https:\/\/www.cortijosreyfini.com\/fr\/wp-json\/wp\/v2\/pages"}],"about":[{"href":"https:\/\/www.cortijosreyfini.com\/fr\/wp-json\/wp\/v2\/types\/page"}],"author":[{"embeddable":true,"href":"https:\/\/www.cortijosreyfini.com\/fr\/wp-json\/wp\/v2\/users\/1"}],"replies":[{"embeddable":true,"href":"https:\/\/www.cortijosreyfini.com\/fr\/wp-json\/wp\/v2\/comments?post=1035"}],"version-history":[{"count":1,"href":"https:\/\/www.cortijosreyfini.com\/fr\/wp-json\/wp\/v2\/pages\/1035\/revisions"}],"predecessor-version":[{"id":1036,"href":"https:\/\/www.cortijosreyfini.com\/fr\/wp-json\/wp\/v2\/pages\/1035\/revisions\/1036"}],"up":[{"embeddable":true,"href":"https:\/\/www.cortijosreyfini.com\/fr\/wp-json\/wp\/v2\/pages\/1008"}],"wp:attachment":[{"href":"https:\/\/www.cortijosreyfini.com\/fr\/wp-json\/wp\/v2\/media?parent=1035"}],"curies":[{"name":"wp","href":"https:\/\/api.w.org\/{rel}","templated":true}]}}

De Busquistar à Notaez

<div class="par_con">
<figure id="attachment_417" aria-describedby="caption-attachment-417" style="width: 437px" class="wp-caption alignnone"><img loading="lazy" class="size-medium wp-image-417" src="http://www.cortijosreyfini.com/wp-content/uploads/2016/04/1-Cooling-off-in-the-river-on-the-way-back-to-Busquistar-437x437.jpg" alt="Cooling off in the river on the way back to Busquistar" width="437" height="437" srcset="https://www.cortijosreyfini.com/wp-content/uploads/2016/04/1-Cooling-off-in-the-river-on-the-way-back-to-Busquistar-437x437.jpg 437w, https://www.cortijosreyfini.com/wp-content/uploads/2016/04/1-Cooling-off-in-the-river-on-the-way-back-to-Busquistar-150x150.jpg 150w" sizes="( max-width: 768px ) 100vw, ( min-width: 768px ) and ( max-width: 992px ) 50vw, 437px" /><figcaption id="caption-attachment-417" class="wp-caption-text">Cooling off in the river on the way back to Busquistar</figcaption></figure>
<p>Laissez votre voiture sur la place principale de Busquistar et descendez à travers les ruelles étroites. A la fin la fin du village, vous verrez un panneau indiquant GR142 Notaez (1 h 30). Continuez jusqu’au pont au dessus de la rivière Trevelez, puis tout droit pendant environ 40 minutes jusqu&rsquo;à la route goudronnée en direction de Trevelez, Juviles, et tout droit pour Castares à 4 km. Ici vous pouvez soit continuer à marcher vers Castares et le village de Notaez ou revenir par le même chemin.</p>
<figure id="attachment_419" aria-describedby="caption-attachment-419" style="width: 437px" class="wp-caption alignnone"><img loading="lazy" class="size-medium wp-image-419" src="http://www.cortijosreyfini.com/wp-content/uploads/2016/04/3-Old-bridge-crossing-the-Rio-Trevelez-437x437.jpg" alt="Old bridge crossing the Rio Trevelez" width="437" height="437" srcset="https://www.cortijosreyfini.com/wp-content/uploads/2016/04/3-Old-bridge-crossing-the-Rio-Trevelez-437x437.jpg 437w, https://www.cortijosreyfini.com/wp-content/uploads/2016/04/3-Old-bridge-crossing-the-Rio-Trevelez-150x150.jpg 150w" sizes="( max-width: 768px ) 100vw, ( min-width: 768px ) and ( max-width: 992px ) 50vw, 437px" /><figcaption id="caption-attachment-419" class="wp-caption-text">Old bridge crossing the Rio Trevelez</figcaption></figure>
<div class="par_con">
<p>Une deuxième option: juste après avoir traversé le pont, vous verrez un chemin étroit vers la droite qui vous mènera à Fondales par un pont romain menant au village. Si dans votre groupe quelqu’un préfère rester à Busquistar, il pourra vous récupérer à Mecina ou Fondales, ou vous reviendrez par le même chemin.</p>
</div>
<div class="par_con">
<p>Si vous les désirez, vous pouvez continuer à marcher vers Mecina et Ferreirola et de là jusqu’à Pitres qui est indiqué. C’est une longue marche d’une journée entière.</p>
</div>
<figure id="attachment_423" aria-describedby="caption-attachment-423" style="width: 437px" class="wp-caption alignnone"><img loading="lazy" class="size-medium wp-image-423" src="http://www.cortijosreyfini.com/wp-content/uploads/2016/04/7-The-Trevelez-river-437x437.jpg" alt="The Trevelez river" width="437" height="437" srcset="https://www.cortijosreyfini.com/wp-content/uploads/2016/04/7-The-Trevelez-river-437x437.jpg 437w, https://www.cortijosreyfini.com/wp-content/uploads/2016/04/7-The-Trevelez-river-150x150.jpg 150w" sizes="( max-width: 768px ) 100vw, ( min-width: 768px ) and ( max-width: 992px ) 50vw, 437px" /><figcaption id="caption-attachment-423" class="wp-caption-text">The Trevelez river</figcaption></figure>
<p>Enfin, une troisième option (comptez 2h de marche supplémentaires) : vous pouvez partir des cortijos, monter vers les chalets en ruine en suivant les flèches rouges (où vous verrez des chiens), puis rejoindre le GR7 juste en face des fermes et continuer vers Busquistar. Vous pouvez ensuite continuer votre randonnée vers la rivière comme décrit ci-dessus.</p>
</div>
<div class="par_con"></div>

<p>Laissez votre voiture sur la place principale de Busquistar et descendez à travers les ruelles étroites. A la fin la fin du village, vous verrez un panneau indiquant GR142 Notaez (1 h 30). Continuez jusqu’au pont au dessus de la rivière Trevelez, puis tout droit pendant environ 40 minutes jusqu&rsquo;à la route goudronnée en direction de &hellip; <a href="https://www.cortijosreyfini.com/fr/things-to-do/activities/walks-and-hikes/de-busquistar-a-notaez/" class="more-link">Continue reading <span class="screen-reader-text">De Busquistar à Notaez</span></a></p>
