{"id":1016,"date":"2016-04-22T14:22:57","date_gmt":"2016-04-22T14:22:57","guid":{"rendered":"http:\/\/wegetcreative.co.uk\/crf\/?page_id=1016&#038;lang=fr"},"modified":"2016-04-22T14:22:57","modified_gmt":"2016-04-22T14:22:57","slug":"randonnees-autour-des-cortijos-rey-fini","status":"publish","type":"page","link":"https:\/\/www.cortijosreyfini.com\/fr\/things-to-do\/activities\/walks-and-hikes\/randonnees-autour-des-cortijos-rey-fini\/","title":{"rendered":"Randonn\u00e9es autour des Cortijos Rey Fini"},"content":{"rendered":"<div class=\"par_con\">\n<div class=\"par_con\">\n<p><strong>Randonn\u00e9es autour des Cortijos Rey Fini<\/strong><\/p>\n<\/div>\n<div class=\"par_con\">\n<p>La situation g\u00e9ographique des cortijos est unique.\u00a0A partir des gites, vous pourrez vous promener sans utiliser votre voiture.\u00a0Il y a beaucoup de balades \u00e0 partir du terrain, en voici quelques-unes, mais vous pouvez en d\u00e9couvrir bien d\u2019autres et nous le faire savoir pour que nous puissions les partager !<\/p>\n<\/div>\n<div class=\"par_con\">\n<p><strong>Route 1<\/strong><\/p>\n<\/div>\n<div class=\"par_con\">\n<p>A quelques pas des cortijos vous trouverez des fermes de bergers et la route foresti\u00e8re apr\u00e8s 15-20 minutes de mont\u00e9e.<\/p>\n<\/div>\n<\/div>\n<div class=\"par_con\">\n<figure id=\"attachment_416\" aria-describedby=\"caption-attachment-416\" style=\"width: 437px\" class=\"wp-caption alignnone\"><img loading=\"lazy\" class=\"size-medium wp-image-416\" src=\"http:\/\/www.cortijosreyfini.com\/wp-content\/uploads\/2016\/04\/16-Shepherd-Cortijo-above-Cortijos-Rey-Fini-437x437.jpg\" alt=\"Shepherd Cortijo above Cortijos Rey Fini\" width=\"437\" height=\"437\" srcset=\"https:\/\/www.cortijosreyfini.com\/wp-content\/uploads\/2016\/04\/16-Shepherd-Cortijo-above-Cortijos-Rey-Fini-437x437.jpg 437w, https:\/\/www.cortijosreyfini.com\/wp-content\/uploads\/2016\/04\/16-Shepherd-Cortijo-above-Cortijos-Rey-Fini-150x150.jpg 150w\" sizes=\"( max-width: 768px ) 100vw, ( min-width: 768px ) and ( max-width: 992px ) 50vw, 437px\" \/><figcaption id=\"caption-attachment-416\" class=\"wp-caption-text\">Shepherd Cortijo above Cortijos Rey Fini<\/figcaption><\/figure>\n<div class=\"par_con\">\n<p>Derri\u00e8re le cortijo Almond, pass\u00e9 le four \u00e0 pain, vous verrez une porte et des fl\u00e8ches rouges. Apr\u00e8s 50m, suivez le sentier qui monte, toujours en suivant les fl\u00e8ches rouges. Continuez \u00e0 marcher \u00e0 travers la for\u00eat jusqu&rsquo;\u00e0 ce que vous passez quelques ruines sur votre droite. Devant vous, vous verrez un rocher indiquant 2 directions diff\u00e9rentes :<\/p>\n<\/div>\n<div class=\"par_con\">\n<p>A) Si vous allez \u00e0 gauche et suivez les fl\u00e8ches rouge, apr\u00e8s plusieurs centaines de m\u00e8tres vous passerez une cl\u00f4ture de barbel\u00e9s et juste apr\u00e8s vous rejoignez le GR7.\u00a0C\u2019est d\u2019ailleurs la meilleure fa\u00e7on de le rejoindre.\u00a0A gauche vous allez \u00e0 Busquistar.\u00a0A droite, vous arriverez \u00e0 une ferme en ruine et au dessus de cette ferme vous rejoindrez le chemin forestier que vous pourrez suivre \u00e0 droite pour une belle balade douce tout au long du chemin jusqu\u2019au GR7 ou Trevelez en 2 heures. Vous pouvez aussi suivre les panneaux apr\u00e8s 1,5km vers le bas de la colline, traverser la rivi\u00e8re et rejoindre la route goudronn\u00e9e vers Trevelez.\u00a0Ce chemin est beaucoup plus court, mais moins agr\u00e9able.<\/p>\n<\/div>\n<\/div>\n<div class=\"par_con\">\n<figure id=\"attachment_408\" aria-describedby=\"caption-attachment-408\" style=\"width: 437px\" class=\"wp-caption alignnone\"><img loading=\"lazy\" class=\"size-medium wp-image-408\" src=\"http:\/\/www.cortijosreyfini.com\/wp-content\/uploads\/2016\/04\/8-The-view-from-above-cortijos.jpg-437x437.jpg\" alt=\"The view from above cortijos\" width=\"437\" height=\"437\" srcset=\"https:\/\/www.cortijosreyfini.com\/wp-content\/uploads\/2016\/04\/8-The-view-from-above-cortijos.jpg-437x437.jpg 437w, https:\/\/www.cortijosreyfini.com\/wp-content\/uploads\/2016\/04\/8-The-view-from-above-cortijos.jpg-150x150.jpg 150w\" sizes=\"( max-width: 768px ) 100vw, ( min-width: 768px ) and ( max-width: 992px ) 50vw, 437px\" \/><figcaption id=\"caption-attachment-408\" class=\"wp-caption-text\">The view from above cortijos<\/figcaption><\/figure>\n<p>B) Au rocher, vous pouvez tourner \u00e0 droite, suivre le chemin jusqu\u2019\u00e0 la cloture barbel\u00e9e, que vous passerez pour ensuite tourner \u00e0 gauche vers le haut. Passez le grillage indiqu\u00e9 \u201cpriv\u00e9\u201d ce qui vous m\u00e8nera jusqu&rsquo;aux m\u00eames vieilles fermes mentionn\u00e9es ci-dessus et la route foresti\u00e8re au-dessus.<\/p>\n<\/div>\n<div class=\"par_con\">\n<figure id=\"attachment_411\" aria-describedby=\"caption-attachment-411\" style=\"width: 437px\" class=\"wp-caption alignnone\"><img loading=\"lazy\" class=\"size-medium wp-image-411\" src=\"http:\/\/www.cortijosreyfini.com\/wp-content\/uploads\/2016\/04\/11-carretera-forestal-above-sheppard-cortijos.jpg-437x437.jpg\" alt=\"Carretera forestal above sheppard cortijos\" width=\"437\" height=\"437\" srcset=\"https:\/\/www.cortijosreyfini.com\/wp-content\/uploads\/2016\/04\/11-carretera-forestal-above-sheppard-cortijos.jpg-437x437.jpg 437w, https:\/\/www.cortijosreyfini.com\/wp-content\/uploads\/2016\/04\/11-carretera-forestal-above-sheppard-cortijos.jpg-150x150.jpg 150w\" sizes=\"( max-width: 768px ) 100vw, ( min-width: 768px ) and ( max-width: 992px ) 50vw, 437px\" \/><figcaption id=\"caption-attachment-411\" class=\"wp-caption-text\">Carretera forestal above sheppard cortijos<\/figcaption><\/figure>\n<\/div>\n<div class=\"par_con\"><\/div>\n<div class=\"par_con\">\n<div class=\"par_con\">\n<p>Vous pouvez aussi aller \u00e0 gauche pendant 100 m\u00e8tres pour rejoindre une vieille piste \u00e0 droite balis\u00e9e Sulayr, Pitres et Portugos.\u00a0Continuez vers Sulayr ce qui vous emm\u00e8nera au dessus des cortijos, une beeau bassin, des noyers et de belles vues sur \u00a0la montagne et la c\u00f4te.\u00a0Par temps clair, vous pourrez m\u00eame voir les lumi\u00e8res d\u2019Afrique !\u00a0Si vous continuez \u00e0 marcher vous traverserez le chemin qui va de Capileira \u00e0 Trevelez.<\/p>\n<\/div>\n<div class=\"par_con\">\n<p>Ne vous approchez pas trop des vaches surtout si elles ont des veaux. Il y aura peut \u00eatre des chiens, mais ils ne nous ont jamais inquiet\u00e9s.<\/p>\n<\/div>\n<div class=\"par_con\">\n<p>Si vous ne parlez pas l&rsquo;espagnol retenez le mot \u201csandero\u201d qui signifie \u201cchemin\u201d, que vous verrez souvent.<\/p>\n<\/div>\n<div class=\"par_con\">\n<p><strong>Route 2 : Des Cortijos aux chutes d&rsquo;eau (Tajos Cortes): quatre \u00e0 six heures<\/strong><\/p>\n<\/div>\n<div class=\"par_con\">\n<p>Une autre grande marche sur la route foresti\u00e8re est d\u2019aller \u00e0 gauche vers Capileira et les cascades\u00a0<em>(Tajos Cortes)<\/em>\u00a0et retour en quatre \u00e0 six heures..\u00a0Chemin tr\u00e8s facile et plat.<\/p>\n<\/div>\n<div class=\"par_con\">\n<p><strong>Route 3 : Vers Busquistar et Notaez : environ 4 heures<\/strong><\/p>\n<\/div>\n<div class=\"par_con\">\n<p>Montez vers les chalets en ruine (o\u00f9 vous verrez des chiens), puis rejoignez le GR7 juste en face des fermes et continuez vers Busquistar.<\/p>\n<\/div>\n<div class=\"par_con\">\n<p>Descendez \u00e0 travers les ruelles \u00e9troites et \u00e0 la fin la fin du village, vous verrez un panneau indiquant: GR142 Notaez (1 h 30).\u00a0Continuez jusqu\u2019au pont qui traverse la rivi\u00e8re Trevelez, puis tout droit pendant environ 40 minutes jusqu&rsquo;\u00e0 la route goudronn\u00e9e en direction de Trevelez, Juviles, et tout droit pour Castares \u00e0 4 km.\u00a0Ici vous pouvez soit continuer \u00e0 marcher vers Castares et le village de Notaez ou revenir par le m\u00eame chemin. Pour ne pas faire l&rsquo;aller-retour, vous pourrez pr\u00e9voir que quelqu&rsquo;un vous r\u00e9cup\u00e8re en voiture.<\/p>\n<\/div>\n<\/div>\n","protected":false},"excerpt":{"rendered":"<p>Randonn\u00e9es autour des Cortijos Rey Fini La situation g\u00e9ographique des cortijos est unique.\u00a0A partir des gites, vous pourrez vous promener sans utiliser votre voiture.\u00a0Il y a beaucoup de balades \u00e0 partir du terrain, en voici quelques-unes, mais vous pouvez en d\u00e9couvrir bien d\u2019autres et nous le faire savoir pour que nous puissions les partager ! &hellip; <a href=\"https:\/\/www.cortijosreyfini.com\/fr\/things-to-do\/activities\/walks-and-hikes\/randonnees-autour-des-cortijos-rey-fini\/\" class=\"more-link\">Continue reading <span class=\"screen-reader-text\">Randonn\u00e9es autour des Cortijos Rey Fini<\/span><\/a><\/p>\n","protected":false},"author":1,"featured_media":0,"parent":1008,"menu_order":0,"comment_status":"closed","ping_status":"closed","template":"page-templates\/no-featured.php","meta":{"om_disable_all_campaigns":false,"_monsterinsights_skip_tracking":false,"_monsterinsights_sitenote_active":false,"_monsterinsights_sitenote_note":"","_monsterinsights_sitenote_category":0},"acf":[],"aioseo_notices":[],"_links":{"self":[{"href":"https:\/\/www.cortijosreyfini.com\/fr\/wp-json\/wp\/v2\/pages\/1016"}],"collection":[{"href":"https:\/\/www.cortijosreyfini.com\/fr\/wp-json\/wp\/v2\/pages"}],"about":[{"href":"https:\/\/www.cortijosreyfini.com\/fr\/wp-json\/wp\/v2\/types\/page"}],"author":[{"embeddable":true,"href":"https:\/\/www.cortijosreyfini.com\/fr\/wp-json\/wp\/v2\/users\/1"}],"replies":[{"embeddable":true,"href":"https:\/\/www.cortijosreyfini.com\/fr\/wp-json\/wp\/v2\/comments?post=1016"}],"version-history":[{"count":1,"href":"https:\/\/www.cortijosreyfini.com\/fr\/wp-json\/wp\/v2\/pages\/1016\/revisions"}],"predecessor-version":[{"id":1017,"href":"https:\/\/www.cortijosreyfini.com\/fr\/wp-json\/wp\/v2\/pages\/1016\/revisions\/1017"}],"up":[{"embeddable":true,"href":"https:\/\/www.cortijosreyfini.com\/fr\/wp-json\/wp\/v2\/pages\/1008"}],"wp:attachment":[{"href":"https:\/\/www.cortijosreyfini.com\/fr\/wp-json\/wp\/v2\/media?parent=1016"}],"curies":[{"name":"wp","href":"https:\/\/api.w.org\/{rel}","templated":true}]}}

Randonnées autour des Cortijos Rey Fini

<div class="par_con">
<div class="par_con">
<p><strong>Randonnées autour des Cortijos Rey Fini</strong></p>
</div>
<div class="par_con">
<p>La situation géographique des cortijos est unique. A partir des gites, vous pourrez vous promener sans utiliser votre voiture. Il y a beaucoup de balades à partir du terrain, en voici quelques-unes, mais vous pouvez en découvrir bien d’autres et nous le faire savoir pour que nous puissions les partager !</p>
</div>
<div class="par_con">
<p><strong>Route 1</strong></p>
</div>
<div class="par_con">
<p>A quelques pas des cortijos vous trouverez des fermes de bergers et la route forestière après 15-20 minutes de montée.</p>
</div>
</div>
<div class="par_con">
<figure id="attachment_416" aria-describedby="caption-attachment-416" style="width: 437px" class="wp-caption alignnone"><img loading="lazy" class="size-medium wp-image-416" src="http://www.cortijosreyfini.com/wp-content/uploads/2016/04/16-Shepherd-Cortijo-above-Cortijos-Rey-Fini-437x437.jpg" alt="Shepherd Cortijo above Cortijos Rey Fini" width="437" height="437" srcset="https://www.cortijosreyfini.com/wp-content/uploads/2016/04/16-Shepherd-Cortijo-above-Cortijos-Rey-Fini-437x437.jpg 437w, https://www.cortijosreyfini.com/wp-content/uploads/2016/04/16-Shepherd-Cortijo-above-Cortijos-Rey-Fini-150x150.jpg 150w" sizes="( max-width: 768px ) 100vw, ( min-width: 768px ) and ( max-width: 992px ) 50vw, 437px" /><figcaption id="caption-attachment-416" class="wp-caption-text">Shepherd Cortijo above Cortijos Rey Fini</figcaption></figure>
<div class="par_con">
<p>Derrière le cortijo Almond, passé le four à pain, vous verrez une porte et des flèches rouges. Après 50m, suivez le sentier qui monte, toujours en suivant les flèches rouges. Continuez à marcher à travers la forêt jusqu&rsquo;à ce que vous passez quelques ruines sur votre droite. Devant vous, vous verrez un rocher indiquant 2 directions différentes :</p>
</div>
<div class="par_con">
<p>A) Si vous allez à gauche et suivez les flèches rouge, après plusieurs centaines de mètres vous passerez une clôture de barbelés et juste après vous rejoignez le GR7. C’est d’ailleurs la meilleure façon de le rejoindre. A gauche vous allez à Busquistar. A droite, vous arriverez à une ferme en ruine et au dessus de cette ferme vous rejoindrez le chemin forestier que vous pourrez suivre à droite pour une belle balade douce tout au long du chemin jusqu’au GR7 ou Trevelez en 2 heures. Vous pouvez aussi suivre les panneaux après 1,5km vers le bas de la colline, traverser la rivière et rejoindre la route goudronnée vers Trevelez. Ce chemin est beaucoup plus court, mais moins agréable.</p>
</div>
</div>
<div class="par_con">
<figure id="attachment_408" aria-describedby="caption-attachment-408" style="width: 437px" class="wp-caption alignnone"><img loading="lazy" class="size-medium wp-image-408" src="http://www.cortijosreyfini.com/wp-content/uploads/2016/04/8-The-view-from-above-cortijos.jpg-437x437.jpg" alt="The view from above cortijos" width="437" height="437" srcset="https://www.cortijosreyfini.com/wp-content/uploads/2016/04/8-The-view-from-above-cortijos.jpg-437x437.jpg 437w, https://www.cortijosreyfini.com/wp-content/uploads/2016/04/8-The-view-from-above-cortijos.jpg-150x150.jpg 150w" sizes="( max-width: 768px ) 100vw, ( min-width: 768px ) and ( max-width: 992px ) 50vw, 437px" /><figcaption id="caption-attachment-408" class="wp-caption-text">The view from above cortijos</figcaption></figure>
<p>B) Au rocher, vous pouvez tourner à droite, suivre le chemin jusqu’à la cloture barbelée, que vous passerez pour ensuite tourner à gauche vers le haut. Passez le grillage indiqué “privé” ce qui vous mènera jusqu&rsquo;aux mêmes vieilles fermes mentionnées ci-dessus et la route forestière au-dessus.</p>
</div>
<div class="par_con">
<figure id="attachment_411" aria-describedby="caption-attachment-411" style="width: 437px" class="wp-caption alignnone"><img loading="lazy" class="size-medium wp-image-411" src="http://www.cortijosreyfini.com/wp-content/uploads/2016/04/11-carretera-forestal-above-sheppard-cortijos.jpg-437x437.jpg" alt="Carretera forestal above sheppard cortijos" width="437" height="437" srcset="https://www.cortijosreyfini.com/wp-content/uploads/2016/04/11-carretera-forestal-above-sheppard-cortijos.jpg-437x437.jpg 437w, https://www.cortijosreyfini.com/wp-content/uploads/2016/04/11-carretera-forestal-above-sheppard-cortijos.jpg-150x150.jpg 150w" sizes="( max-width: 768px ) 100vw, ( min-width: 768px ) and ( max-width: 992px ) 50vw, 437px" /><figcaption id="caption-attachment-411" class="wp-caption-text">Carretera forestal above sheppard cortijos</figcaption></figure>
</div>
<div class="par_con"></div>
<div class="par_con">
<div class="par_con">
<p>Vous pouvez aussi aller à gauche pendant 100 mètres pour rejoindre une vieille piste à droite balisée Sulayr, Pitres et Portugos. Continuez vers Sulayr ce qui vous emmènera au dessus des cortijos, une beeau bassin, des noyers et de belles vues sur  la montagne et la côte. Par temps clair, vous pourrez même voir les lumières d’Afrique ! Si vous continuez à marcher vous traverserez le chemin qui va de Capileira à Trevelez.</p>
</div>
<div class="par_con">
<p>Ne vous approchez pas trop des vaches surtout si elles ont des veaux. Il y aura peut être des chiens, mais ils ne nous ont jamais inquietés.</p>
</div>
<div class="par_con">
<p>Si vous ne parlez pas l&rsquo;espagnol retenez le mot “sandero” qui signifie “chemin”, que vous verrez souvent.</p>
</div>
<div class="par_con">
<p><strong>Route 2 : Des Cortijos aux chutes d&rsquo;eau (Tajos Cortes): quatre à six heures</strong></p>
</div>
<div class="par_con">
<p>Une autre grande marche sur la route forestière est d’aller à gauche vers Capileira et les cascades <em>(Tajos Cortes)</em> et retour en quatre à six heures.. Chemin très facile et plat.</p>
</div>
<div class="par_con">
<p><strong>Route 3 : Vers Busquistar et Notaez : environ 4 heures</strong></p>
</div>
<div class="par_con">
<p>Montez vers les chalets en ruine (où vous verrez des chiens), puis rejoignez le GR7 juste en face des fermes et continuez vers Busquistar.</p>
</div>
<div class="par_con">
<p>Descendez à travers les ruelles étroites et à la fin la fin du village, vous verrez un panneau indiquant: GR142 Notaez (1 h 30). Continuez jusqu’au pont qui traverse la rivière Trevelez, puis tout droit pendant environ 40 minutes jusqu&rsquo;à la route goudronnée en direction de Trevelez, Juviles, et tout droit pour Castares à 4 km. Ici vous pouvez soit continuer à marcher vers Castares et le village de Notaez ou revenir par le même chemin. Pour ne pas faire l&rsquo;aller-retour, vous pourrez prévoir que quelqu&rsquo;un vous récupère en voiture.</p>
</div>
</div>

<p>Randonnées autour des Cortijos Rey Fini La situation géographique des cortijos est unique. A partir des gites, vous pourrez vous promener sans utiliser votre voiture. Il y a beaucoup de balades à partir du terrain, en voici quelques-unes, mais vous pouvez en découvrir bien d’autres et nous le faire savoir pour que nous puissions les partager ! &hellip; <a href="https://www.cortijosreyfini.com/fr/things-to-do/activities/walks-and-hikes/randonnees-autour-des-cortijos-rey-fini/" class="more-link">Continue reading <span class="screen-reader-text">Randonnées autour des Cortijos Rey Fini</span></a></p>
