{"id":969,"date":"2016-04-22T13:36:55","date_gmt":"2016-04-22T13:36:55","guid":{"rendered":"http:\/\/wegetcreative.co.uk\/crf\/?page_id=969&#038;lang=es"},"modified":"2016-04-22T13:36:55","modified_gmt":"2016-04-22T13:36:55","slug":"trevelez","status":"publish","type":"page","link":"https:\/\/www.cortijosreyfini.com\/es\/things-to-do\/local-villages\/trevelez\/","title":{"rendered":"Trevelez"},"content":{"rendered":"<div class=\"par_con\">\n<figure id=\"attachment_398\" aria-describedby=\"caption-attachment-398\" style=\"width: 437px\" class=\"wp-caption alignnone\"><img loading=\"lazy\" class=\"size-medium wp-image-398\" src=\"http:\/\/www.cortijosreyfini.com\/wp-content\/uploads\/2016\/04\/8-Winter-view-of-Trevelez-437x437.jpg\" alt=\"Winter view of Trevelez\" width=\"437\" height=\"437\" srcset=\"https:\/\/www.cortijosreyfini.com\/wp-content\/uploads\/2016\/04\/8-Winter-view-of-Trevelez-437x437.jpg 437w, https:\/\/www.cortijosreyfini.com\/wp-content\/uploads\/2016\/04\/8-Winter-view-of-Trevelez-150x150.jpg 150w\" sizes=\"( max-width: 768px ) 100vw, ( min-width: 768px ) and ( max-width: 992px ) 50vw, 437px\" \/><figcaption id=\"caption-attachment-398\" class=\"wp-caption-text\">Winter view of Trevelez<\/figcaption><\/figure>\n<p>Trevelez afirma ser el pueblo m\u00e1s alto de Espa\u00f1a (1486m) y est\u00e1 a s\u00f3lo 4 km de los cortijos.\u00a0Es el centro para la curaci\u00f3n del jam\u00f3n\u00a0<em>Jam\u00f3n<\/em>\u00a0en Espa\u00f1a y en cualquier lugar que vaya en el pueblo se encontrar\u00e1 con el aroma de los jamones.\u00a0Una pierna de jam\u00f3n aqu\u00ed puede costar tan poco como 50 euros.\u00a0El valle ha sido cortado por el R\u00edo Trevelez y es muy similar a la del valle de Poqueira abajo.<\/p>\n<figure id=\"attachment_396\" aria-describedby=\"caption-attachment-396\" style=\"width: 437px\" class=\"wp-caption alignnone\"><img loading=\"lazy\" class=\"size-medium wp-image-396\" src=\"http:\/\/www.cortijosreyfini.com\/wp-content\/uploads\/2016\/04\/6-Cutting-Jamon-in-Trevelez-437x437.jpg\" alt=\"Cutting Jamon in Trevelez\" width=\"437\" height=\"437\" srcset=\"https:\/\/www.cortijosreyfini.com\/wp-content\/uploads\/2016\/04\/6-Cutting-Jamon-in-Trevelez-437x437.jpg 437w, https:\/\/www.cortijosreyfini.com\/wp-content\/uploads\/2016\/04\/6-Cutting-Jamon-in-Trevelez-150x150.jpg 150w\" sizes=\"( max-width: 768px ) 100vw, ( min-width: 768px ) and ( max-width: 992px ) 50vw, 437px\" \/><figcaption id=\"caption-attachment-396\" class=\"wp-caption-text\">Cutting Jamon in Trevelez<\/figcaption><\/figure>\n<p>As\u00ed como el famoso jam\u00f3n serrano, usted puede comprar trucha de r\u00edo capturados y una variedad de frutas y verduras cultivadas localmente.\u00a0En el verano toda la zona cultiva tomates cherry, en su mayor\u00eda terminan en las estanter\u00edas de los supermercados Waitrose en Reino Unido.<\/p>\n<figure id=\"attachment_397\" aria-describedby=\"caption-attachment-397\" style=\"width: 437px\" class=\"wp-caption alignnone\"><img loading=\"lazy\" class=\"size-medium wp-image-397\" src=\"http:\/\/www.cortijosreyfini.com\/wp-content\/uploads\/2016\/04\/7-Tienda-Maruja-one-of-the-main-Jamon-stores-which-also-has-an-exhibition-and-video-about-history-of-Jamon-in-Trevelez-437x437.jpg\" alt=\"Tienda Maruja one of the main Jamon stores which also has an exhibition and video about history of Jamon in Trevelez\" width=\"437\" height=\"437\" srcset=\"https:\/\/www.cortijosreyfini.com\/wp-content\/uploads\/2016\/04\/7-Tienda-Maruja-one-of-the-main-Jamon-stores-which-also-has-an-exhibition-and-video-about-history-of-Jamon-in-Trevelez-437x437.jpg 437w, https:\/\/www.cortijosreyfini.com\/wp-content\/uploads\/2016\/04\/7-Tienda-Maruja-one-of-the-main-Jamon-stores-which-also-has-an-exhibition-and-video-about-history-of-Jamon-in-Trevelez-150x150.jpg 150w\" sizes=\"( max-width: 768px ) 100vw, ( min-width: 768px ) and ( max-width: 992px ) 50vw, 437px\" \/><figcaption id=\"caption-attachment-397\" class=\"wp-caption-text\">Tienda Maruja one of the main Jamon stores which also has an exhibition and video about history of Jamon in Trevelez<\/figcaption><\/figure>\n<p>Trevelez se divide en tres secciones: el pueblo inferior, medio y superior.\u00a0Los turistas en su mayor\u00eda van a la parte inferior, pero hay buenos restaurantes que ofrecen men\u00fas baratos y buena pizzer\u00eda en la parte media y superior.\u00a0Cuanto m\u00e1s se asciende es m\u00e1s tradicional y es encantador para pasear por los estrechos senderos explorar sus callejuelas.<\/p>\n<figure id=\"attachment_394\" aria-describedby=\"caption-attachment-394\" style=\"width: 437px\" class=\"wp-caption alignnone\"><img loading=\"lazy\" class=\"size-medium wp-image-394\" src=\"http:\/\/www.cortijosreyfini.com\/wp-content\/uploads\/2016\/04\/4-The-highest-bar-at-Barrio-Alto-in-Trevelez-437x437.jpg\" alt=\"The highest bar at Barrio Alto in Trevelez\" width=\"437\" height=\"437\" srcset=\"https:\/\/www.cortijosreyfini.com\/wp-content\/uploads\/2016\/04\/4-The-highest-bar-at-Barrio-Alto-in-Trevelez-437x437.jpg 437w, https:\/\/www.cortijosreyfini.com\/wp-content\/uploads\/2016\/04\/4-The-highest-bar-at-Barrio-Alto-in-Trevelez-150x150.jpg 150w\" sizes=\"( max-width: 768px ) 100vw, ( min-width: 768px ) and ( max-width: 992px ) 50vw, 437px\" \/><figcaption id=\"caption-attachment-394\" class=\"wp-caption-text\">The highest bar at Barrio Alto in Trevelez<\/figcaption><\/figure>\n<div class=\"par_con\">\n<div class=\"par_con\">\n<p>Con el fin de llegar a la parte superior o bien aparcar el coche en la parte inferior y caminar o justo antes de llegar Trevelez tomar en una bifurcaci\u00f3n de caminos el de la izquierda, que te lleva a la parte media.\u00a0Hay un peque\u00f1o supermercado, varias carnicer\u00edas y se puede comprar el pan en cualquier cafeter\u00eda o\u00a0<em>panader\u00eda.<\/em>\u00a0Si usted quiere comprar una pierna de jam\u00f3n, este es el lugar para comprarlo.\u00a0El m\u00e1s viejo es el m\u00e1s caro se vuelve, como el whisky.<\/p>\n<\/div>\n<div class=\"par_con\">\n<p>Trevelez es tambi\u00e9n uno de los principales puntos de partida para las caminatas a Siete lagunas y Mulhac\u00e9n.\u00a0Para m\u00e1s detalles, consulte la secci\u00f3n de senderismo.<\/p>\n<\/div>\n<\/div>\n<\/div>\n","protected":false},"excerpt":{"rendered":"<p>Trevelez afirma ser el pueblo m\u00e1s alto de Espa\u00f1a (1486m) y est\u00e1 a s\u00f3lo 4 km de los cortijos.\u00a0Es el centro para la curaci\u00f3n del jam\u00f3n\u00a0Jam\u00f3n\u00a0en Espa\u00f1a y en cualquier lugar que vaya en el pueblo se encontrar\u00e1 con el aroma de los jamones.\u00a0Una pierna de jam\u00f3n aqu\u00ed puede costar tan poco como 50 euros.\u00a0El &hellip; <a href=\"https:\/\/www.cortijosreyfini.com\/es\/things-to-do\/local-villages\/trevelez\/\" class=\"more-link\">Continue reading <span class=\"screen-reader-text\">Trevelez<\/span><\/a><\/p>\n","protected":false},"author":1,"featured_media":0,"parent":853,"menu_order":0,"comment_status":"closed","ping_status":"closed","template":"","meta":{"om_disable_all_campaigns":false,"_monsterinsights_skip_tracking":false,"_monsterinsights_sitenote_active":false,"_monsterinsights_sitenote_note":"","_monsterinsights_sitenote_category":0},"acf":[],"aioseo_notices":[],"_links":{"self":[{"href":"https:\/\/www.cortijosreyfini.com\/es\/wp-json\/wp\/v2\/pages\/969"}],"collection":[{"href":"https:\/\/www.cortijosreyfini.com\/es\/wp-json\/wp\/v2\/pages"}],"about":[{"href":"https:\/\/www.cortijosreyfini.com\/es\/wp-json\/wp\/v2\/types\/page"}],"author":[{"embeddable":true,"href":"https:\/\/www.cortijosreyfini.com\/es\/wp-json\/wp\/v2\/users\/1"}],"replies":[{"embeddable":true,"href":"https:\/\/www.cortijosreyfini.com\/es\/wp-json\/wp\/v2\/comments?post=969"}],"version-history":[{"count":1,"href":"https:\/\/www.cortijosreyfini.com\/es\/wp-json\/wp\/v2\/pages\/969\/revisions"}],"predecessor-version":[{"id":970,"href":"https:\/\/www.cortijosreyfini.com\/es\/wp-json\/wp\/v2\/pages\/969\/revisions\/970"}],"up":[{"embeddable":true,"href":"https:\/\/www.cortijosreyfini.com\/es\/wp-json\/wp\/v2\/pages\/853"}],"wp:attachment":[{"href":"https:\/\/www.cortijosreyfini.com\/es\/wp-json\/wp\/v2\/media?parent=969"}],"curies":[{"name":"wp","href":"https:\/\/api.w.org\/{rel}","templated":true}]}}

<div class="par_con">
<figure id="attachment_398" aria-describedby="caption-attachment-398" style="width: 437px" class="wp-caption alignnone"><img loading="lazy" class="size-medium wp-image-398" src="http://www.cortijosreyfini.com/wp-content/uploads/2016/04/8-Winter-view-of-Trevelez-437x437.jpg" alt="Winter view of Trevelez" width="437" height="437" srcset="https://www.cortijosreyfini.com/wp-content/uploads/2016/04/8-Winter-view-of-Trevelez-437x437.jpg 437w, https://www.cortijosreyfini.com/wp-content/uploads/2016/04/8-Winter-view-of-Trevelez-150x150.jpg 150w" sizes="( max-width: 768px ) 100vw, ( min-width: 768px ) and ( max-width: 992px ) 50vw, 437px" /><figcaption id="caption-attachment-398" class="wp-caption-text">Winter view of Trevelez</figcaption></figure>
<p>Trevelez afirma ser el pueblo más alto de España (1486m) y está a sólo 4 km de los cortijos. Es el centro para la curación del jamón <em>Jamón</em> en España y en cualquier lugar que vaya en el pueblo se encontrará con el aroma de los jamones. Una pierna de jamón aquí puede costar tan poco como 50 euros. El valle ha sido cortado por el Río Trevelez y es muy similar a la del valle de Poqueira abajo.</p>
<figure id="attachment_396" aria-describedby="caption-attachment-396" style="width: 437px" class="wp-caption alignnone"><img loading="lazy" class="size-medium wp-image-396" src="http://www.cortijosreyfini.com/wp-content/uploads/2016/04/6-Cutting-Jamon-in-Trevelez-437x437.jpg" alt="Cutting Jamon in Trevelez" width="437" height="437" srcset="https://www.cortijosreyfini.com/wp-content/uploads/2016/04/6-Cutting-Jamon-in-Trevelez-437x437.jpg 437w, https://www.cortijosreyfini.com/wp-content/uploads/2016/04/6-Cutting-Jamon-in-Trevelez-150x150.jpg 150w" sizes="( max-width: 768px ) 100vw, ( min-width: 768px ) and ( max-width: 992px ) 50vw, 437px" /><figcaption id="caption-attachment-396" class="wp-caption-text">Cutting Jamon in Trevelez</figcaption></figure>
<p>Así como el famoso jamón serrano, usted puede comprar trucha de río capturados y una variedad de frutas y verduras cultivadas localmente. En el verano toda la zona cultiva tomates cherry, en su mayoría terminan en las estanterías de los supermercados Waitrose en Reino Unido.</p>
<figure id="attachment_397" aria-describedby="caption-attachment-397" style="width: 437px" class="wp-caption alignnone"><img loading="lazy" class="size-medium wp-image-397" src="http://www.cortijosreyfini.com/wp-content/uploads/2016/04/7-Tienda-Maruja-one-of-the-main-Jamon-stores-which-also-has-an-exhibition-and-video-about-history-of-Jamon-in-Trevelez-437x437.jpg" alt="Tienda Maruja one of the main Jamon stores which also has an exhibition and video about history of Jamon in Trevelez" width="437" height="437" srcset="https://www.cortijosreyfini.com/wp-content/uploads/2016/04/7-Tienda-Maruja-one-of-the-main-Jamon-stores-which-also-has-an-exhibition-and-video-about-history-of-Jamon-in-Trevelez-437x437.jpg 437w, https://www.cortijosreyfini.com/wp-content/uploads/2016/04/7-Tienda-Maruja-one-of-the-main-Jamon-stores-which-also-has-an-exhibition-and-video-about-history-of-Jamon-in-Trevelez-150x150.jpg 150w" sizes="( max-width: 768px ) 100vw, ( min-width: 768px ) and ( max-width: 992px ) 50vw, 437px" /><figcaption id="caption-attachment-397" class="wp-caption-text">Tienda Maruja one of the main Jamon stores which also has an exhibition and video about history of Jamon in Trevelez</figcaption></figure>
<p>Trevelez se divide en tres secciones: el pueblo inferior, medio y superior. Los turistas en su mayoría van a la parte inferior, pero hay buenos restaurantes que ofrecen menús baratos y buena pizzería en la parte media y superior. Cuanto más se asciende es más tradicional y es encantador para pasear por los estrechos senderos explorar sus callejuelas.</p>
<figure id="attachment_394" aria-describedby="caption-attachment-394" style="width: 437px" class="wp-caption alignnone"><img loading="lazy" class="size-medium wp-image-394" src="http://www.cortijosreyfini.com/wp-content/uploads/2016/04/4-The-highest-bar-at-Barrio-Alto-in-Trevelez-437x437.jpg" alt="The highest bar at Barrio Alto in Trevelez" width="437" height="437" srcset="https://www.cortijosreyfini.com/wp-content/uploads/2016/04/4-The-highest-bar-at-Barrio-Alto-in-Trevelez-437x437.jpg 437w, https://www.cortijosreyfini.com/wp-content/uploads/2016/04/4-The-highest-bar-at-Barrio-Alto-in-Trevelez-150x150.jpg 150w" sizes="( max-width: 768px ) 100vw, ( min-width: 768px ) and ( max-width: 992px ) 50vw, 437px" /><figcaption id="caption-attachment-394" class="wp-caption-text">The highest bar at Barrio Alto in Trevelez</figcaption></figure>
<div class="par_con">
<div class="par_con">
<p>Con el fin de llegar a la parte superior o bien aparcar el coche en la parte inferior y caminar o justo antes de llegar Trevelez tomar en una bifurcación de caminos el de la izquierda, que te lleva a la parte media. Hay un pequeño supermercado, varias carnicerías y se puede comprar el pan en cualquier cafetería o <em>panadería.</em> Si usted quiere comprar una pierna de jamón, este es el lugar para comprarlo. El más viejo es el más caro se vuelve, como el whisky.</p>
</div>
<div class="par_con">
<p>Trevelez es también uno de los principales puntos de partida para las caminatas a Siete lagunas y Mulhacén. Para más detalles, consulte la sección de senderismo.</p>
</div>
</div>
</div>

<p>Trevelez afirma ser el pueblo más alto de España (1486m) y está a sólo 4 km de los cortijos. Es el centro para la curación del jamón Jamón en España y en cualquier lugar que vaya en el pueblo se encontrará con el aroma de los jamones. Una pierna de jamón aquí puede costar tan poco como 50 euros. El &hellip; <a href="https://www.cortijosreyfini.com/es/things-to-do/local-villages/trevelez/" class="more-link">Continue reading <span class="screen-reader-text">Trevelez</span></a></p>
