{"id":938,"date":"2016-04-22T12:59:35","date_gmt":"2016-04-22T12:59:35","guid":{"rendered":"http:\/\/wegetcreative.co.uk\/crf\/?page_id=938&#038;lang=es"},"modified":"2016-04-22T12:59:35","modified_gmt":"2016-04-22T12:59:35","slug":"pampaneira","status":"publish","type":"page","link":"https:\/\/www.cortijosreyfini.com\/es\/things-to-do\/local-villages\/pampaneira\/","title":{"rendered":"Pampaneira"},"content":{"rendered":"<div class=\"par_con\">\n<figure id=\"attachment_377\" aria-describedby=\"caption-attachment-377\" style=\"width: 300px\" class=\"wp-caption alignnone\"><img loading=\"lazy\" class=\"size-medium wp-image-377\" src=\"http:\/\/www.cortijosreyfini.com\/wp-content\/uploads\/2016\/04\/10-The-GR7-footpath-signposted-from-Pampaneira-towards-Bubion-300x201.jpg\" alt=\"The GR7 footpath signposted from Pampaneira towards Bubion\" width=\"300\" height=\"201\" srcset=\"https:\/\/www.cortijosreyfini.com\/wp-content\/uploads\/2016\/04\/10-The-GR7-footpath-signposted-from-Pampaneira-towards-Bubion-300x201.jpg 300w, https:\/\/www.cortijosreyfini.com\/wp-content\/uploads\/2016\/04\/10-The-GR7-footpath-signposted-from-Pampaneira-towards-Bubion-768x514.jpg 768w, https:\/\/www.cortijosreyfini.com\/wp-content\/uploads\/2016\/04\/10-The-GR7-footpath-signposted-from-Pampaneira-towards-Bubion-1024x685.jpg 1024w, https:\/\/www.cortijosreyfini.com\/wp-content\/uploads\/2016\/04\/10-The-GR7-footpath-signposted-from-Pampaneira-towards-Bubion-1200x803.jpg 1200w, https:\/\/www.cortijosreyfini.com\/wp-content\/uploads\/2016\/04\/10-The-GR7-footpath-signposted-from-Pampaneira-towards-Bubion-437x293.jpg 437w, https:\/\/www.cortijosreyfini.com\/wp-content\/uploads\/2016\/04\/10-The-GR7-footpath-signposted-from-Pampaneira-towards-Bubion.jpg 1355w\" sizes=\"( max-width: 768px ) 100vw, ( min-width: 768px ) and ( max-width: 992px ) 50vw, 300px\" \/><figcaption id=\"caption-attachment-377\" class=\"wp-caption-text\">The GR7 footpath signposted from Pampaneira towards Bubion<\/figcaption><\/figure>\n<div class=\"par_con\">\n<div class=\"par_con\">\n<p>Pampaneira es uno de un tr\u00edo de pueblos blancos populares y pintorescos, Pampaneira &#8211; al igual que sus vecinos\u00a0<a href=\"https:\/\/translate.google.com\/translate?hl=en&amp;prev=_t&amp;sl=auto&amp;tl=es&amp;u=http:\/\/www.andalucia.com\/province\/granada\/bubion\/home.htm\">Bubi\u00f3n<\/a>\u00a0y Capileira &#8211; abraza las empinadas laderas de un barranco del r\u00edo exuberante, el<em>Barranco de Poqueira<\/em>\u00a0y en poco m\u00e1s de 1.000 metros de alt. Se encuentra Pampaneira, el m\u00e1s bajo de los tres pueblos del Barranco de Poqueira.<\/p>\n<\/div>\n<div class=\"par_con\">\n<p>Este peque\u00f1o pueblo con una poblaci\u00f3n de s\u00f3lo alrededor de 300 habitantes tiene una plaza muy bonita dominado por una iglesia mud\u00e9jar del siglo 16, la\u00a0<em>Iglesia de Santa Cruz,<\/em>\u00a0con un artesanado de madera y un par de retablos dorados que datan de los siglos 17 y 18.\u00a0La iglesia est\u00e1 flanqueada por varios bares y tiendas de artesan\u00eda y los visitantes tienden a congregarse en esta \u00e1rea para comer, sentarse y relajarse.<\/p>\n<\/div>\n<\/div>\n<\/div>\n<div class=\"par_con\">\n<figure id=\"attachment_371\" aria-describedby=\"caption-attachment-371\" style=\"width: 300px\" class=\"wp-caption alignnone\"><img loading=\"lazy\" class=\"size-medium wp-image-371\" src=\"http:\/\/www.cortijosreyfini.com\/wp-content\/uploads\/2016\/04\/4-People-enjoying-drinks-tapas-and-food-outside-in-the-main-square-Pampaneira-300x201.jpg\" alt=\"People enjoying drinks tapas and food outside in the main square Pampaneira\" width=\"300\" height=\"201\" srcset=\"https:\/\/www.cortijosreyfini.com\/wp-content\/uploads\/2016\/04\/4-People-enjoying-drinks-tapas-and-food-outside-in-the-main-square-Pampaneira-300x201.jpg 300w, https:\/\/www.cortijosreyfini.com\/wp-content\/uploads\/2016\/04\/4-People-enjoying-drinks-tapas-and-food-outside-in-the-main-square-Pampaneira-768x514.jpg 768w, https:\/\/www.cortijosreyfini.com\/wp-content\/uploads\/2016\/04\/4-People-enjoying-drinks-tapas-and-food-outside-in-the-main-square-Pampaneira-1024x685.jpg 1024w, https:\/\/www.cortijosreyfini.com\/wp-content\/uploads\/2016\/04\/4-People-enjoying-drinks-tapas-and-food-outside-in-the-main-square-Pampaneira-1200x803.jpg 1200w, https:\/\/www.cortijosreyfini.com\/wp-content\/uploads\/2016\/04\/4-People-enjoying-drinks-tapas-and-food-outside-in-the-main-square-Pampaneira-437x293.jpg 437w, https:\/\/www.cortijosreyfini.com\/wp-content\/uploads\/2016\/04\/4-People-enjoying-drinks-tapas-and-food-outside-in-the-main-square-Pampaneira.jpg 1355w\" sizes=\"( max-width: 768px ) 100vw, ( min-width: 768px ) and ( max-width: 992px ) 50vw, 300px\" \/><figcaption id=\"caption-attachment-371\" class=\"wp-caption-text\">People enjoying drinks tapas and food outside in the main square Pampaneira<\/figcaption><\/figure>\n<p>En el pueblo hay muchas tiendas de artesan\u00eda que venden una variedad de cer\u00e1mica, trabajos en cuero y ropa.\u00a0Tambi\u00e9n se ofrecen las especialidades de producci\u00f3n local queso, jam\u00f3n y miel.\u00a0Tambi\u00e9n hay una f\u00e1brica de chocolates que se puede visitar y comprar chocolate hecho a mano.<\/p>\n<figure id=\"attachment_372\" aria-describedby=\"caption-attachment-372\" style=\"width: 300px\" class=\"wp-caption alignnone\"><img loading=\"lazy\" class=\"size-medium wp-image-372\" src=\"http:\/\/www.cortijosreyfini.com\/wp-content\/uploads\/2016\/04\/5-Shopping-in-Pampaneira-300x201.jpg\" alt=\"Shopping in Pampaneira\" width=\"300\" height=\"201\" srcset=\"https:\/\/www.cortijosreyfini.com\/wp-content\/uploads\/2016\/04\/5-Shopping-in-Pampaneira-300x201.jpg 300w, https:\/\/www.cortijosreyfini.com\/wp-content\/uploads\/2016\/04\/5-Shopping-in-Pampaneira-768x515.jpg 768w, https:\/\/www.cortijosreyfini.com\/wp-content\/uploads\/2016\/04\/5-Shopping-in-Pampaneira-437x293.jpg 437w, https:\/\/www.cortijosreyfini.com\/wp-content\/uploads\/2016\/04\/5-Shopping-in-Pampaneira.jpg 1014w\" sizes=\"( max-width: 768px ) 100vw, ( min-width: 768px ) and ( max-width: 992px ) 50vw, 300px\" \/><figcaption id=\"caption-attachment-372\" class=\"wp-caption-text\">Shopping in Pampaneira<\/figcaption><\/figure>\n<p>Durante el invierno, la Sierra Nevada y la Alpujarra se cubren de nieve, pero los pueblos son raramente afectados por la nieve durante m\u00e1s de unos pocos d\u00edas.<\/p>\n<figure id=\"attachment_374\" aria-describedby=\"caption-attachment-374\" style=\"width: 199px\" class=\"wp-caption alignnone\"><img loading=\"lazy\" class=\"size-medium wp-image-374\" src=\"http:\/\/www.cortijosreyfini.com\/wp-content\/uploads\/2016\/04\/7-Summer-flowers-in-Pampaneira-199x300.jpg\" alt=\"Flowers in Pampaneira\" width=\"199\" height=\"300\" srcset=\"https:\/\/www.cortijosreyfini.com\/wp-content\/uploads\/2016\/04\/7-Summer-flowers-in-Pampaneira-199x300.jpg 199w, https:\/\/www.cortijosreyfini.com\/wp-content\/uploads\/2016\/04\/7-Summer-flowers-in-Pampaneira-681x1024.jpg 681w, https:\/\/www.cortijosreyfini.com\/wp-content\/uploads\/2016\/04\/7-Summer-flowers-in-Pampaneira.jpg 700w\" sizes=\"( max-width: 768px ) 100vw, ( min-width: 768px ) and ( max-width: 992px ) 50vw, 199px\" \/><figcaption id=\"caption-attachment-374\" class=\"wp-caption-text\">Flowers in Pampaneira<\/figcaption><\/figure>\n<p>Desde aqu\u00ed se puede caminar hasta Bubi\u00f3n y Capileira.\u00a0El paseo es precioso, pero bastante empinado.\u00a0Se puede tomar una hora si usted est\u00e1 caminando lentamente a Bubi\u00f3n.\u00a0Cuando regresa, es mucho m\u00e1s r\u00e1pido y tambi\u00e9n muy bueno ver otra vista del valle de Poqueira desde la parte superior que baja a Pampaneira.<\/p>\n<\/div>\n<div class=\"par_con\"><\/div>\n","protected":false},"excerpt":{"rendered":"<p>Pampaneira es uno de un tr\u00edo de pueblos blancos populares y pintorescos, Pampaneira &#8211; al igual que sus vecinos\u00a0Bubi\u00f3n\u00a0y Capileira &#8211; abraza las empinadas laderas de un barranco del r\u00edo exuberante, elBarranco de Poqueira\u00a0y en poco m\u00e1s de 1.000 metros de alt. Se encuentra Pampaneira, el m\u00e1s bajo de los tres pueblos del Barranco de &hellip; <a href=\"https:\/\/www.cortijosreyfini.com\/es\/things-to-do\/local-villages\/pampaneira\/\" class=\"more-link\">Continue reading <span class=\"screen-reader-text\">Pampaneira<\/span><\/a><\/p>\n","protected":false},"author":1,"featured_media":0,"parent":853,"menu_order":0,"comment_status":"closed","ping_status":"closed","template":"","meta":{"om_disable_all_campaigns":false,"_monsterinsights_skip_tracking":false,"_monsterinsights_sitenote_active":false,"_monsterinsights_sitenote_note":"","_monsterinsights_sitenote_category":0},"acf":[],"aioseo_notices":[],"_links":{"self":[{"href":"https:\/\/www.cortijosreyfini.com\/es\/wp-json\/wp\/v2\/pages\/938"}],"collection":[{"href":"https:\/\/www.cortijosreyfini.com\/es\/wp-json\/wp\/v2\/pages"}],"about":[{"href":"https:\/\/www.cortijosreyfini.com\/es\/wp-json\/wp\/v2\/types\/page"}],"author":[{"embeddable":true,"href":"https:\/\/www.cortijosreyfini.com\/es\/wp-json\/wp\/v2\/users\/1"}],"replies":[{"embeddable":true,"href":"https:\/\/www.cortijosreyfini.com\/es\/wp-json\/wp\/v2\/comments?post=938"}],"version-history":[{"count":1,"href":"https:\/\/www.cortijosreyfini.com\/es\/wp-json\/wp\/v2\/pages\/938\/revisions"}],"predecessor-version":[{"id":939,"href":"https:\/\/www.cortijosreyfini.com\/es\/wp-json\/wp\/v2\/pages\/938\/revisions\/939"}],"up":[{"embeddable":true,"href":"https:\/\/www.cortijosreyfini.com\/es\/wp-json\/wp\/v2\/pages\/853"}],"wp:attachment":[{"href":"https:\/\/www.cortijosreyfini.com\/es\/wp-json\/wp\/v2\/media?parent=938"}],"curies":[{"name":"wp","href":"https:\/\/api.w.org\/{rel}","templated":true}]}}

<div class="par_con">
<figure id="attachment_377" aria-describedby="caption-attachment-377" style="width: 300px" class="wp-caption alignnone"><img loading="lazy" class="size-medium wp-image-377" src="http://www.cortijosreyfini.com/wp-content/uploads/2016/04/10-The-GR7-footpath-signposted-from-Pampaneira-towards-Bubion-300x201.jpg" alt="The GR7 footpath signposted from Pampaneira towards Bubion" width="300" height="201" srcset="https://www.cortijosreyfini.com/wp-content/uploads/2016/04/10-The-GR7-footpath-signposted-from-Pampaneira-towards-Bubion-300x201.jpg 300w, https://www.cortijosreyfini.com/wp-content/uploads/2016/04/10-The-GR7-footpath-signposted-from-Pampaneira-towards-Bubion-768x514.jpg 768w, https://www.cortijosreyfini.com/wp-content/uploads/2016/04/10-The-GR7-footpath-signposted-from-Pampaneira-towards-Bubion-1024x685.jpg 1024w, https://www.cortijosreyfini.com/wp-content/uploads/2016/04/10-The-GR7-footpath-signposted-from-Pampaneira-towards-Bubion-1200x803.jpg 1200w, https://www.cortijosreyfini.com/wp-content/uploads/2016/04/10-The-GR7-footpath-signposted-from-Pampaneira-towards-Bubion-437x293.jpg 437w, https://www.cortijosreyfini.com/wp-content/uploads/2016/04/10-The-GR7-footpath-signposted-from-Pampaneira-towards-Bubion.jpg 1355w" sizes="( max-width: 768px ) 100vw, ( min-width: 768px ) and ( max-width: 992px ) 50vw, 300px" /><figcaption id="caption-attachment-377" class="wp-caption-text">The GR7 footpath signposted from Pampaneira towards Bubion</figcaption></figure>
<div class="par_con">
<div class="par_con">
<p>Pampaneira es uno de un trío de pueblos blancos populares y pintorescos, Pampaneira &#8211; al igual que sus vecinos <a href="https://translate.google.com/translate?hl=en&amp;prev=_t&amp;sl=auto&amp;tl=es&amp;u=http://www.andalucia.com/province/granada/bubion/home.htm">Bubión</a> y Capileira &#8211; abraza las empinadas laderas de un barranco del río exuberante, el<em>Barranco de Poqueira</em> y en poco más de 1.000 metros de alt. Se encuentra Pampaneira, el más bajo de los tres pueblos del Barranco de Poqueira.</p>
</div>
<div class="par_con">
<p>Este pequeño pueblo con una población de sólo alrededor de 300 habitantes tiene una plaza muy bonita dominado por una iglesia mudéjar del siglo 16, la <em>Iglesia de Santa Cruz,</em> con un artesanado de madera y un par de retablos dorados que datan de los siglos 17 y 18. La iglesia está flanqueada por varios bares y tiendas de artesanía y los visitantes tienden a congregarse en esta área para comer, sentarse y relajarse.</p>
</div>
</div>
</div>
<div class="par_con">
<figure id="attachment_371" aria-describedby="caption-attachment-371" style="width: 300px" class="wp-caption alignnone"><img loading="lazy" class="size-medium wp-image-371" src="http://www.cortijosreyfini.com/wp-content/uploads/2016/04/4-People-enjoying-drinks-tapas-and-food-outside-in-the-main-square-Pampaneira-300x201.jpg" alt="People enjoying drinks tapas and food outside in the main square Pampaneira" width="300" height="201" srcset="https://www.cortijosreyfini.com/wp-content/uploads/2016/04/4-People-enjoying-drinks-tapas-and-food-outside-in-the-main-square-Pampaneira-300x201.jpg 300w, https://www.cortijosreyfini.com/wp-content/uploads/2016/04/4-People-enjoying-drinks-tapas-and-food-outside-in-the-main-square-Pampaneira-768x514.jpg 768w, https://www.cortijosreyfini.com/wp-content/uploads/2016/04/4-People-enjoying-drinks-tapas-and-food-outside-in-the-main-square-Pampaneira-1024x685.jpg 1024w, https://www.cortijosreyfini.com/wp-content/uploads/2016/04/4-People-enjoying-drinks-tapas-and-food-outside-in-the-main-square-Pampaneira-1200x803.jpg 1200w, https://www.cortijosreyfini.com/wp-content/uploads/2016/04/4-People-enjoying-drinks-tapas-and-food-outside-in-the-main-square-Pampaneira-437x293.jpg 437w, https://www.cortijosreyfini.com/wp-content/uploads/2016/04/4-People-enjoying-drinks-tapas-and-food-outside-in-the-main-square-Pampaneira.jpg 1355w" sizes="( max-width: 768px ) 100vw, ( min-width: 768px ) and ( max-width: 992px ) 50vw, 300px" /><figcaption id="caption-attachment-371" class="wp-caption-text">People enjoying drinks tapas and food outside in the main square Pampaneira</figcaption></figure>
<p>En el pueblo hay muchas tiendas de artesanía que venden una variedad de cerámica, trabajos en cuero y ropa. También se ofrecen las especialidades de producción local queso, jamón y miel. También hay una fábrica de chocolates que se puede visitar y comprar chocolate hecho a mano.</p>
<figure id="attachment_372" aria-describedby="caption-attachment-372" style="width: 300px" class="wp-caption alignnone"><img loading="lazy" class="size-medium wp-image-372" src="http://www.cortijosreyfini.com/wp-content/uploads/2016/04/5-Shopping-in-Pampaneira-300x201.jpg" alt="Shopping in Pampaneira" width="300" height="201" srcset="https://www.cortijosreyfini.com/wp-content/uploads/2016/04/5-Shopping-in-Pampaneira-300x201.jpg 300w, https://www.cortijosreyfini.com/wp-content/uploads/2016/04/5-Shopping-in-Pampaneira-768x515.jpg 768w, https://www.cortijosreyfini.com/wp-content/uploads/2016/04/5-Shopping-in-Pampaneira-437x293.jpg 437w, https://www.cortijosreyfini.com/wp-content/uploads/2016/04/5-Shopping-in-Pampaneira.jpg 1014w" sizes="( max-width: 768px ) 100vw, ( min-width: 768px ) and ( max-width: 992px ) 50vw, 300px" /><figcaption id="caption-attachment-372" class="wp-caption-text">Shopping in Pampaneira</figcaption></figure>
<p>Durante el invierno, la Sierra Nevada y la Alpujarra se cubren de nieve, pero los pueblos son raramente afectados por la nieve durante más de unos pocos días.</p>
<figure id="attachment_374" aria-describedby="caption-attachment-374" style="width: 199px" class="wp-caption alignnone"><img loading="lazy" class="size-medium wp-image-374" src="http://www.cortijosreyfini.com/wp-content/uploads/2016/04/7-Summer-flowers-in-Pampaneira-199x300.jpg" alt="Flowers in Pampaneira" width="199" height="300" srcset="https://www.cortijosreyfini.com/wp-content/uploads/2016/04/7-Summer-flowers-in-Pampaneira-199x300.jpg 199w, https://www.cortijosreyfini.com/wp-content/uploads/2016/04/7-Summer-flowers-in-Pampaneira-681x1024.jpg 681w, https://www.cortijosreyfini.com/wp-content/uploads/2016/04/7-Summer-flowers-in-Pampaneira.jpg 700w" sizes="( max-width: 768px ) 100vw, ( min-width: 768px ) and ( max-width: 992px ) 50vw, 199px" /><figcaption id="caption-attachment-374" class="wp-caption-text">Flowers in Pampaneira</figcaption></figure>
<p>Desde aquí se puede caminar hasta Bubión y Capileira. El paseo es precioso, pero bastante empinado. Se puede tomar una hora si usted está caminando lentamente a Bubión. Cuando regresa, es mucho más rápido y también muy bueno ver otra vista del valle de Poqueira desde la parte superior que baja a Pampaneira.</p>
</div>
<div class="par_con"></div>

<p>Pampaneira es uno de un trío de pueblos blancos populares y pintorescos, Pampaneira &#8211; al igual que sus vecinos Bubión y Capileira &#8211; abraza las empinadas laderas de un barranco del río exuberante, elBarranco de Poqueira y en poco más de 1.000 metros de alt. Se encuentra Pampaneira, el más bajo de los tres pueblos del Barranco de &hellip; <a href="https://www.cortijosreyfini.com/es/things-to-do/local-villages/pampaneira/" class="more-link">Continue reading <span class="screen-reader-text">Pampaneira</span></a></p>
