{"id":856,"date":"2016-04-22T10:53:25","date_gmt":"2016-04-22T10:53:25","guid":{"rendered":"http:\/\/wegetcreative.co.uk\/crf\/?page_id=856&#038;lang=es"},"modified":"2016-04-22T10:55:41","modified_gmt":"2016-04-22T10:55:41","slug":"bubion","status":"publish","type":"page","link":"https:\/\/www.cortijosreyfini.com\/es\/things-to-do\/local-villages\/bubion\/","title":{"rendered":"Bubion"},"content":{"rendered":"<div class=\"par_con\">\n<figure id=\"attachment_347\" aria-describedby=\"caption-attachment-347\" style=\"width: 437px\" class=\"wp-caption alignnone\"><img loading=\"lazy\" class=\"size-medium wp-image-437\" src=\"http:\/\/www.cortijosreyfini.com\/wp-content\/uploads\/2016\/04\/11-The-view-of-Bubion-and-Capiliera-437x437.jpg\" alt=\"View of Bubion\" width=\"437\" height=\"437\" \/><figcaption id=\"caption-attachment-347\" class=\"wp-caption-text\">View of Bubion<\/figcaption><\/figure>\n<\/div>\n<div class=\"par_con\"><\/div>\n<div class=\"par_con\">Bubi\u00f3n es uno de los tres pueblos de monta\u00f1a del\u00a0<em> Barranco Poqueira<\/em>\u00a0(los otros dos son Pampaneira y Capileira) y es el segundo de los tres cuando se llega a conducir de Orgiva.\u00a0Ir\u00f3nicamente este es el m\u00e1s tranquilo pueblo de los tres, pero quiz\u00e1s el m\u00e1s bonito.\u00a0Tiene varias tiendas de artesan\u00eda que venden las alfombras producidas localmente, as\u00ed como otros art\u00edculos y un mont\u00f3n de bares y restaurantes. Si usted encuentra un sitio para aparcar el coche y pasear a pie se encontrar\u00e1n encantadoras callejuelas escondidas con casas, bares y arcos, vistas impresionantes del valle.\u00a0Es un pueblo bastante tranquilo, excepto a fines de agosto, cuando la fiesta anual se hace cargo y hay mucha bebida y baile, momento de la celebraci\u00f3n de la fiesta del pueblo.<\/div>\n<div class=\"par_con\"><\/div>\n<div class=\"par_con\">\n<figure id=\"attachment_340\" aria-describedby=\"caption-attachment-340\" style=\"width: 437px\" class=\"wp-caption alignnone\"><img loading=\"lazy\" class=\"size-medium wp-image-437\" src=\"http:\/\/www.cortijosreyfini.com\/wp-content\/uploads\/2016\/04\/4-Autumn-in-Bubion-1-437x437.jpg\" alt=\"Bubion in Autmn\" width=\"437\" height=\"437\" \/><figcaption id=\"caption-attachment-340\" class=\"wp-caption-text\">Bubion in Autmn<\/figcaption><\/figure>\n<\/div>\n<div class=\"par_con\"><\/div>\n<div class=\"par_con\">Si te sientes lo suficientemente en\u00e9rgico para ir a pie a Pampaneira desde Bubi\u00f3n es uno de los m\u00e1s bellos paseos de alrededor y es una antigua v\u00eda romana.\u00a0S\u00f3lo se tarda unos 30 minutos que van abajo y un poco m\u00e1s por ver.\u00a0S\u00f3lo tienes que ir por el lado de la iglesia y ver\u00e1 las se\u00f1ales diciendo\u00a0<em>Camino Pampaneira.<\/em><\/div>\n<div class=\"par_con\"><\/div>\n<div class=\"par_con\">\n<figure id=\"attachment_344\" aria-describedby=\"caption-attachment-344\" style=\"width: 437px\" class=\"wp-caption alignnone\"><img loading=\"lazy\" class=\"size-medium wp-image-437\" src=\"http:\/\/www.cortijosreyfini.com\/wp-content\/uploads\/2016\/04\/8-The-Roman-route-from-Bubion-to-Pampeniera-437x437.jpg\" alt=\"Roman Road\" width=\"437\" height=\"437\" \/><figcaption id=\"caption-attachment-344\" class=\"wp-caption-text\">Roman Road<\/figcaption><\/figure>\n<\/div>\n<div class=\"par_con\"><\/div>\n<div class=\"par_con\">\n<div class=\"par_con\">\n<p>Usted puede hacer el mismo paseo hasta Capileira aunque no es tan agradable.\u00a0Bubi\u00f3n, Pampaneira y Capileira est\u00e1n todos en la ruta PR-70 conocido como\u00a0<em>Sendero Pueblos de Poqueira.<\/em><\/p>\n<\/div>\n<\/div>\n<div class=\"par_con\"><\/div>\n","protected":false},"excerpt":{"rendered":"<p>Bubi\u00f3n es uno de los tres pueblos de monta\u00f1a del\u00a0 Barranco Poqueira\u00a0(los otros dos son Pampaneira y Capileira) y es el segundo de los tres cuando se llega a conducir de Orgiva.\u00a0Ir\u00f3nicamente este es el m\u00e1s tranquilo pueblo de los tres, pero quiz\u00e1s el m\u00e1s bonito.\u00a0Tiene varias tiendas de artesan\u00eda que venden las alfombras producidas &hellip; <a href=\"https:\/\/www.cortijosreyfini.com\/es\/things-to-do\/local-villages\/bubion\/\" class=\"more-link\">Continue reading <span class=\"screen-reader-text\">Bubion<\/span><\/a><\/p>\n","protected":false},"author":1,"featured_media":0,"parent":853,"menu_order":0,"comment_status":"closed","ping_status":"closed","template":"","meta":{"om_disable_all_campaigns":false,"_monsterinsights_skip_tracking":false,"_monsterinsights_sitenote_active":false,"_monsterinsights_sitenote_note":"","_monsterinsights_sitenote_category":0},"acf":[],"aioseo_notices":[],"_links":{"self":[{"href":"https:\/\/www.cortijosreyfini.com\/es\/wp-json\/wp\/v2\/pages\/856"}],"collection":[{"href":"https:\/\/www.cortijosreyfini.com\/es\/wp-json\/wp\/v2\/pages"}],"about":[{"href":"https:\/\/www.cortijosreyfini.com\/es\/wp-json\/wp\/v2\/types\/page"}],"author":[{"embeddable":true,"href":"https:\/\/www.cortijosreyfini.com\/es\/wp-json\/wp\/v2\/users\/1"}],"replies":[{"embeddable":true,"href":"https:\/\/www.cortijosreyfini.com\/es\/wp-json\/wp\/v2\/comments?post=856"}],"version-history":[{"count":4,"href":"https:\/\/www.cortijosreyfini.com\/es\/wp-json\/wp\/v2\/pages\/856\/revisions"}],"predecessor-version":[{"id":860,"href":"https:\/\/www.cortijosreyfini.com\/es\/wp-json\/wp\/v2\/pages\/856\/revisions\/860"}],"up":[{"embeddable":true,"href":"https:\/\/www.cortijosreyfini.com\/es\/wp-json\/wp\/v2\/pages\/853"}],"wp:attachment":[{"href":"https:\/\/www.cortijosreyfini.com\/es\/wp-json\/wp\/v2\/media?parent=856"}],"curies":[{"name":"wp","href":"https:\/\/api.w.org\/{rel}","templated":true}]}}

<div class="par_con">
<figure id="attachment_347" aria-describedby="caption-attachment-347" style="width: 437px" class="wp-caption alignnone"><img loading="lazy" class="size-medium wp-image-437" src="http://www.cortijosreyfini.com/wp-content/uploads/2016/04/11-The-view-of-Bubion-and-Capiliera-437x437.jpg" alt="View of Bubion" width="437" height="437" /><figcaption id="caption-attachment-347" class="wp-caption-text">View of Bubion</figcaption></figure>
</div>
<div class="par_con"></div>
<div class="par_con">Bubión es uno de los tres pueblos de montaña del <em> Barranco Poqueira</em> (los otros dos son Pampaneira y Capileira) y es el segundo de los tres cuando se llega a conducir de Orgiva. Irónicamente este es el más tranquilo pueblo de los tres, pero quizás el más bonito. Tiene varias tiendas de artesanía que venden las alfombras producidas localmente, así como otros artículos y un montón de bares y restaurantes. Si usted encuentra un sitio para aparcar el coche y pasear a pie se encontrarán encantadoras callejuelas escondidas con casas, bares y arcos, vistas impresionantes del valle. Es un pueblo bastante tranquilo, excepto a fines de agosto, cuando la fiesta anual se hace cargo y hay mucha bebida y baile, momento de la celebración de la fiesta del pueblo.</div>
<div class="par_con"></div>
<div class="par_con">
<figure id="attachment_340" aria-describedby="caption-attachment-340" style="width: 437px" class="wp-caption alignnone"><img loading="lazy" class="size-medium wp-image-437" src="http://www.cortijosreyfini.com/wp-content/uploads/2016/04/4-Autumn-in-Bubion-1-437x437.jpg" alt="Bubion in Autmn" width="437" height="437" /><figcaption id="caption-attachment-340" class="wp-caption-text">Bubion in Autmn</figcaption></figure>
</div>
<div class="par_con"></div>
<div class="par_con">Si te sientes lo suficientemente enérgico para ir a pie a Pampaneira desde Bubión es uno de los más bellos paseos de alrededor y es una antigua vía romana. Sólo se tarda unos 30 minutos que van abajo y un poco más por ver. Sólo tienes que ir por el lado de la iglesia y verá las señales diciendo <em>Camino Pampaneira.</em></div>
<div class="par_con"></div>
<div class="par_con">
<figure id="attachment_344" aria-describedby="caption-attachment-344" style="width: 437px" class="wp-caption alignnone"><img loading="lazy" class="size-medium wp-image-437" src="http://www.cortijosreyfini.com/wp-content/uploads/2016/04/8-The-Roman-route-from-Bubion-to-Pampeniera-437x437.jpg" alt="Roman Road" width="437" height="437" /><figcaption id="caption-attachment-344" class="wp-caption-text">Roman Road</figcaption></figure>
</div>
<div class="par_con"></div>
<div class="par_con">
<div class="par_con">
<p>Usted puede hacer el mismo paseo hasta Capileira aunque no es tan agradable. Bubión, Pampaneira y Capileira están todos en la ruta PR-70 conocido como <em>Sendero Pueblos de Poqueira.</em></p>
</div>
</div>
<div class="par_con"></div>

<p>Bubión es uno de los tres pueblos de montaña del  Barranco Poqueira (los otros dos son Pampaneira y Capileira) y es el segundo de los tres cuando se llega a conducir de Orgiva. Irónicamente este es el más tranquilo pueblo de los tres, pero quizás el más bonito. Tiene varias tiendas de artesanía que venden las alfombras producidas &hellip; <a href="https://www.cortijosreyfini.com/es/things-to-do/local-villages/bubion/" class="more-link">Continue reading <span class="screen-reader-text">Bubion</span></a></p>
