{"id":1310,"date":"2016-04-25T11:00:12","date_gmt":"2016-04-25T11:00:12","guid":{"rendered":"http:\/\/wegetcreative.co.uk\/crf\/?page_id=1310&#038;lang=es"},"modified":"2016-04-25T11:00:12","modified_gmt":"2016-04-25T11:00:12","slug":"la-rijana","status":"publish","type":"page","link":"https:\/\/www.cortijosreyfini.com\/es\/things-to-do\/beaches\/la-rijana\/","title":{"rendered":"La Rijana"},"content":{"rendered":"<div class=\"par_con\">\n<figure id=\"attachment_81\" aria-describedby=\"caption-attachment-81\" style=\"width: 437px\" class=\"wp-caption alignnone\"><img loading=\"lazy\" class=\"size-medium wp-image-81\" src=\"http:\/\/www.cortijosreyfini.com\/wp-content\/uploads\/2016\/04\/1-The-beach-in-la-Rijana-1-437x437.jpg\" alt=\"The beach in la Rijana\" width=\"437\" height=\"437\" srcset=\"https:\/\/www.cortijosreyfini.com\/wp-content\/uploads\/2016\/04\/1-The-beach-in-la-Rijana-1-437x437.jpg 437w, https:\/\/www.cortijosreyfini.com\/wp-content\/uploads\/2016\/04\/1-The-beach-in-la-Rijana-1-150x150.jpg 150w\" sizes=\"( max-width: 768px ) 100vw, ( min-width: 768px ) and ( max-width: 992px ) 50vw, 437px\" \/><figcaption id=\"caption-attachment-81\" class=\"wp-caption-text\">The beach in la Rijana<\/figcaption><\/figure>\n<div class=\"par_con\">\n<div class=\"par_con\">\n<p>Si usted es m\u00e1s aventurero y como el snorkel, justo m\u00e1s all\u00e1 de Calahonda en la colina, a trav\u00e9s de un par de t\u00faneles, se encuentra una peque\u00f1a playa llamada La Rijana.\u00a0Debe pasar por la playa a unos 50 metros donde hay un \u00e1rea de descanso.\u00a0Date la vuelta en el retorno apartadero, e.\u00a0Va a encontrar un peque\u00f1o aparcamiento a su mano derecha.<\/p>\n<\/div>\n<div class=\"par_con\">\n<p>Durante agosto evitar ir a la playa durante los fines de semana y durante los d\u00edas de semana salir temprano en la ma\u00f1ana si no quiere quedar atrapado en el tr\u00e1fico.<\/p>\n<\/div>\n<div class=\"par_con\">\n<p>Adem\u00e1s, por favor recuerde que hay playas a lo largo del mar en cada pueblo o centro tur\u00edstico.\u00a0Como regla tratamos de evitarlos, pero si no est\u00e1 preocupado entonces qu\u00e9 descubrimos otras playas y si encuentras cualquier lugar agradable nos dejamos un mensaje para que podamos transmitirlo a los dem\u00e1s.<\/p>\n<\/div>\n<\/div>\n<\/div>\n","protected":false},"excerpt":{"rendered":"<p>Si usted es m\u00e1s aventurero y como el snorkel, justo m\u00e1s all\u00e1 de Calahonda en la colina, a trav\u00e9s de un par de t\u00faneles, se encuentra una peque\u00f1a playa llamada La Rijana.\u00a0Debe pasar por la playa a unos 50 metros donde hay un \u00e1rea de descanso.\u00a0Date la vuelta en el retorno apartadero, e.\u00a0Va a encontrar &hellip; <a href=\"https:\/\/www.cortijosreyfini.com\/es\/things-to-do\/beaches\/la-rijana\/\" class=\"more-link\">Continue reading <span class=\"screen-reader-text\">La Rijana<\/span><\/a><\/p>\n","protected":false},"author":1,"featured_media":0,"parent":1222,"menu_order":0,"comment_status":"closed","ping_status":"closed","template":"","meta":{"om_disable_all_campaigns":false,"_monsterinsights_skip_tracking":false,"_monsterinsights_sitenote_active":false,"_monsterinsights_sitenote_note":"","_monsterinsights_sitenote_category":0},"acf":[],"aioseo_notices":[],"_links":{"self":[{"href":"https:\/\/www.cortijosreyfini.com\/es\/wp-json\/wp\/v2\/pages\/1310"}],"collection":[{"href":"https:\/\/www.cortijosreyfini.com\/es\/wp-json\/wp\/v2\/pages"}],"about":[{"href":"https:\/\/www.cortijosreyfini.com\/es\/wp-json\/wp\/v2\/types\/page"}],"author":[{"embeddable":true,"href":"https:\/\/www.cortijosreyfini.com\/es\/wp-json\/wp\/v2\/users\/1"}],"replies":[{"embeddable":true,"href":"https:\/\/www.cortijosreyfini.com\/es\/wp-json\/wp\/v2\/comments?post=1310"}],"version-history":[{"count":2,"href":"https:\/\/www.cortijosreyfini.com\/es\/wp-json\/wp\/v2\/pages\/1310\/revisions"}],"predecessor-version":[{"id":1312,"href":"https:\/\/www.cortijosreyfini.com\/es\/wp-json\/wp\/v2\/pages\/1310\/revisions\/1312"}],"up":[{"embeddable":true,"href":"https:\/\/www.cortijosreyfini.com\/es\/wp-json\/wp\/v2\/pages\/1222"}],"wp:attachment":[{"href":"https:\/\/www.cortijosreyfini.com\/es\/wp-json\/wp\/v2\/media?parent=1310"}],"curies":[{"name":"wp","href":"https:\/\/api.w.org\/{rel}","templated":true}]}}

<div class="par_con">
<figure id="attachment_81" aria-describedby="caption-attachment-81" style="width: 437px" class="wp-caption alignnone"><img loading="lazy" class="size-medium wp-image-81" src="http://www.cortijosreyfini.com/wp-content/uploads/2016/04/1-The-beach-in-la-Rijana-1-437x437.jpg" alt="The beach in la Rijana" width="437" height="437" srcset="https://www.cortijosreyfini.com/wp-content/uploads/2016/04/1-The-beach-in-la-Rijana-1-437x437.jpg 437w, https://www.cortijosreyfini.com/wp-content/uploads/2016/04/1-The-beach-in-la-Rijana-1-150x150.jpg 150w" sizes="( max-width: 768px ) 100vw, ( min-width: 768px ) and ( max-width: 992px ) 50vw, 437px" /><figcaption id="caption-attachment-81" class="wp-caption-text">The beach in la Rijana</figcaption></figure>
<div class="par_con">
<div class="par_con">
<p>Si usted es más aventurero y como el snorkel, justo más allá de Calahonda en la colina, a través de un par de túneles, se encuentra una pequeña playa llamada La Rijana. Debe pasar por la playa a unos 50 metros donde hay un área de descanso. Date la vuelta en el retorno apartadero, e. Va a encontrar un pequeño aparcamiento a su mano derecha.</p>
</div>
<div class="par_con">
<p>Durante agosto evitar ir a la playa durante los fines de semana y durante los días de semana salir temprano en la mañana si no quiere quedar atrapado en el tráfico.</p>
</div>
<div class="par_con">
<p>Además, por favor recuerde que hay playas a lo largo del mar en cada pueblo o centro turístico. Como regla tratamos de evitarlos, pero si no está preocupado entonces qué descubrimos otras playas y si encuentras cualquier lugar agradable nos dejamos un mensaje para que podamos transmitirlo a los demás.</p>
</div>
</div>
</div>

<p>Si usted es más aventurero y como el snorkel, justo más allá de Calahonda en la colina, a través de un par de túneles, se encuentra una pequeña playa llamada La Rijana. Debe pasar por la playa a unos 50 metros donde hay un área de descanso. Date la vuelta en el retorno apartadero, e. Va a encontrar &hellip; <a href="https://www.cortijosreyfini.com/es/things-to-do/beaches/la-rijana/" class="more-link">Continue reading <span class="screen-reader-text">La Rijana</span></a></p>
