{"id":1160,"date":"2016-04-25T09:55:36","date_gmt":"2016-04-25T09:55:36","guid":{"rendered":"http:\/\/wegetcreative.co.uk\/crf\/?page_id=1160&#038;lang=es"},"modified":"2016-04-25T09:55:36","modified_gmt":"2016-04-25T09:55:36","slug":"capileira-bubion-and-pampaneira","status":"publish","type":"page","link":"https:\/\/www.cortijosreyfini.com\/es\/gastronomy\/local-restaurants\/capileira-bubion-and-pampaneira\/","title":{"rendered":"Capileira, Bubion and Pampaneira"},"content":{"rendered":"<div class=\"par_con\">\n<p><strong>Capileira<\/strong><\/p>\n<\/div>\n<div class=\"par_con\">\n<p>Hay una amplia variedad de bares y restaurantes para elegir en Capileira &#8211; recomendamos los que conocemos.<\/p>\n<\/div>\n<div class=\"par_con\">\n<p>Un lugar encantador para sentarse y tomar una copa es los jardines del\u00a0<em>Hotel Barranco de Poqueira<\/em>\u00a0a cargo de nuestros amigos Paco y Pepe los gemelos.\u00a0Encontrar\u00e1 el hotel a su izquierda a medida que circula en Capileira y los jardines son un poco m\u00e1s all\u00e1 y por debajo del hotel.\u00a0Tambi\u00e9n ofrecen comida a la parrilla \u00f3 barbacoa aqu\u00ed si tienes hambre.<\/p>\n<\/div>\n<div class=\"par_con\">\n<p>Hay una buena pizzer\u00eda en Capileira llamado\u00a0<em>Calvario<\/em>\u00a0situado en una peque\u00f1a plaza llamada\u00a0<em>Plaza del Calvario.<\/em><\/p>\n<\/div>\n<div class=\"par_con\">\n<p>Otro buen lugar para comer es\u00a0<em>El Asador,<\/em>\u00a0que se encuentra en la calle principal en Capileira a su derecha mientras conduce hasta la colina.\u00a0Esto es muy recomendable para los platos de carne y pescado bien cocidos sabrosos.<\/p>\n<\/div>\n<div class=\"par_con\">\n<p><em>Casa de Pilar y Paco L\u00f3pez,<\/em>\u00a0el \u00faltimo restaurante a la derecha subiendo por la colina en la carretera principal cuenta con excelentes vistas y en el calor de la temporada es muy recomendable, con su bonito jard\u00edn y terraza.<\/p>\n<\/div>\n<div class=\"par_con\">\n<p>Por supuesto, hay muchos m\u00e1s restaurantes y bares en Capileira, es un lugar interesante y hermoso para pasear y descubrir tesoros ocultos.<\/p>\n<\/div>\n<div class=\"par_con\">\n<p><strong>Bubi\u00f3n<\/strong><\/p>\n<\/div>\n<div class=\"par_con\">\n<p>Al pasear por Bubi\u00f3n a pie descubrir\u00e1 peque\u00f1os bares escondidos por callejones, pero en la calle principal del pueblo est\u00e1\u00a0<em>el Teide<\/em>\u00a0que es ideal para tomar una copa con tapas y comida tradicional alpujarre\u00f1a.<\/p>\n<\/div>\n<div class=\"par_con\">\n<p><strong>Pampaneira<\/strong><\/p>\n<\/div>\n<div class=\"par_con\">\n<p>Hay numerosos bares y restaurantes que salpican las calles y callejones de Pampaneira y nunca encuentras demasiado lejos de un bar o un lugar para comer.\u00a0Escondido en una de las callejuelas est\u00e1<em>Bodega Asador \u00abEl Lagar\u00bb,<\/em>\u00a0que cuenta con un horno de le\u00f1a para pizzas, etc.<\/p>\n<\/div>\n","protected":false},"excerpt":{"rendered":"<p>Capileira Hay una amplia variedad de bares y restaurantes para elegir en Capileira &#8211; recomendamos los que conocemos. Un lugar encantador para sentarse y tomar una copa es los jardines del\u00a0Hotel Barranco de Poqueira\u00a0a cargo de nuestros amigos Paco y Pepe los gemelos.\u00a0Encontrar\u00e1 el hotel a su izquierda a medida que circula en Capileira y &hellip; <a href=\"https:\/\/www.cortijosreyfini.com\/es\/gastronomy\/local-restaurants\/capileira-bubion-and-pampaneira\/\" class=\"more-link\">Continue reading <span class=\"screen-reader-text\">Capileira, Bubion and Pampaneira<\/span><\/a><\/p>\n","protected":false},"author":1,"featured_media":0,"parent":1177,"menu_order":0,"comment_status":"closed","ping_status":"closed","template":"","meta":{"om_disable_all_campaigns":false,"_monsterinsights_skip_tracking":false,"_monsterinsights_sitenote_active":false,"_monsterinsights_sitenote_note":"","_monsterinsights_sitenote_category":0},"acf":[],"aioseo_notices":[],"_links":{"self":[{"href":"https:\/\/www.cortijosreyfini.com\/es\/wp-json\/wp\/v2\/pages\/1160"}],"collection":[{"href":"https:\/\/www.cortijosreyfini.com\/es\/wp-json\/wp\/v2\/pages"}],"about":[{"href":"https:\/\/www.cortijosreyfini.com\/es\/wp-json\/wp\/v2\/types\/page"}],"author":[{"embeddable":true,"href":"https:\/\/www.cortijosreyfini.com\/es\/wp-json\/wp\/v2\/users\/1"}],"replies":[{"embeddable":true,"href":"https:\/\/www.cortijosreyfini.com\/es\/wp-json\/wp\/v2\/comments?post=1160"}],"version-history":[{"count":1,"href":"https:\/\/www.cortijosreyfini.com\/es\/wp-json\/wp\/v2\/pages\/1160\/revisions"}],"predecessor-version":[{"id":1161,"href":"https:\/\/www.cortijosreyfini.com\/es\/wp-json\/wp\/v2\/pages\/1160\/revisions\/1161"}],"up":[{"embeddable":true,"href":"https:\/\/www.cortijosreyfini.com\/es\/wp-json\/wp\/v2\/pages\/1177"}],"wp:attachment":[{"href":"https:\/\/www.cortijosreyfini.com\/es\/wp-json\/wp\/v2\/media?parent=1160"}],"curies":[{"name":"wp","href":"https:\/\/api.w.org\/{rel}","templated":true}]}}

<div class="par_con">
<p><strong>Capileira</strong></p>
</div>
<div class="par_con">
<p>Hay una amplia variedad de bares y restaurantes para elegir en Capileira &#8211; recomendamos los que conocemos.</p>
</div>
<div class="par_con">
<p>Un lugar encantador para sentarse y tomar una copa es los jardines del <em>Hotel Barranco de Poqueira</em> a cargo de nuestros amigos Paco y Pepe los gemelos. Encontrará el hotel a su izquierda a medida que circula en Capileira y los jardines son un poco más allá y por debajo del hotel. También ofrecen comida a la parrilla ó barbacoa aquí si tienes hambre.</p>
</div>
<div class="par_con">
<p>Hay una buena pizzería en Capileira llamado <em>Calvario</em> situado en una pequeña plaza llamada <em>Plaza del Calvario.</em></p>
</div>
<div class="par_con">
<p>Otro buen lugar para comer es <em>El Asador,</em> que se encuentra en la calle principal en Capileira a su derecha mientras conduce hasta la colina. Esto es muy recomendable para los platos de carne y pescado bien cocidos sabrosos.</p>
</div>
<div class="par_con">
<p><em>Casa de Pilar y Paco López,</em> el último restaurante a la derecha subiendo por la colina en la carretera principal cuenta con excelentes vistas y en el calor de la temporada es muy recomendable, con su bonito jardín y terraza.</p>
</div>
<div class="par_con">
<p>Por supuesto, hay muchos más restaurantes y bares en Capileira, es un lugar interesante y hermoso para pasear y descubrir tesoros ocultos.</p>
</div>
<div class="par_con">
<p><strong>Bubión</strong></p>
</div>
<div class="par_con">
<p>Al pasear por Bubión a pie descubrirá pequeños bares escondidos por callejones, pero en la calle principal del pueblo está <em>el Teide</em> que es ideal para tomar una copa con tapas y comida tradicional alpujarreña.</p>
</div>
<div class="par_con">
<p><strong>Pampaneira</strong></p>
</div>
<div class="par_con">
<p>Hay numerosos bares y restaurantes que salpican las calles y callejones de Pampaneira y nunca encuentras demasiado lejos de un bar o un lugar para comer. Escondido en una de las callejuelas está<em>Bodega Asador «El Lagar»,</em> que cuenta con un horno de leña para pizzas, etc.</p>
</div>

<p>Capileira Hay una amplia variedad de bares y restaurantes para elegir en Capileira &#8211; recomendamos los que conocemos. Un lugar encantador para sentarse y tomar una copa es los jardines del Hotel Barranco de Poqueira a cargo de nuestros amigos Paco y Pepe los gemelos. Encontrará el hotel a su izquierda a medida que circula en Capileira y &hellip; <a href="https://www.cortijosreyfini.com/es/gastronomy/local-restaurants/capileira-bubion-and-pampaneira/" class="more-link">Continue reading <span class="screen-reader-text">Capileira, Bubion and Pampaneira</span></a></p>
