{"id":1111,"date":"2016-04-25T09:24:51","date_gmt":"2016-04-25T09:24:51","guid":{"rendered":"http:\/\/wegetcreative.co.uk\/crf\/?page_id=1111&#038;lang=es"},"modified":"2016-04-25T09:24:51","modified_gmt":"2016-04-25T09:24:51","slug":"o-sel-ling-centro-budista","status":"publish","type":"page","link":"https:\/\/www.cortijosreyfini.com\/es\/things-to-do\/activities\/walks-and-hikes\/o-sel-ling-centro-budista\/","title":{"rendered":"O Sel Ling Centro Budista"},"content":{"rendered":"<div class=\"par_con\">\n<figure id=\"attachment_496\" aria-describedby=\"caption-attachment-496\" style=\"width: 437px\" class=\"wp-caption alignnone\"><img loading=\"lazy\" class=\"size-medium wp-image-496\" src=\"http:\/\/www.cortijosreyfini.com\/wp-content\/uploads\/2016\/04\/5-Welcome-to-the-centre-437x437.jpg\" alt=\"Welcome to the centre\" width=\"437\" height=\"201\" \/><figcaption id=\"caption-attachment-496\" class=\"wp-caption-text\">Welcome to the centre<\/figcaption><\/figure>\n<div class=\"par_con\">\n<p>Un lugar interesante y hermoso para visitar es el centro O Sel Ling budista que en 1600 cuenta con impresionantes vistas sobre el valle de Poqueira y m\u00e1s all\u00e1. El nombre dado al centro por el Dalai Lama en 1982 significa \u00abLugar de Luz Clara\u00bb y es visitado por gente de todo el mundo. O Sel Ling es uno de los veinte centros de ense\u00f1anza budistas que existen en Espa\u00f1a. El espacio se compone de 30 caba\u00f1as individuales a los que aquellos que deseen encuentran ir a meditar o simplemente por la paz y la tranquilidad, se dice que las personas que han pasado por aqu\u00ed han dejado atr\u00e1s una atm\u00f3sfera especial que le da la paz a los que visitan .<\/p>\n<\/div>\n<\/div>\n<div class=\"par_con\">\n<figure id=\"attachment_492\" aria-describedby=\"caption-attachment-492\" style=\"width: 437px\" class=\"wp-caption alignnone\"><img loading=\"lazy\" class=\"size-medium wp-image-492\" src=\"http:\/\/www.cortijosreyfini.com\/wp-content\/uploads\/2016\/04\/1-The-view-across-the-mouatains-towards-Orgiva-437x437.jpg\" alt=\"The view across the mouatains towards Orgiva\" width=\"437\" height=\"201\" \/><figcaption id=\"caption-attachment-492\" class=\"wp-caption-text\">The view across the mouatains towards Orgiva<\/figcaption><\/figure>\n<div class=\"par_con\">\n<p>Para llegar all\u00ed tienes que conducir hacia Pampaneira. Poco despu\u00e9s se llega a Padre Eterno, una capilla y santuario en el lado izquierdo de la carretera con espacio para aparcar.<br \/>\nSe puede aparcar el coche aqu\u00ed y subir por las monta\u00f1as del centro. Deje pasar cuatro horas de caminata en ambos sentidos. O, alternativamente, se puede conducir. Justo enfrente de la capilla hay un camino forestal o \u00e1spero camino que se toma y mantener la circulaci\u00f3n por arriba hasta que encuentre una se\u00f1al de O Sel Ling a la derecha. Se trata de un camino de tierra que usted sigue hasta que vea las se\u00f1ales para los visitantes y espacio de estacionamiento.<\/p>\n<\/div>\n<\/div>\n<div class=\"par_con\">\n<figure id=\"attachment_494\" aria-describedby=\"caption-attachment-494\" style=\"width: 437px\" class=\"wp-caption alignnone\"><img loading=\"lazy\" class=\"size-medium wp-image-494\" src=\"http:\/\/www.cortijosreyfini.com\/wp-content\/uploads\/2016\/04\/3-Our-children-Nina-and-Leo-having-a-peaceful-time-437x437.jpg\" alt=\"Our children Nina and Leo having a peaceful time\" width=\"437\" height=\"201\" \/><figcaption id=\"caption-attachment-494\" class=\"wp-caption-text\">Our children Nina and Leo having a peaceful time<\/figcaption><\/figure>\n<div class=\"par_con\">\n<div class=\"par_con\">\n<p>Aceptan visitantes 03:30-6 p.m. cuando la recepci\u00f3n est\u00e1 abierta. Durante otros momentos est\u00e1n meditando o ocupado haciendo su trabajo. Si usted va despu\u00e9s de 18:00 a continuaci\u00f3n se puede subir suavemente y en silencio hasta llegar a la estatua de Tara, con vistas impresionantes y un ambiente tranquilo, con un derecho estanque de lirios en la parte superior.<\/p>\n<\/div>\n<div class=\"par_con\">\n<p>Para obtener m\u00e1s informaci\u00f3n, visite nuestra p\u00e1gina de enlaces<\/p>\n<\/div>\n<\/div>\n<\/div>\n","protected":false},"excerpt":{"rendered":"<p>Un lugar interesante y hermoso para visitar es el centro O Sel Ling budista que en 1600 cuenta con impresionantes vistas sobre el valle de Poqueira y m\u00e1s all\u00e1. El nombre dado al centro por el Dalai Lama en 1982 significa \u00abLugar de Luz Clara\u00bb y es visitado por gente de todo el mundo. O &hellip; <a href=\"https:\/\/www.cortijosreyfini.com\/es\/things-to-do\/activities\/walks-and-hikes\/o-sel-ling-centro-budista\/\" class=\"more-link\">Continue reading <span class=\"screen-reader-text\">O Sel Ling Centro Budista<\/span><\/a><\/p>\n","protected":false},"author":1,"featured_media":0,"parent":1009,"menu_order":0,"comment_status":"closed","ping_status":"closed","template":"","meta":{"om_disable_all_campaigns":false,"_monsterinsights_skip_tracking":false,"_monsterinsights_sitenote_active":false,"_monsterinsights_sitenote_note":"","_monsterinsights_sitenote_category":0},"acf":[],"aioseo_notices":[],"_links":{"self":[{"href":"https:\/\/www.cortijosreyfini.com\/es\/wp-json\/wp\/v2\/pages\/1111"}],"collection":[{"href":"https:\/\/www.cortijosreyfini.com\/es\/wp-json\/wp\/v2\/pages"}],"about":[{"href":"https:\/\/www.cortijosreyfini.com\/es\/wp-json\/wp\/v2\/types\/page"}],"author":[{"embeddable":true,"href":"https:\/\/www.cortijosreyfini.com\/es\/wp-json\/wp\/v2\/users\/1"}],"replies":[{"embeddable":true,"href":"https:\/\/www.cortijosreyfini.com\/es\/wp-json\/wp\/v2\/comments?post=1111"}],"version-history":[{"count":1,"href":"https:\/\/www.cortijosreyfini.com\/es\/wp-json\/wp\/v2\/pages\/1111\/revisions"}],"predecessor-version":[{"id":1112,"href":"https:\/\/www.cortijosreyfini.com\/es\/wp-json\/wp\/v2\/pages\/1111\/revisions\/1112"}],"up":[{"embeddable":true,"href":"https:\/\/www.cortijosreyfini.com\/es\/wp-json\/wp\/v2\/pages\/1009"}],"wp:attachment":[{"href":"https:\/\/www.cortijosreyfini.com\/es\/wp-json\/wp\/v2\/media?parent=1111"}],"curies":[{"name":"wp","href":"https:\/\/api.w.org\/{rel}","templated":true}]}}

<div class="par_con">
<figure id="attachment_496" aria-describedby="caption-attachment-496" style="width: 437px" class="wp-caption alignnone"><img loading="lazy" class="size-medium wp-image-496" src="http://www.cortijosreyfini.com/wp-content/uploads/2016/04/5-Welcome-to-the-centre-437x437.jpg" alt="Welcome to the centre" width="437" height="201" /><figcaption id="caption-attachment-496" class="wp-caption-text">Welcome to the centre</figcaption></figure>
<div class="par_con">
<p>Un lugar interesante y hermoso para visitar es el centro O Sel Ling budista que en 1600 cuenta con impresionantes vistas sobre el valle de Poqueira y más allá. El nombre dado al centro por el Dalai Lama en 1982 significa «Lugar de Luz Clara» y es visitado por gente de todo el mundo. O Sel Ling es uno de los veinte centros de enseñanza budistas que existen en España. El espacio se compone de 30 cabañas individuales a los que aquellos que deseen encuentran ir a meditar o simplemente por la paz y la tranquilidad, se dice que las personas que han pasado por aquí han dejado atrás una atmósfera especial que le da la paz a los que visitan .</p>
</div>
</div>
<div class="par_con">
<figure id="attachment_492" aria-describedby="caption-attachment-492" style="width: 437px" class="wp-caption alignnone"><img loading="lazy" class="size-medium wp-image-492" src="http://www.cortijosreyfini.com/wp-content/uploads/2016/04/1-The-view-across-the-mouatains-towards-Orgiva-437x437.jpg" alt="The view across the mouatains towards Orgiva" width="437" height="201" /><figcaption id="caption-attachment-492" class="wp-caption-text">The view across the mouatains towards Orgiva</figcaption></figure>
<div class="par_con">
<p>Para llegar allí tienes que conducir hacia Pampaneira. Poco después se llega a Padre Eterno, una capilla y santuario en el lado izquierdo de la carretera con espacio para aparcar.<br />
Se puede aparcar el coche aquí y subir por las montañas del centro. Deje pasar cuatro horas de caminata en ambos sentidos. O, alternativamente, se puede conducir. Justo enfrente de la capilla hay un camino forestal o áspero camino que se toma y mantener la circulación por arriba hasta que encuentre una señal de O Sel Ling a la derecha. Se trata de un camino de tierra que usted sigue hasta que vea las señales para los visitantes y espacio de estacionamiento.</p>
</div>
</div>
<div class="par_con">
<figure id="attachment_494" aria-describedby="caption-attachment-494" style="width: 437px" class="wp-caption alignnone"><img loading="lazy" class="size-medium wp-image-494" src="http://www.cortijosreyfini.com/wp-content/uploads/2016/04/3-Our-children-Nina-and-Leo-having-a-peaceful-time-437x437.jpg" alt="Our children Nina and Leo having a peaceful time" width="437" height="201" /><figcaption id="caption-attachment-494" class="wp-caption-text">Our children Nina and Leo having a peaceful time</figcaption></figure>
<div class="par_con">
<div class="par_con">
<p>Aceptan visitantes 03:30-6 p.m. cuando la recepción está abierta. Durante otros momentos están meditando o ocupado haciendo su trabajo. Si usted va después de 18:00 a continuación se puede subir suavemente y en silencio hasta llegar a la estatua de Tara, con vistas impresionantes y un ambiente tranquilo, con un derecho estanque de lirios en la parte superior.</p>
</div>
<div class="par_con">
<p>Para obtener más información, visite nuestra página de enlaces</p>
</div>
</div>
</div>

<p>Un lugar interesante y hermoso para visitar es el centro O Sel Ling budista que en 1600 cuenta con impresionantes vistas sobre el valle de Poqueira y más allá. El nombre dado al centro por el Dalai Lama en 1982 significa «Lugar de Luz Clara» y es visitado por gente de todo el mundo. O &hellip; <a href="https://www.cortijosreyfini.com/es/things-to-do/activities/walks-and-hikes/o-sel-ling-centro-budista/" class="more-link">Continue reading <span class="screen-reader-text">O Sel Ling Centro Budista</span></a></p>
