{"id":1083,"date":"2016-04-25T09:03:27","date_gmt":"2016-04-25T09:03:27","guid":{"rendered":"http:\/\/wegetcreative.co.uk\/crf\/?page_id=1083&#038;lang=es"},"modified":"2016-04-25T09:03:27","modified_gmt":"2016-04-25T09:03:27","slug":"capilerilla-to-capeleira","status":"publish","type":"page","link":"https:\/\/www.cortijosreyfini.com\/es\/things-to-do\/activities\/walks-and-hikes\/capilerilla-to-capeleira\/","title":{"rendered":"Capilerilla to Capeleira"},"content":{"rendered":"<div class=\"par_con\">\n<p><strong>Capilerilla al principio de Capileira, Bubi\u00f3n y Pampaneira: (permitir que dos horas)<\/strong><\/p>\n<\/div>\n<div class=\"par_con\">\nEstos 2 nombres se confunden a menudo. Capilerilla es el peque\u00f1o pueblo despu\u00e9s de Busqu\u00edstar y justo antes de Pitres. Se trata de un paseo tranquilo y es bueno para las familias con ni\u00f1os peque\u00f1os, pero usted debe tomar agua con usted.<\/p>\n<\/div>\n<div class=\"par_con\">\n<p>Salida hacia el pueblo de Capilerilla y aparcar el coche siempre que sea posible en el pueblo. Hay un camino que te lleva todo el camino a lo alto de los tres pueblos de Capileira, Bubi\u00f3n y Pampaneira. El camino est\u00e1 se\u00f1alizado. Se pasa por el bosque y tiene unas incre\u00edbles vistas de Capileira. Si no lo encuentra en el inicio pedirle a la gente en el pueblo por el camino.<\/p>\n<\/div>\n<div class=\"par_con\">\n<p>Cuando ves a los pueblos debajo de usted tiene dos opciones, o bien regresar a su base donde lo dej\u00f3 su coche o continuar hasta Capileira, Bubi\u00f3n y Pampaneira. Si decide continuar, entonces puede pensar en conseguir un taxi para volver o parte de su equipo que no quieren caminar podr\u00eda recogerlo en Capileira (buen punto de recogida est\u00e1 fuera de la oficina de turismo en Capileira).<\/p>\n<\/div>\n","protected":false},"excerpt":{"rendered":"<p>Capilerilla al principio de Capileira, Bubi\u00f3n y Pampaneira: (permitir que dos horas) Estos 2 nombres se confunden a menudo. Capilerilla es el peque\u00f1o pueblo despu\u00e9s de Busqu\u00edstar y justo antes de Pitres. Se trata de un paseo tranquilo y es bueno para las familias con ni\u00f1os peque\u00f1os, pero usted debe tomar agua con usted. Salida &hellip; <a href=\"https:\/\/www.cortijosreyfini.com\/es\/things-to-do\/activities\/walks-and-hikes\/capilerilla-to-capeleira\/\" class=\"more-link\">Continue reading <span class=\"screen-reader-text\">Capilerilla to Capeleira<\/span><\/a><\/p>\n","protected":false},"author":1,"featured_media":0,"parent":1009,"menu_order":0,"comment_status":"closed","ping_status":"closed","template":"","meta":{"om_disable_all_campaigns":false,"_monsterinsights_skip_tracking":false,"_monsterinsights_sitenote_active":false,"_monsterinsights_sitenote_note":"","_monsterinsights_sitenote_category":0},"acf":[],"aioseo_notices":[],"_links":{"self":[{"href":"https:\/\/www.cortijosreyfini.com\/es\/wp-json\/wp\/v2\/pages\/1083"}],"collection":[{"href":"https:\/\/www.cortijosreyfini.com\/es\/wp-json\/wp\/v2\/pages"}],"about":[{"href":"https:\/\/www.cortijosreyfini.com\/es\/wp-json\/wp\/v2\/types\/page"}],"author":[{"embeddable":true,"href":"https:\/\/www.cortijosreyfini.com\/es\/wp-json\/wp\/v2\/users\/1"}],"replies":[{"embeddable":true,"href":"https:\/\/www.cortijosreyfini.com\/es\/wp-json\/wp\/v2\/comments?post=1083"}],"version-history":[{"count":1,"href":"https:\/\/www.cortijosreyfini.com\/es\/wp-json\/wp\/v2\/pages\/1083\/revisions"}],"predecessor-version":[{"id":1084,"href":"https:\/\/www.cortijosreyfini.com\/es\/wp-json\/wp\/v2\/pages\/1083\/revisions\/1084"}],"up":[{"embeddable":true,"href":"https:\/\/www.cortijosreyfini.com\/es\/wp-json\/wp\/v2\/pages\/1009"}],"wp:attachment":[{"href":"https:\/\/www.cortijosreyfini.com\/es\/wp-json\/wp\/v2\/media?parent=1083"}],"curies":[{"name":"wp","href":"https:\/\/api.w.org\/{rel}","templated":true}]}}

<div class="par_con">
<p><strong>Capilerilla al principio de Capileira, Bubión y Pampaneira: (permitir que dos horas)</strong></p>
</div>
<div class="par_con">
Estos 2 nombres se confunden a menudo. Capilerilla es el pequeño pueblo después de Busquístar y justo antes de Pitres. Se trata de un paseo tranquilo y es bueno para las familias con niños pequeños, pero usted debe tomar agua con usted.</p>
</div>
<div class="par_con">
<p>Salida hacia el pueblo de Capilerilla y aparcar el coche siempre que sea posible en el pueblo. Hay un camino que te lleva todo el camino a lo alto de los tres pueblos de Capileira, Bubión y Pampaneira. El camino está señalizado. Se pasa por el bosque y tiene unas increíbles vistas de Capileira. Si no lo encuentra en el inicio pedirle a la gente en el pueblo por el camino.</p>
</div>
<div class="par_con">
<p>Cuando ves a los pueblos debajo de usted tiene dos opciones, o bien regresar a su base donde lo dejó su coche o continuar hasta Capileira, Bubión y Pampaneira. Si decide continuar, entonces puede pensar en conseguir un taxi para volver o parte de su equipo que no quieren caminar podría recogerlo en Capileira (buen punto de recogida está fuera de la oficina de turismo en Capileira).</p>
</div>

<p>Capilerilla al principio de Capileira, Bubión y Pampaneira: (permitir que dos horas) Estos 2 nombres se confunden a menudo. Capilerilla es el pequeño pueblo después de Busquístar y justo antes de Pitres. Se trata de un paseo tranquilo y es bueno para las familias con niños pequeños, pero usted debe tomar agua con usted. Salida &hellip; <a href="https://www.cortijosreyfini.com/es/things-to-do/activities/walks-and-hikes/capilerilla-to-capeleira/" class="more-link">Continue reading <span class="screen-reader-text">Capilerilla to Capeleira</span></a></p>
