{"id":1074,"date":"2016-04-25T08:48:17","date_gmt":"2016-04-25T08:48:17","guid":{"rendered":"http:\/\/wegetcreative.co.uk\/crf\/?page_id=1074&#038;lang=es"},"modified":"2016-04-25T08:48:17","modified_gmt":"2016-04-25T08:48:17","slug":"capileira-to-veleta","status":"publish","type":"page","link":"https:\/\/www.cortijosreyfini.com\/es\/things-to-do\/activities\/walks-and-hikes\/capileira-to-veleta\/","title":{"rendered":"Capileira to Veleta"},"content":{"rendered":"<div class=\"par_con\">\n<p><strong>Desde Capileira (1436m) a El Veleta (3394m) a trav\u00e9s de Loma Pua.<\/strong><\/p>\n<figure id=\"attachment_448\" aria-describedby=\"caption-attachment-448\" style=\"width: 437px\" class=\"wp-caption alignnone\"><img loading=\"lazy\" class=\"size-medium wp-image-448\" src=\"http:\/\/www.cortijosreyfini.com\/wp-content\/uploads\/2016\/04\/1-View-of-La-Veleta-3394-m-from-Mulhacen-3482-m-437x437.jpg\" alt=\"View of La Veleta 3394 m from Mulhacen 3482 m\" width=\"437\" height=\"437\" srcset=\"https:\/\/www.cortijosreyfini.com\/wp-content\/uploads\/2016\/04\/1-View-of-La-Veleta-3394-m-from-Mulhacen-3482-m-437x437.jpg 437w, https:\/\/www.cortijosreyfini.com\/wp-content\/uploads\/2016\/04\/1-View-of-La-Veleta-3394-m-from-Mulhacen-3482-m-150x150.jpg 150w\" sizes=\"( max-width: 768px ) 100vw, ( min-width: 768px ) and ( max-width: 992px ) 50vw, 437px\" \/><figcaption id=\"caption-attachment-448\" class=\"wp-caption-text\">View of La Veleta 3394 m from Mulhacen 3482 m<\/figcaption><\/figure>\n<div class=\"par_con\">\n<p>Dejando Capileira, dirigirse hacia el r\u00edo Poqueira y cruzar al Puente Buchite. Tome el camino a La Cebadilla (1 hora). Cebadilla tambi\u00e9n se puede llegar en coche, siguiendo la carretera de Capileira hacia El Veleta, va a la izquierda despu\u00e9s de un centro de equitaci\u00f3n (Picadero de Caballos). Una vez pasada la Central Electrica del Poqueira, y las tuber\u00edas procedentes de las (c\u00e1maras de carga) Camara de Carga, cruzar el r\u00edo por el Puente Naute y comenzar el ascenso exigente de la colina hasta llegar a la C\u00e1mara de Carga (1 hora). Continuar subiendo por la cresta de Loma Pua, repasando el Pico del Sabinar (2995m) (2 1\/2 horas). Mantener los Tajos del Tesoro en su mano derecha, se llega a La Cariguela, sin pasarse de la parte superior de la Punta de la Loma Pua. A partir de aqu\u00ed seguir el camino a Capileira. Despu\u00e9s de aproximadamente una hora pasar\u00e1 el refugio de la Carihuela a la derecha, luego subir la cresta para llegar a la cumbre del Veleta (30 minutos).<\/p>\n<\/div>\n<\/div>\n<div class=\"par_con\"><\/div>\n","protected":false},"excerpt":{"rendered":"<p>Desde Capileira (1436m) a El Veleta (3394m) a trav\u00e9s de Loma Pua. Dejando Capileira, dirigirse hacia el r\u00edo Poqueira y cruzar al Puente Buchite. Tome el camino a La Cebadilla (1 hora). Cebadilla tambi\u00e9n se puede llegar en coche, siguiendo la carretera de Capileira hacia El Veleta, va a la izquierda despu\u00e9s de un centro &hellip; <a href=\"https:\/\/www.cortijosreyfini.com\/es\/things-to-do\/activities\/walks-and-hikes\/capileira-to-veleta\/\" class=\"more-link\">Continue reading <span class=\"screen-reader-text\">Capileira to Veleta<\/span><\/a><\/p>\n","protected":false},"author":1,"featured_media":0,"parent":1009,"menu_order":0,"comment_status":"closed","ping_status":"closed","template":"","meta":{"om_disable_all_campaigns":false,"_monsterinsights_skip_tracking":false,"_monsterinsights_sitenote_active":false,"_monsterinsights_sitenote_note":"","_monsterinsights_sitenote_category":0},"acf":[],"aioseo_notices":[],"_links":{"self":[{"href":"https:\/\/www.cortijosreyfini.com\/es\/wp-json\/wp\/v2\/pages\/1074"}],"collection":[{"href":"https:\/\/www.cortijosreyfini.com\/es\/wp-json\/wp\/v2\/pages"}],"about":[{"href":"https:\/\/www.cortijosreyfini.com\/es\/wp-json\/wp\/v2\/types\/page"}],"author":[{"embeddable":true,"href":"https:\/\/www.cortijosreyfini.com\/es\/wp-json\/wp\/v2\/users\/1"}],"replies":[{"embeddable":true,"href":"https:\/\/www.cortijosreyfini.com\/es\/wp-json\/wp\/v2\/comments?post=1074"}],"version-history":[{"count":1,"href":"https:\/\/www.cortijosreyfini.com\/es\/wp-json\/wp\/v2\/pages\/1074\/revisions"}],"predecessor-version":[{"id":1075,"href":"https:\/\/www.cortijosreyfini.com\/es\/wp-json\/wp\/v2\/pages\/1074\/revisions\/1075"}],"up":[{"embeddable":true,"href":"https:\/\/www.cortijosreyfini.com\/es\/wp-json\/wp\/v2\/pages\/1009"}],"wp:attachment":[{"href":"https:\/\/www.cortijosreyfini.com\/es\/wp-json\/wp\/v2\/media?parent=1074"}],"curies":[{"name":"wp","href":"https:\/\/api.w.org\/{rel}","templated":true}]}}

<div class="par_con">
<p><strong>Desde Capileira (1436m) a El Veleta (3394m) a través de Loma Pua.</strong></p>
<figure id="attachment_448" aria-describedby="caption-attachment-448" style="width: 437px" class="wp-caption alignnone"><img loading="lazy" class="size-medium wp-image-448" src="http://www.cortijosreyfini.com/wp-content/uploads/2016/04/1-View-of-La-Veleta-3394-m-from-Mulhacen-3482-m-437x437.jpg" alt="View of La Veleta 3394 m from Mulhacen 3482 m" width="437" height="437" srcset="https://www.cortijosreyfini.com/wp-content/uploads/2016/04/1-View-of-La-Veleta-3394-m-from-Mulhacen-3482-m-437x437.jpg 437w, https://www.cortijosreyfini.com/wp-content/uploads/2016/04/1-View-of-La-Veleta-3394-m-from-Mulhacen-3482-m-150x150.jpg 150w" sizes="( max-width: 768px ) 100vw, ( min-width: 768px ) and ( max-width: 992px ) 50vw, 437px" /><figcaption id="caption-attachment-448" class="wp-caption-text">View of La Veleta 3394 m from Mulhacen 3482 m</figcaption></figure>
<div class="par_con">
<p>Dejando Capileira, dirigirse hacia el río Poqueira y cruzar al Puente Buchite. Tome el camino a La Cebadilla (1 hora). Cebadilla también se puede llegar en coche, siguiendo la carretera de Capileira hacia El Veleta, va a la izquierda después de un centro de equitación (Picadero de Caballos). Una vez pasada la Central Electrica del Poqueira, y las tuberías procedentes de las (cámaras de carga) Camara de Carga, cruzar el río por el Puente Naute y comenzar el ascenso exigente de la colina hasta llegar a la Cámara de Carga (1 hora). Continuar subiendo por la cresta de Loma Pua, repasando el Pico del Sabinar (2995m) (2 1/2 horas). Mantener los Tajos del Tesoro en su mano derecha, se llega a La Cariguela, sin pasarse de la parte superior de la Punta de la Loma Pua. A partir de aquí seguir el camino a Capileira. Después de aproximadamente una hora pasará el refugio de la Carihuela a la derecha, luego subir la cresta para llegar a la cumbre del Veleta (30 minutos).</p>
</div>
</div>
<div class="par_con"></div>

<p>Desde Capileira (1436m) a El Veleta (3394m) a través de Loma Pua. Dejando Capileira, dirigirse hacia el río Poqueira y cruzar al Puente Buchite. Tome el camino a La Cebadilla (1 hora). Cebadilla también se puede llegar en coche, siguiendo la carretera de Capileira hacia El Veleta, va a la izquierda después de un centro &hellip; <a href="https://www.cortijosreyfini.com/es/things-to-do/activities/walks-and-hikes/capileira-to-veleta/" class="more-link">Continue reading <span class="screen-reader-text">Capileira to Veleta</span></a></p>
