{"id":1067,"date":"2016-04-22T15:29:10","date_gmt":"2016-04-22T15:29:10","guid":{"rendered":"http:\/\/wegetcreative.co.uk\/crf\/?page_id=1067&#038;lang=es"},"modified":"2016-04-22T15:29:10","modified_gmt":"2016-04-22T15:29:10","slug":"capileira-to-refugio-poquiera","status":"publish","type":"page","link":"https:\/\/www.cortijosreyfini.com\/es\/things-to-do\/activities\/walks-and-hikes\/capileira-to-refugio-poquiera\/","title":{"rendered":"Capileira to Refugio Poquiera"},"content":{"rendered":"<div class=\"par_con\">\n<p><strong>Desde Capileira (1436m) al Refugio del Poqueira (2500m)<\/strong><\/p>\n<figure id=\"attachment_466\" aria-describedby=\"caption-attachment-466\" style=\"width: 437px\" class=\"wp-caption alignnone\"><img loading=\"lazy\" class=\"size-medium wp-image-466\" src=\"http:\/\/www.cortijosreyfini.com\/wp-content\/uploads\/2016\/04\/15-This-is-where-you-leave-your-car-and-start-to-walk-1-437x437.jpg\" alt=\"This is where you leave your car and start to walk\" width=\"437\" height=\"437\" srcset=\"https:\/\/www.cortijosreyfini.com\/wp-content\/uploads\/2016\/04\/15-This-is-where-you-leave-your-car-and-start-to-walk-1-437x437.jpg 437w, https:\/\/www.cortijosreyfini.com\/wp-content\/uploads\/2016\/04\/15-This-is-where-you-leave-your-car-and-start-to-walk-1-150x150.jpg 150w\" sizes=\"( max-width: 768px ) 100vw, ( min-width: 768px ) and ( max-width: 992px ) 50vw, 437px\" \/><figcaption id=\"caption-attachment-466\" class=\"wp-caption-text\">This is where you leave your car and start to walk<\/figcaption><\/figure>\n<\/div>\n<div class=\"par_con\">\n<div class=\"par_con\">\n<p>(A) Tomar sendero 3 (ruta 3) del Poqueira a la Acequias Baja y Alta. Siga la Acequia Alta, hasta por debajo de la Pe\u00f1a de Juan Alonso. Camine por el lado derecho de la \u00faltima barranco al Refugio. (Tiempo 3 horas)<br \/>\n(B) Tome cualquiera de los senderos del Poqueira a La Cebadilla. Cruce el Puente Naute otro lado del r\u00edo y recoger el camino que conduce m\u00e1s all\u00e1 del Cortijo Blanco a la Hoya del Capit\u00e1n. Sube por la parte derecha del Barranco a trav\u00e9s de la Acequia Baja y luego el Alta. Deja el camino y caminar por el lado derecho del barranco al Refugio (Tiempo: 3 horas).<br \/>\n(C) Unidad de Capileira a lo largo de la pista de asfalto (que se convierte en una pista de tierra) a la Hoya del Portillo, donde los veh\u00edculos no autorizados tienen que parar. Caminar por la pista que pasa en el lado izquierdo de la pista hacia el R\u00edo Bermejo. Sigue a la siguiente curva, por un cortafuegos. Tome el camino junto a la Acequia Alta, lo que conduce a otra pista en la Hoya del Le\u00f3n. Hay un camino muy bien marcado entre la Acequia Alta y Baja que se toma al sendero 3 del Poqueira. Sigue este para llegar al refugio. (Tiempo: 2 \u00be horas de la Hoya del Portillo).<\/p>\n<\/div>\n<\/div>\n","protected":false},"excerpt":{"rendered":"<p>Desde Capileira (1436m) al Refugio del Poqueira (2500m) (A) Tomar sendero 3 (ruta 3) del Poqueira a la Acequias Baja y Alta. Siga la Acequia Alta, hasta por debajo de la Pe\u00f1a de Juan Alonso. Camine por el lado derecho de la \u00faltima barranco al Refugio. (Tiempo 3 horas) (B) Tome cualquiera de los senderos &hellip; <a href=\"https:\/\/www.cortijosreyfini.com\/es\/things-to-do\/activities\/walks-and-hikes\/capileira-to-refugio-poquiera\/\" class=\"more-link\">Continue reading <span class=\"screen-reader-text\">Capileira to Refugio Poquiera<\/span><\/a><\/p>\n","protected":false},"author":1,"featured_media":0,"parent":1009,"menu_order":0,"comment_status":"closed","ping_status":"closed","template":"","meta":{"om_disable_all_campaigns":false,"_monsterinsights_skip_tracking":false,"_monsterinsights_sitenote_active":false,"_monsterinsights_sitenote_note":"","_monsterinsights_sitenote_category":0},"acf":[],"aioseo_notices":[],"_links":{"self":[{"href":"https:\/\/www.cortijosreyfini.com\/es\/wp-json\/wp\/v2\/pages\/1067"}],"collection":[{"href":"https:\/\/www.cortijosreyfini.com\/es\/wp-json\/wp\/v2\/pages"}],"about":[{"href":"https:\/\/www.cortijosreyfini.com\/es\/wp-json\/wp\/v2\/types\/page"}],"author":[{"embeddable":true,"href":"https:\/\/www.cortijosreyfini.com\/es\/wp-json\/wp\/v2\/users\/1"}],"replies":[{"embeddable":true,"href":"https:\/\/www.cortijosreyfini.com\/es\/wp-json\/wp\/v2\/comments?post=1067"}],"version-history":[{"count":1,"href":"https:\/\/www.cortijosreyfini.com\/es\/wp-json\/wp\/v2\/pages\/1067\/revisions"}],"predecessor-version":[{"id":1068,"href":"https:\/\/www.cortijosreyfini.com\/es\/wp-json\/wp\/v2\/pages\/1067\/revisions\/1068"}],"up":[{"embeddable":true,"href":"https:\/\/www.cortijosreyfini.com\/es\/wp-json\/wp\/v2\/pages\/1009"}],"wp:attachment":[{"href":"https:\/\/www.cortijosreyfini.com\/es\/wp-json\/wp\/v2\/media?parent=1067"}],"curies":[{"name":"wp","href":"https:\/\/api.w.org\/{rel}","templated":true}]}}

<div class="par_con">
<p><strong>Desde Capileira (1436m) al Refugio del Poqueira (2500m)</strong></p>
<figure id="attachment_466" aria-describedby="caption-attachment-466" style="width: 437px" class="wp-caption alignnone"><img loading="lazy" class="size-medium wp-image-466" src="http://www.cortijosreyfini.com/wp-content/uploads/2016/04/15-This-is-where-you-leave-your-car-and-start-to-walk-1-437x437.jpg" alt="This is where you leave your car and start to walk" width="437" height="437" srcset="https://www.cortijosreyfini.com/wp-content/uploads/2016/04/15-This-is-where-you-leave-your-car-and-start-to-walk-1-437x437.jpg 437w, https://www.cortijosreyfini.com/wp-content/uploads/2016/04/15-This-is-where-you-leave-your-car-and-start-to-walk-1-150x150.jpg 150w" sizes="( max-width: 768px ) 100vw, ( min-width: 768px ) and ( max-width: 992px ) 50vw, 437px" /><figcaption id="caption-attachment-466" class="wp-caption-text">This is where you leave your car and start to walk</figcaption></figure>
</div>
<div class="par_con">
<div class="par_con">
<p>(A) Tomar sendero 3 (ruta 3) del Poqueira a la Acequias Baja y Alta. Siga la Acequia Alta, hasta por debajo de la Peña de Juan Alonso. Camine por el lado derecho de la última barranco al Refugio. (Tiempo 3 horas)<br />
(B) Tome cualquiera de los senderos del Poqueira a La Cebadilla. Cruce el Puente Naute otro lado del río y recoger el camino que conduce más allá del Cortijo Blanco a la Hoya del Capitán. Sube por la parte derecha del Barranco a través de la Acequia Baja y luego el Alta. Deja el camino y caminar por el lado derecho del barranco al Refugio (Tiempo: 3 horas).<br />
(C) Unidad de Capileira a lo largo de la pista de asfalto (que se convierte en una pista de tierra) a la Hoya del Portillo, donde los vehículos no autorizados tienen que parar. Caminar por la pista que pasa en el lado izquierdo de la pista hacia el Río Bermejo. Sigue a la siguiente curva, por un cortafuegos. Tome el camino junto a la Acequia Alta, lo que conduce a otra pista en la Hoya del León. Hay un camino muy bien marcado entre la Acequia Alta y Baja que se toma al sendero 3 del Poqueira. Sigue este para llegar al refugio. (Tiempo: 2 ¾ horas de la Hoya del Portillo).</p>
</div>
</div>

<p>Desde Capileira (1436m) al Refugio del Poqueira (2500m) (A) Tomar sendero 3 (ruta 3) del Poqueira a la Acequias Baja y Alta. Siga la Acequia Alta, hasta por debajo de la Peña de Juan Alonso. Camine por el lado derecho de la última barranco al Refugio. (Tiempo 3 horas) (B) Tome cualquiera de los senderos &hellip; <a href="https://www.cortijosreyfini.com/es/things-to-do/activities/walks-and-hikes/capileira-to-refugio-poquiera/" class="more-link">Continue reading <span class="screen-reader-text">Capileira to Refugio Poquiera</span></a></p>
